000
CXUS52 KGSP 010817
CF6CLT
PRELIMINARY LOCAL CLIMATOLOGICAL DATA (WS FORM: F-6)
STATION: CHARLOTTE NC
MONTH: MARCH
YEAR: 2024
LATITUDE: 35 12 N
LONGITUDE: 80 57 W
TEMPERATURE IN F: :PCPN: SNOW: WIND :SUNSHINE: SKY :PK WND
================================================================================
1 2 3 4 5 6A 6B 7 8 9 10 11 12 13 14 15 16 17 18
12Z AVG MX 2MIN
DY MAX MIN AVG DEP HDD CDD WTR SNW DPTH SPD SPD DIR MIN PSBL S-S WX SPD DR
================================================================================
1 47 40 44 -5 21 0 1.19 0.0 0 7.0 16 10 M M 10 1 23 10
2 66 43 55 6 10 0 0.02 0.0 0 5.1 13 340 M M 8 1 17 340
3 67 51 59 10 6 0 0.00 0.0 0 3.0 8 260 M M 7 12 11 160
4 73 46 60 10 5 0 0.00 0.0 0 4.9 14 60 M M 6 128 19 60
5 72 45 59 9 6 0 0.02 0.0 0 3.9 10 160 M M 6 18 17 200
6 61 56 59 9 6 0 0.56 0.0 0 6.8 14 60 M M 10 18 18 50
7 73 53 63 13 2 0 T 0.0 0 3.5 13 360 M M 7 12 18 360
8 62 54 58 7 7 0 0.01 0.0 0 7.5 14 130 M M 9 8 22 110
9 60 53 57 6 8 0 1.06 0.0 0 7.5 17 120 M M 10 1 24 120
10 61 42 52 1 13 0 0.00 0.0 0 12.0 25 330 M M 2 36 350
11 65 33 49 -2 16 0 0.00 0.0 0 6.4 15 220 M M 2 22 230
12 73 36 55 3 10 0 0.00 0.0 0 4.4 14 220 M M 2 8 17 200
13 76 43 60 8 5 0 0.00 0.0 0 3.2 14 210 M M 3 20 210
14 82 45 64 12 1 0 0.00 0.0 0 4.9 16 200 M M 1 8 24 180
15 66 56 61 9 4 0 0.55 0.0 0 6.9 14 220 M M 8 138 22 210
16 75 54 65 12 0 0 0.00 0.0 0 6.2 14 240 M M 5 128 20 220
17 74 50 62 9 3 0 T 0.0 0 7.5 16 210 M M 6 25 250
18 61 40 51 -2 14 0 0.00 0.0 0 11.3 24 340 M M 6 37 340
19 59 32 46 -7 19 0 0.00 0.0 0 9.6 20 330 M M 0 30 340
20 75 39 57 3 8 0 0.00 0.0 0 5.7 17 270 M M 1 25 250
21 73 45 59 5 6 0 0.00 0.0 0 4.7 12 120 M M 2 8 19 130
22 61 52 57 3 8 0 0.62 0.0 0 7.5 16 110 M M 10 1 22 100
23 69 44 57 3 8 0 0.42 0.0 0 10.2 23 360 M M 8 1 32 350
24 59 37 48 -7 17 0 0.00 0.0 0 9.8 20 40 M M 2 26 40
25 61 39 50 -5 15 0 0.00 0.0 0 8.2 16 60 M M 7 8 22 60
26 64 48 56 1 9 0 0.19 0.0 0 7.9 16 110 M M 10 138 21 110
27 57 48 53 -3 12 0 0.54 0.0 0 7.2 13 20 M M 10 1 18 20
28 69 45 57 1 8 0 T 0.0 0 9.6 21 310 M M 6 31 310
29 74 39 57 1 8 0 0.00 0.0 0 7.5 22 270 M M 1 34 300
30 78 44 61 5 4 0 0.00 0.0 0 8.5 24 230 M M 3 32 240
31 84 51 68 11 0 3 0.00 0.0 0 7.8 17 210 M M 3 25 220
================================================================================
SM 2097 1403 259 3 5.18 0.0 216.2 M 171
================================================================================
AV 67.6 45.3 7.0 FASTST M M 6 MAX(MPH)
MISC ----> 25 330 37 340
================================================================================
NOTES:
# LAST OF SEVERAL OCCURRENCES
COLUMN 17 PEAK WIND IN M.P.H.
PRELIMINARY LOCAL CLIMATOLOGICAL DATA (WS FORM: F-6) , PAGE 2
STATION: CHARLOTTE NC
MONTH: MARCH
YEAR: 2024
LATITUDE: 35 12 N
LONGITUDE: 80 57 W
[TEMPERATURE DATA] [PRECIPITATION DATA] SYMBOLS USED IN COLUMN 16
AVERAGE MONTHLY: 56.5 TOTAL FOR MONTH: 5.18 1 = FOG OR MIST
DPTR FM NORMAL: 3.8 DPTR FM NORMAL: 1.23 2 = FOG REDUCING VISIBILITY
HIGHEST: 84 ON 31 GRTST 24HR 1.21 ON 1- 2 TO 1/4 MILE OR LESS
LOWEST: 32 ON 19 3 = THUNDER
SNOW, ICE PELLETS, HAIL 4 = ICE PELLETS
TOTAL MONTH: 0.0 INCH 5 = HAIL
GRTST 24HR 0.0 6 = FREEZING RAIN OR DRIZZLE
GRTST DEPTH: 0 7 = DUSTSTORM OR SANDSTORM:
VSBY 1/2 MILE OR LESS
8 = SMOKE OR HAZE
[NO. OF DAYS WITH] [WEATHER - DAYS WITH] 9 = BLOWING SNOW
X = TORNADO
MAX 32 OR BELOW: 0 0.01 INCH OR MORE: 11
MAX 90 OR ABOVE: 0 0.10 INCH OR MORE: 8
MIN 32 OR BELOW: 1 0.50 INCH OR MORE: 6
MIN 0 OR BELOW: 0 1.00 INCH OR MORE: 2
[HDD (BASE 65) ]
TOTAL THIS MO. 259 CLEAR (SCALE 0-3) 11
DPTR FM NORMAL -133 PTCLDY (SCALE 4-7) 12
TOTAL FM JUL 1 2328 CLOUDY (SCALE 8-10) 8
DPTR FM NORMAL -527
[CDD (BASE 65) ]
TOTAL THIS MO. 3
DPTR FM NORMAL -7 [PRESSURE DATA]
TOTAL FM JAN 1 4 HIGHEST SLP 30.52 ON 1
DPTR FM NORMAL -8 LOWEST SLP 29.68 ON 23
[REMARKS]
#FINAL-03-24#