000
CXUS52 KGSP 010817
CF6CLT
PRELIMINARY LOCAL CLIMATOLOGICAL DATA (WS FORM: F-6)
STATION: CHARLOTTE NC
MONTH: APRIL
YEAR: 2021
LATITUDE: 35 12 N
LONGITUDE: 80 57 W
TEMPERATURE IN F: :PCPN: SNOW: WIND :SUNSHINE: SKY :PK WND
================================================================================
1 2 3 4 5 6A 6B 7 8 9 10 11 12 13 14 15 16 17 18
12Z AVG MX 2MIN
DY MAX MIN AVG DEP HDD CDD WTR SNW DPTH SPD SPD DIR MIN PSBL S-S WX SPD DR
================================================================================
1 57 36 47 -9 18 0 0.00 0.0 0 11.1 23 340 M M 4 32 310
2 54 32 43 -13 22 0 0.00 0.0 0 9.7 21 20 M M 0 29 360
3 60 26 43 -13 22 0 0.00 0.0 0 4.0 12 200 M M 1 16 210
4 76 36 56 0 9 0 0.00 0.0 0 3.5 14 220 M M 1 19 220
5 79 40 60 3 5 0 0.00 0.0 0 4.7 12 220 M M 1 21 50
6 83 44 64 7 1 0 0.00 0.0 0 3.8 12 200 M M 2 17 10
7 86 47 67 10 0 2 0.00 0.0 0 3.5 10 180 M M 3 18 15 170
8 79 56 68 10 0 3 T 0.0 0 6.6 18 170 M M 7 24 180
9 83 59 71 13 0 6 0.01 0.0 0 7.2 18 210 M M 7 13 25 210
10 73 59 66 8 0 1 0.40 0.0 0 9.9 25 170 M M 8 1 30 170
11 76 59 68 10 0 3 0.00 0.0 0 10.7 22 230 M M 4 30 240
12 83 46 65 7 0 0 0.00 0.0 0 6.7 20 280 M M 1 26 280
13 79 54 67 8 0 2 0.00 0.0 0 4.2 18 350 M M 7 21 360
14 83 50 67 8 0 2 T 0.0 0 6.2 17 220 M M 5 21 220
15 72 51 62 3 3 0 T 0.0 0 7.3 16 330 M M 5 21 330
16 69 37 53 -7 12 0 0.00 0.0 0 4.4 12 240 M M 5 18 350
17 71 49 60 0 5 0 0.00 0.0 0 5.6 12 200 M M 4 8 20 70
18 74 50 62 2 3 0 0.00 0.0 0 5.3 15 30 M M 5 21 60
19 72 46 59 -1 6 0 0.00 0.0 0 6.8 18 20 M M 4 26 50
20 76 42 59 -2 6 0 0.00 0.0 0 8.1 22 180 M M 6 28 180
21 73 38 56 -5 9 0 0.00 0.0 0 11.1 23 350 M M 2 8 34 340
22 62 32 47 -14 18 0 0.00 0.0 0 4.2 16 320 M M 2 22 290
23 64 31 48 -13 17 0 0.00 0.0 0 3.6 13 190 M M 5 20 100
24 64 50 57 -5 8 0 1.11 0.0 0 5.8 23 150 M M 10 1 29 160
25 74 51 63 1 2 0 0.01 0.0 0 8.1 18 350 M M 5 1 26 350
26 78 43 61 -1 4 0 0.00 0.0 0 4.8 9 220 M M 2 15 60
27 82 52 67 5 0 2 0.00 0.0 0 8.2 17 200 M M 4 25 170
28 84 62 73 10 0 8 0.00 0.0 0 9.0 18 210 M M 7 23 210
29 85 65 75 12 0 10 0.00 0.0 0 12.1 28 220 M M 7 38 230
30 80 61 71 8 0 6 T 0.0 0 8.3 17 290 M M 5 25 240
================================================================================
SM 2231 1404 170 45 1.53 0.0 204.5 M 129
================================================================================
AV 74.4 46.8 6.8 FASTST M M 4 MAX(MPH)
MISC ----> 28 220 38 230
================================================================================
NOTES:
# LAST OF SEVERAL OCCURRENCES
COLUMN 17 PEAK WIND IN M.P.H.
PRELIMINARY LOCAL CLIMATOLOGICAL DATA (WS FORM: F-6) , PAGE 2
STATION: CHARLOTTE NC
MONTH: APRIL
YEAR: 2021
LATITUDE: 35 12 N
LONGITUDE: 80 57 W
[TEMPERATURE DATA] [PRECIPITATION DATA] SYMBOLS USED IN COLUMN 16
AVERAGE MONTHLY: 60.6 TOTAL FOR MONTH: 1.53 1 = FOG OR MIST
DPTR FM NORMAL: 1.2 DPTR FM NORMAL: -1.51 2 = FOG REDUCING VISIBILITY
HIGHEST: 86 ON 7 GRTST 24HR 1.12 ON 24-25 TO 1/4 MILE OR LESS
LOWEST: 26 ON 3 3 = THUNDER
SNOW, ICE PELLETS, HAIL 4 = ICE PELLETS
TOTAL MONTH: 0.0 INCH 5 = HAIL
GRTST 24HR 0.0 6 = FREEZING RAIN OR DRIZZLE
GRTST DEPTH: 0 7 = DUSTSTORM OR SANDSTORM:
VSBY 1/2 MILE OR LESS
8 = SMOKE OR HAZE
[NO. OF DAYS WITH] [WEATHER - DAYS WITH] 9 = BLOWING SNOW
X = TORNADO
MAX 32 OR BELOW: 0 0.01 INCH OR MORE: 4
MAX 90 OR ABOVE: 0 0.10 INCH OR MORE: 2
MIN 32 OR BELOW: 4 0.50 INCH OR MORE: 1
MIN 0 OR BELOW: 0 1.00 INCH OR MORE: 1
[HDD (BASE 65) ]
TOTAL THIS MO. 170 CLEAR (SCALE 0-3) 9
DPTR FM NORMAL -30 PTCLDY (SCALE 4-7) 20
TOTAL FM JUL 1 2752 CLOUDY (SCALE 8-10) 1
DPTR FM NORMAL -579
[CDD (BASE 65) ]
TOTAL THIS MO. 45
DPTR FM NORMAL 13 [PRESSURE DATA]
TOTAL FM JAN 1 58 HIGHEST SLP 30.51 ON 3
DPTR FM NORMAL 21 LOWEST SLP 29.53 ON 11
[REMARKS]
#FINAL-04-21#