000
CXUS52 KGSP 010917
CF6CLT
PRELIMINARY LOCAL CLIMATOLOGICAL DATA (WS FORM: F-6)
STATION: CHARLOTTE NC
MONTH: NOVEMBER
YEAR: 2023
LATITUDE: 35 12 N
LONGITUDE: 80 57 W
TEMPERATURE IN F: :PCPN: SNOW: WIND :SUNSHINE: SKY :PK WND
================================================================================
1 2 3 4 5 6A 6B 7 8 9 10 11 12 13 14 15 16 17 18
12Z AVG MX 2MIN
DY MAX MIN AVG DEP HDD CDD WTR SNW DPTH SPD SPD DIR MIN PSBL S-S WX SPD DR
================================================================================
1 53 35 44 -12 21 0 0.00 0.0 0 10.1 21 350 M M 1 28 350
2 55 31 43 -12 22 0 0.00 0.0 0 2.9 12 60 M M 0 16 90
3 64 29 47 -8 18 0 0.00 0.0 0 3.1 7 330 M M 0 8 10 160
4 71 32 52 -3 13 0 0.00 0.0 0 2.8 10 60 M M 1 17 80
5 76 38 57 3 8 0 0.00 0.0 0 1.5 9 330 M M 2 14 20
6 76 43 60 6 5 0 0.00 0.0 0 4.9 14 220 M M 1 1 21 210
7 80 47 64 10 1 0 0.00 0.0 0 3.9 14 210 M M 2 8 20 180
8 81 49 65 12 0 0 0.00 0.0 0 3.3 12 220 M M 1 18 15 130
9 83 55 69 16 0 4 0.00 0.0 0 5.5 10 210 M M 4 8 16 220
10 69 53 61 8 4 0 0.01 0.0 0 6.5 22 350 M M 9 18 32 330
11 53 48 51 -1 14 0 0.08 0.0 0 6.4 12 60 M M 10 1 16 60
12 63 44 54 2 11 0 T 0.0 0 7.2 14 20 M M 7 22 30
13 66 38 52 0 13 0 0.00 0.0 0 3.9 7 280 M M 6 8 11 260
14 69 43 56 4 9 0 0.00 0.0 0 6.0 14 40 M M 8 19 50
15 59 45 52 1 13 0 0.00 0.0 0 4.6 13 50 M M 9 20 10
16 72 48 60 9 5 0 0.00 0.0 0 4.0 10 110 M M 7 8 15 130
17 72 54 63 12 2 0 0.00 0.0 0 3.1 8 330 M M 8 14 100
18 76 51 64 14 1 0 T 0.0 0 6.1 14 20 M M 3 1 21 10
19 65 41 53 3 12 0 0.00 0.0 0 4.6 12 40 M M 1 16 30
20 64 48 56 6 9 0 0.00 0.0 0 6.1 15 100 M M 8 20 110
21 65 48 57 7 8 0 2.05 0.0 0 6.0 17 180 M M 10 13 27 190
22 66 40 53 3 12 0 0.31 0.0 0 4.1 21 330 M M 7 123 28 330
23 59 35 47 -2 18 0 0.00 0.0 0 2.9 10 210 M M 4 14 210
24 59 41 50 1 15 0 0.00 0.0 0 1.9 8 70 M M 6 12 100
25 53 40 47 -2 18 0 0.00 0.0 0 7.8 16 70 M M 6 22 70
26 51 30 41 -7 24 0 0.04 0.0 0 5.0 10 240 M M 5 1 16 230
27 58 36 47 -1 18 0 0.00 0.0 0 6.0 16 330 M M 5 128 20 340
28 54 30 42 -6 23 0 0.00 0.0 0 6.9 18 330 M M 4 27 340
29 49 23 36 -12 29 0 0.00 0.0 0 4.1 13 240 M M 0 18 240
30 61 29 45 -3 20 0 0.00 0.0 0 4.2 12 190 M M 3 23 140
================================================================================
SM 1942 1224 366 4 2.49 0.0 145.4 M 138
================================================================================
AV 64.7 40.8 4.8 FASTST M M 5 MAX(MPH)
MISC ----> 22 350 32 330
================================================================================
NOTES:
# LAST OF SEVERAL OCCURRENCES
COLUMN 17 PEAK WIND IN M.P.H.
PRELIMINARY LOCAL CLIMATOLOGICAL DATA (WS FORM: F-6) , PAGE 2
STATION: CHARLOTTE NC
MONTH: NOVEMBER
YEAR: 2023
LATITUDE: 35 12 N
LONGITUDE: 80 57 W
[TEMPERATURE DATA] [PRECIPITATION DATA] SYMBOLS USED IN COLUMN 16
AVERAGE MONTHLY: 52.8 TOTAL FOR MONTH: 2.49 1 = FOG OR MIST
DPTR FM NORMAL: 1.4 DPTR FM NORMAL: -0.82 2 = FOG REDUCING VISIBILITY
HIGHEST: 83 ON 9 GRTST 24HR 2.11 ON 21-22 TO 1/4 MILE OR LESS
LOWEST: 23 ON 29 3 = THUNDER
SNOW, ICE PELLETS, HAIL 4 = ICE PELLETS
TOTAL MONTH: 0.0 INCH 5 = HAIL
GRTST 24HR 0.0 6 = FREEZING RAIN OR DRIZZLE
GRTST DEPTH: 0 7 = DUSTSTORM OR SANDSTORM:
VSBY 1/2 MILE OR LESS
8 = SMOKE OR HAZE
[NO. OF DAYS WITH] [WEATHER - DAYS WITH] 9 = BLOWING SNOW
X = TORNADO
MAX 32 OR BELOW: 0 0.01 INCH OR MORE: 5
MAX 90 OR ABOVE: 0 0.10 INCH OR MORE: 2
MIN 32 OR BELOW: 7 0.50 INCH OR MORE: 1
MIN 0 OR BELOW: 0 1.00 INCH OR MORE: 1
[HDD (BASE 65) ]
TOTAL THIS MO. 366 CLEAR (SCALE 0-3) 12
DPTR FM NORMAL -49 PTCLDY (SCALE 4-7) 13
TOTAL FM JUL 1 459 CLOUDY (SCALE 8-10) 5
DPTR FM NORMAL -121
[CDD (BASE 65) ]
TOTAL THIS MO. 4
DPTR FM NORMAL -2 [PRESSURE DATA]
TOTAL FM JAN 1 1831 HIGHEST SLP 30.59 ON 2
DPTR FM NORMAL 64 LOWEST SLP 29.77 ON 22
[REMARKS]
#FINAL-11-23#