000
CXUS53 KILX 011445
CLMCMI
CLIMATE REPORT
NATIONAL WEATHER SERVICE LINCOLN IL
845 AM CST FRI MAR 01 2024
...................................
...THE CHAMPAIGN IL AIRPORT CLIMATE SUMMARY FOR THE MONTH OF FEBRUARY 2024...
CLIMATE NORMAL PERIOD 1991 TO 2020
CLIMATE RECORD PERIOD 9999 TO 9999
WEATHER OBSERVED NORMAL DEPART LAST YEAR`S
VALUE DATE(S) VALUE FROM VALUE
NORMAL
..............................................................
TEMPERATURE (F)
RECORD
HIGH MM MM
LOW -8 02/16/2021
HIGHEST 76 02/26 MM MM 62
02/27
LOWEST 7 02/17 MM MM 4
AVG. MAXIMUM 50.2 38.9 11.3 47.8
AVG. MINIMUM 28.3 21.7 6.6 25.5
MEAN 39.3 30.3 9.0 36.7
DAYS MAX >= 90 0 0.0 0.0 0
DAYS MAX <= 32 1 9.0 -8.0 3
DAYS MIN <= 32 17 24.4 -7.4 22
DAYS MIN <= 0 0 1.7 -1.7 0
PRECIPITATION (INCHES)
RECORD
MAXIMUM 2.14 2023
MINIMUM 1.44 2021
TOTALS 0.61R 1.80 -1.19 2.14
DAILY AVG. 0.02 NAN NAN 0.08
DAYS >= .01 5 8.1 -3.1 6
DAYS >= .10 3 3.9 -0.9 5
DAYS >= .50 0 0.9 -0.9 2
DAYS >= 1.00 0 0.4 -0.4 0
GREATEST
24 HR. TOTAL 0.25 02/22 TO 02/22 0.84
DEGREE DAYS
HEATING TOTAL 654 971 -317 786
SINCE 7/1 3551 4386 -835 MM
COOLING TOTAL 0 0 0 0
SINCE 1/1 0 0 0 MM
..............................................................
WIND (MPH)
AVERAGE WIND SPEED 12.0
HIGHEST WIND SPEED/DIRECTION 37/270 DATE 02/27
37/290 02/28
HIGHEST GUST SPEED/DIRECTION 50/250 DATE 02/27
AVERAGE RH (PERCENT) 70
WEATHER CONDITIONS. NUMBER OF DAYS WITH
THUNDERSTORM 3 MIXED PRECIP 0
HEAVY RAIN 2 RAIN 1
LIGHT RAIN 3 FREEZING RAIN 0
LT FREEZING RAIN 0 HAIL 0
HEAVY SNOW 0 SNOW 1
LIGHT SNOW 1 SLEET 0
FOG 12 FOG W/VIS <= 1/4 MILE 3
HAZE 4
- INDICATES NEGATIVE NUMBERS.
R INDICATES RECORD WAS SET OR TIED.
MM INDICATES DATA IS MISSING.
T INDICATES TRACE AMOUNT.
$$