000
CXUS56 KSGX 011045
CF6CNO
PRELIMINARY LOCAL CLIMATOLOGICAL DATA (WS FORM: F-6)
STATION: CHINO AIRPORT CA
MONTH: AUGUST
YEAR: 2021
LATITUDE: 33 58 N
LONGITUDE: 117 38 W
TEMPERATURE IN F: :PCPN: SNOW: WIND :SUNSHINE: SKY :PK WND
================================================================================
1 2 3 4 5 6A 6B 7 8 9 10 11 12 13 14 15 16 17 18
12Z AVG MX 2MIN
DY MAX MIN AVG DEP HDD CDD WTR SNW DPTH SPD SPD DIR MIN PSBL S-S WX SPD DR
================================================================================
1 100 63 82 3 0 17 0.00 M M 5.3 20 260 M M 1 23 250
2 106 63 85 6 0 20 0.00 M M 5.7 18 250 M M 0 8 23 240
3 105 65 85 5 0 20 0.00 M M 5.5 18 240 M M 0 8 23 240
4 102 65 84 4 0 19 0.00 M M 5.5 17 240 M M 0 8 22 230
5 99 65 82 2 0 17 0.00 M M 7.1 20 280 M M 0 8 24 270
6 93 62 78 -2 0 13 0.00 M M 7.0 18 260 M M 0 8 23 250
7 95 60 78 -2 0 13 0.00 M M 6.1 17 260 M M 0 18 23 270
8 96 61 79 -1 0 14 0.00 M M 7.4 17 230 M M 0 18 25 270
9 97 62 80 0 0 15 0.00 M M 5.3 17 250 M M 1 18 21 250
10 100 65 83 3 0 18 0.00 M M 6.4 17 250 M M 2 8 22 250
11 100 71 86 6 0 21 0.00 M M 7.1 16 240 M M 4 8 22 240
12 100 67 84 4 0 19 0.00 M M 6.0 17 240 M M 1 8 24 260
13 97 66 82 2 0 17 0.00 M M 6.0 17 260 M M 0 8 22 260
14 96 66 81 1 0 16 0.00 M M 4.9 16 250 M M 2 20 260
15 101 68 85 5 0 20 0.00 M M 6.1 17 260 M M 2 20 250
16 99 67 83 3 0 18 0.00 M M 7.2 20 280 M M 2 8 23 270
17 93 67 80 0 0 15 0.00 M M 7.7 20 250 M M 0 18 25 240
18 80 69 75 -5 0 10 0.00 M M 8.2 17 250 M M 9 8 21 240
19 87 65 76 -4 0 11 0.00 M M 7.2 18 250 M M 5 8 22 250
20 87 63 75 -5 0 10 0.00 M M 7.6 20 240 M M 3 23 230
21 78 64 71 -9 0 6 0.00 M M 7.0 15 230 M M 7 8 19 210
22 84 63 74 -6 0 9 0.00 M M 6.2 17 240 M M 5 21 240
23 88 57 73 -7 0 8 0.00 M M 4.8 15 240 M M 1 18 20 220
24 95 59 77 -3 0 12 0.00 M M 4.5 17 270 M M 1 18 22 280
25 100 63 82 2 0 17 0.00 M M 5.0 17 270 M M 2 8 24 300
26 106 64 85 5 0 20 0.00 M M 5.0 17 240 M M 1 8 21 240
27 106 61 84 4 0 19 0.00 M M 4.8 17 280 M M 0 8 21 250
28 104 63 84 4 0 19 0.00 M M 5.2 21 270 M M 1 8 24 250
29 102 63 83 3 0 18 0.00 M M 5.4 16 250 M M 2 8 20 250
30 93 65 79 -1 0 14 0.00 M M 7.8 20 300 M M 3 8 23 300
31 86 64 75 -5 0 10 T M M 8.6 20 240 M M 5 8 24 240
================================================================================
SM 2975 1986 0 475 T M 193.6 M 60
================================================================================
AV 96.0 64.1 6.2 FASTST M M 2 MAX(MPH)
MISC ----> 21 270 # 25 270
================================================================================
NOTES:
# LAST OF SEVERAL OCCURRENCES
COLUMN 17 PEAK WIND IN M.P.H.
PRELIMINARY LOCAL CLIMATOLOGICAL DATA (WS FORM: F-6) , PAGE 2
STATION: CHINO AIRPORT CA
MONTH: AUGUST
YEAR: 2021
LATITUDE: 33 58 N
LONGITUDE: 117 38 W
[TEMPERATURE DATA] [PRECIPITATION DATA] SYMBOLS USED IN COLUMN 16
AVERAGE MONTHLY: 80.0 TOTAL FOR MONTH: T 1 = FOG OR MIST
DPTR FM NORMAL: 0.2 DPTR FM NORMAL: -0.01 2 = FOG REDUCING VISIBILITY
HIGHEST: 106 ON 27,26 GRTST 24HR T ON 31-31 TO 1/4 MILE OR LESS
LOWEST: 57 ON 23 3 = THUNDER
SNOW, ICE PELLETS, HAIL 4 = ICE PELLETS
TOTAL MONTH: M 5 = HAIL
GRTST 24HR M ON M 6 = FREEZING RAIN OR DRIZZLE
GRTST DEPTH: M ON M 7 = DUSTSTORM OR SANDSTORM:
VSBY 1/2 MILE OR LESS
8 = SMOKE OR HAZE
[NO. OF DAYS WITH] [WEATHER - DAYS WITH] 9 = BLOWING SNOW
X = TORNADO
MAX 32 OR BELOW: 0 0.01 INCH OR MORE: 0
MAX 90 OR ABOVE: 24 0.10 INCH OR MORE: 0
MIN 32 OR BELOW: 0 0.50 INCH OR MORE: 0
MIN 0 OR BELOW: 0 1.00 INCH OR MORE: 0
[HDD (BASE 65) ]
TOTAL THIS MO. 0 CLEAR (SCALE 0-3) 25
DPTR FM NORMAL 0 PTCLDY (SCALE 4-7) 5
TOTAL FM JUL 1 0 CLOUDY (SCALE 8-10) 1
DPTR FM NORMAL 0
[CDD (BASE 65) ]
TOTAL THIS MO. 475
DPTR FM NORMAL 18 [PRESSURE DATA]
TOTAL FM JAN 1 1418 HIGHEST SLP 30.10 ON 14
DPTR FM NORMAL 125 LOWEST SLP 29.65 ON 27
[REMARKS]
#FINAL-08-21#