000
CXUS56 KSGX 011245
CF6CNO
PRELIMINARY LOCAL CLIMATOLOGICAL DATA (WS FORM: F-6)
STATION: CHINO AIRPORT CA
MONTH: SEPTEMBER
YEAR: 2020
LATITUDE: 33 58 N
LONGITUDE: 117 38 W
TEMPERATURE IN F: :PCPN: SNOW: WIND :SUNSHINE: SKY :PK WND
================================================================================
1 2 3 4 5 6A 6B 7 8 9 10 11 12 13 14 15 16 17 18
12Z AVG MX 2MIN
DY MAX MIN AVG DEP HDD CDD WTR SNW DPTH SPD SPD DIR MIN PSBL S-S WX SPD DR
================================================================================
1 92 60 76 0 0 11 0.00 0.0 0 7.3 17 240 M M 1 18 22 260
2 94 61 78 2 0 13 0.00 0.0 0 5.6 18 240 M M 0 8 22 240
3 98 64 81 5 0 16 0.00 0.0 0 4.5 17 250 M M 0 8 21 260
4 106 67 87 11 0 22 0.00 0.0 0 5.1 16 240 M M 0 8 20 250
5 120 70 95 19 0 30 0.00 0.0 0 5.2 16 260 M M 2 8 22 280
6 121 74 98 23 0 33 0.00 0.0 0 4.5 15 260 M M 1 8 19 270
7 96 71 84 9 0 19 0.00 0.0 0 5.5 14 270 M M 2 8 18 270
8 86 68 77 2 0 12 0.00 0.0 0 5.1 14 240 M M 6 8 16 250
9 95 63 79 4 0 14 0.00 0.0 0 8.6 23 80 M M 4 8 29 90
10 96 58 77 2 0 12 0.00 0.0 0 2.4 16 250 M M 1 8 18 250
11 99 58 79 5 0 14 0.00 0.0 0 3.3 15 250 M M 0 8 19 250
12 97 58 78 4 0 13 0.00 0.0 0 2.9 15 260 M M 0 8 18 260
13 101 59 80 6 0 15 0.00 0.0 0 3.5 15 260 M M 0 8 19 300
14 101 60 81 7 0 16 0.00 0.0 0 4.5 16 270 M M 0 8 19 270
15 101 60 81 7 0 16 0.00 0.0 0 3.7 14 240 M M 0 8 19 260
16 104 59 82 9 0 17 0.00 0.0 0 M M M M M M 18 M
17 106 58 82 9 0 17 0.00 0.0 0 3.3 13 230 M M 1 8 16 260
18 106 64 85 12 0 20 0.00 0.0 0 5.4 16 260 M M 1 8 20 290
19 101 64 83 11 0 18 0.00 0.0 0 4.6 16 240 M M 0 8 22 300
20 96 60 78 6 0 13 0.00 0.0 0 5.4 17 250 M M 0 8 21 270
21 95 61 78 6 0 13 0.00 0.0 0 5.0 17 270 M M 0 18 23 250
22 97 61 79 7 0 14 0.00 0.0 0 4.8 17 270 M M 0 8 22 270
23 97 61 79 7 0 14 0.00 0.0 0 4.1 16 250 M M 0 8 20 260
24 99 60 80 9 0 15 0.00 0.0 0 4.1 17 270 M M 0 8 21 240
25 95 59 77 6 0 12 0.00 0.0 0 4.7 17 230 M M 0 8 20 260
26 92 60 76 5 0 11 0.00 0.0 0 4.3 17 250 M M 2 128 22 270
27 94 64 79 8 0 14 0.00 0.0 0 5.4 18 260 M M 4 8 22 250
28 103 60 82 12 0 17 0.00 0.0 0 4.3 16 270 M M 0 18 19 290
29 109 63 86 16 0 21 0.00 0.0 0 2.8 15 260 M M 0 8 19 260
30 112 62 87 17 0 22 0.00 0.0 0 3.5 16 250 M M 0 8 19 240
================================================================================
SM 3009 1867 0 494 0.00 0.0 133.4 M 25
================================================================================
AV100.3 62.2 4.6 FASTST M M 1 MAX(MPH)
MISC ----> # 23 80 # 29 90
================================================================================
NOTES:
# LAST OF SEVERAL OCCURRENCES
COLUMN 17 PEAK WIND IN M.P.H.
PRELIMINARY LOCAL CLIMATOLOGICAL DATA (WS FORM: F-6) , PAGE 2
STATION: CHINO AIRPORT CA
MONTH: SEPTEMBER
YEAR: 2020
LATITUDE: 33 58 N
LONGITUDE: 117 38 W
[TEMPERATURE DATA] [PRECIPITATION DATA] SYMBOLS USED IN COLUMN 16
AVERAGE MONTHLY: 81.3 TOTAL FOR MONTH: 0.00 1 = FOG OR MIST
DPTR FM NORMAL: 8.1 DPTR FM NORMAL: -0.26 2 = FOG REDUCING VISIBILITY
HIGHEST: 121 ON 6 GRTST 24HR 0.00 ON 30-30 TO 1/4 MILE OR LESS
LOWEST: 58 ON 17,12 3 = THUNDER
SNOW, ICE PELLETS, HAIL 4 = ICE PELLETS
TOTAL MONTH: 0.0 INCH 5 = HAIL
GRTST 24HR 0.0 6 = FREEZING RAIN OR DRIZZLE
GRTST DEPTH: 0 7 = DUSTSTORM OR SANDSTORM:
VSBY 1/2 MILE OR LESS
8 = SMOKE OR HAZE
[NO. OF DAYS WITH] [WEATHER - DAYS WITH] 9 = BLOWING SNOW
X = TORNADO
MAX 32 OR BELOW: 0 0.01 INCH OR MORE: 0
MAX 90 OR ABOVE: 29 0.10 INCH OR MORE: 0
MIN 32 OR BELOW: 0 0.50 INCH OR MORE: 0
MIN 0 OR BELOW: 0 1.00 INCH OR MORE: 0
[HDD (BASE 65) ]
TOTAL THIS MO. 0 CLEAR (SCALE 0-3) 26
DPTR FM NORMAL -4 PTCLDY (SCALE 4-7) 3
TOTAL FM JUL 1 0 CLOUDY (SCALE 8-10) 0
DPTR FM NORMAL -4
[CDD (BASE 65) ]
TOTAL THIS MO. 494
DPTR FM NORMAL 242 [PRESSURE DATA]
TOTAL FM JAN 1 2176 HIGHEST SLP 30.02 ON 16
DPTR FM NORMAL 939 LOWEST SLP 29.90 ON 16
[REMARKS]
#FINAL-09-20#