000
CXUS56 KSGX 011245
CF6CNO
PRELIMINARY LOCAL CLIMATOLOGICAL DATA (WS FORM: F-6)
STATION: CHINO AIRPORT CA
MONTH: APRIL
YEAR: 2020
LATITUDE: 33 58 N
LONGITUDE: 117 38 W
TEMPERATURE IN F: :PCPN: SNOW: WIND :SUNSHINE: SKY :PK WND
================================================================================
1 2 3 4 5 6A 6B 7 8 9 10 11 12 13 14 15 16 17 18
12Z AVG MX 2MIN
DY MAX MIN AVG DEP HDD CDD WTR SNW DPTH SPD SPD DIR MIN PSBL S-S WX SPD DR
================================================================================
1 77 51 64 6 1 0 0.00 0.0 0 5.8 17 250 M M 1 18 20 240
2 72 53 63 5 2 0 0.00 0.0 0 4.7 17 260 M M 8 21 260
3 73 50 62 4 3 0 0.00 0.0 0 6.3 16 240 M M 3 1 21 220
4 71 50 61 3 4 0 0.00 0.0 0 4.6 17 250 M M 6 18 21 240
5 63 54 59 1 6 0 0.01 0.0 0 5.4 15 240 M M 10 1 17 240
6 59 53 56 -3 9 0 1.32 0.0 0 3.6 13 280 M M 10 1 15 280
7 62 52 57 -2 8 0 0.45 0.0 0 4.0 14 90 M M 9 18 20 80
8 63 50 57 -2 8 0 0.08 0.0 0 6.0 18 240 M M 9 138 23 260
9 56 51 54 -5 11 0 0.66 0.0 0 3.4 12 90 M M 9 8 13 90
10 63 49 56 -3 9 0 0.43 M 0 5.4 16 140 M M 9 20 130
11 71 47 59 0 6 0 0.00 0.0 0 6.5 17 250 M M 7 18 22 240
12 65 56 61 2 4 0 0.00 0.0 0 7.9 17 250 M M 10 21 230
13 64 56 60 0 5 0 0.00 0.0 0 4.8 13 240 M M 10 16 240
14 82 48 65 5 0 0 0.00 0.0 0 2.5 15 90 M M 3 128 23 110
15 84 46 65 5 0 0 0.00 0.0 0 4.9 17 230 M M 0 23 230
16 78 46 62 2 3 0 0.00 0.0 0 5.1 21 260 M M 0 26 250
17 72 50 61 1 4 0 0.00 0.0 0 6.9 21 240 M M 5 8 25 250
18 67 55 61 1 4 0 0.01 0.0 0 7.2 15 250 M M 10 8 18 240
19 70 53 62 1 3 0 0.00 0.0 0 6.1 16 230 M M 9 19 230
20 71 51 61 0 4 0 0.00 0.0 0 5.4 15 230 M M 9 19 250
21 76 53 65 4 0 0 0.00 0.0 0 6.7 20 240 M M 5 24 250
22 89 50 70 9 0 5 0.00 0.0 0 3.9 15 240 M M 0 18 240
23 92 54 73 11 0 8 0.00 0.0 0 4.9 17 230 M M 0 8 20 230
24 101 57 79 17 0 14 0.00 0.0 0 2.5 13 260 M M 1 8 17 290
25 95 59 77 15 0 12 0.00 0.0 0 4.4 14 240 M M 1 8 18 240
26 92 59 76 14 0 11 0.00 0.0 0 5.3 15 240 M M 2 8 20 260
27 87 57 72 10 0 7 0.00 0.0 0 4.2 17 260 M M 1 8 23 260
28 92 59 76 13 0 11 0.00 0.0 0 5.3 20 240 M M 0 18 23 240
29 88 60 74 11 0 9 0.00 0.0 0 5.8 17 240 M M 5 18 21 270
30 87 61 74 11 0 9 0.00 0.0 0 6.0 17 240 M M 2 18 21 260
================================================================================
SM 2282 1590 94 86 2.96 0.0 155.5 M 154
================================================================================
AV 76.1 53.0 5.2 FASTST M M 5 MAX(MPH)
MISC ----> # 21 260 # 26 250
================================================================================
NOTES:
# LAST OF SEVERAL OCCURRENCES
COLUMN 17 PEAK WIND IN M.P.H.
PRELIMINARY LOCAL CLIMATOLOGICAL DATA (WS FORM: F-6) , PAGE 2
STATION: CHINO AIRPORT CA
MONTH: APRIL
YEAR: 2020
LATITUDE: 33 58 N
LONGITUDE: 117 38 W
[TEMPERATURE DATA] [PRECIPITATION DATA] SYMBOLS USED IN COLUMN 16
AVERAGE MONTHLY: 64.5 TOTAL FOR MONTH: 2.96 1 = FOG OR MIST
DPTR FM NORMAL: 4.3 DPTR FM NORMAL: 1.93 2 = FOG REDUCING VISIBILITY
HIGHEST: 101 ON 24 GRTST 24HR 1.32 ON 6- 6 TO 1/4 MILE OR LESS
LOWEST: 46 ON 16,15 3 = THUNDER
SNOW, ICE PELLETS, HAIL 4 = ICE PELLETS
TOTAL MONTH: 0.0 INCH 5 = HAIL
GRTST 24HR 0.0 6 = FREEZING RAIN OR DRIZZLE
GRTST DEPTH: 0 7 = DUSTSTORM OR SANDSTORM:
VSBY 1/2 MILE OR LESS
8 = SMOKE OR HAZE
[NO. OF DAYS WITH] [WEATHER - DAYS WITH] 9 = BLOWING SNOW
X = TORNADO
MAX 32 OR BELOW: 0 0.01 INCH OR MORE: 7
MAX 90 OR ABOVE: 5 0.10 INCH OR MORE: 4
MIN 32 OR BELOW: 0 0.50 INCH OR MORE: 2
MIN 0 OR BELOW: 0 1.00 INCH OR MORE: 1
[HDD (BASE 65) ]
TOTAL THIS MO. 94 CLEAR (SCALE 0-3) 12
DPTR FM NORMAL -69 PTCLDY (SCALE 4-7) 7
TOTAL FM JUL 1 1338 CLOUDY (SCALE 8-10) 11
DPTR FM NORMAL -434
[CDD (BASE 65) ]
TOTAL THIS MO. 86
DPTR FM NORMAL 67 [PRESSURE DATA]
TOTAL FM JAN 1 97 HIGHEST SLP 30.17 ON 14
DPTR FM NORMAL 71 LOWEST SLP 29.81 ON 1
[REMARKS]
#FINAL-04-20#