000
CXUS53 KICT 010800
CF6CNU
PRELIMINARY LOCAL CLIMATOLOGICAL DATA (WS FORM: F-6)
STATION: CHANUTE KS
MONTH: JULY
YEAR: 2020
LATITUDE: 37 40 N
LONGITUDE: 95 29 W
TEMPERATURE IN F: :PCPN: SNOW: WIND :SUNSHINE: SKY :PK WND
================================================================================
1 2 3 4 5 6A 6B 7 8 9 10 11 12 13 14 15 16 17 18
12Z AVG MX 2MIN
DY MAX MIN AVG DEP HDD CDD WTR SNW DPTH SPD SPD DIR MIN PSBL S-S WX SPD DR
================================================================================
1 94 77 86 8 0 21 0.00 M M 9.1 16 170 M M 4 23 170
2 96 73 85 7 0 20 T M M 3.9 16 90 M M 1 3 22 100
3 92 72 82 3 0 17 0.01 M M 7.5 17 340 M M 1 26 340
4 92 70 81 2 0 16 0.04 M M 6.0 14 100 M M 3 8 20 80
5 95 70 83 4 0 18 0.00 M M 6.8 15 70 M M 1 22 60
6 96 72 84 5 0 19 0.00 M M 4.5 20 220 M M 2 13 27 220
7 96 70 83 4 0 18 0.00 M M 4.0 12 110 M M 1 17 90
8 96 73 85 6 0 20 0.00 M M 8.4 17 150 M M 2 22 140
9 89 68 79 0 0 14 0.51 M M 8.0 37 340 M M 4 13 53 350
10 91 72 82 3 0 17 0.00 M M 5.1 15 140 M M 2 21 120
11 98 71 85 6 0 20 0.18 M M 7.1 25 120 M M 1 38 36 120
12 91 71 81 1 0 16 0.00 M M 6.1 14 20 M M 0 21 350
13 91 69 80 0 0 15 T M M 9.4 16 140 M M 0 23 160
14 96 73 85 5 0 20 0.00 M M 10.3 28 160 M M 1 36 170
15 93 77 85 5 0 20 T M M 8.8 17 150 M M 1 25 150
16 88 72 80 0 0 15 0.12 M M 4.8 15 210 M M 2 1 18 220
17 98 75 87 7 0 22 T M M 11.3 21 190 M M 1 30 190
18 96 79 88 8 0 23 0.00 M M 14.4 25 180 M M 0 35 160
19 96 75 86 6 0 21 0.00 M M 7.6 22 50 M M 1 3 34 60
20 94 74 84 4 0 19 0.00 M M 8.4 16 340 M M 1 22 360
21 91 71 81 1 0 16 0.01 M M 6.2 16 220 M M 4 3 23 230
22 99 68 84 4 0 19 0.00 M M 3.5 12 60 M M 2 1 17 50
23 96 72 84 4 0 19 0.00 M M 6.0 15 150 M M 1 20 160
24 98 73 86 6 0 21 0.00 M M 7.0 15 150 M M 1 21 160
25 97 75 86 6 0 21 0.00 M M 8.4 14 160 M M 2 20 200
26 98 75 87 7 0 22 0.00 M M 9.7 18 200 M M 1 24 200
27 86 74 80 0 0 15 0.58 M M 5.5 20 360 M M 6 13 28 40
28 88 72 80 0 0 15 0.00 M M 6.3 18 190 M M 7 1 25 210
29 85 71 78 -2 0 13 0.11 M M 8.2 17 200 M M 7 13 25 210
30 89 71 80 0 0 15 0.05 M M 9.2 18 280 M M 5 24 10
31 83 65 74 -6 0 9 0.07 M M 9.8 18 10 M M 6 1 27 360
================================================================================
SM 2888 2240 0 556 1.68 M 231.3 M 71
================================================================================
AV 93.2 72.3 7.5 FASTST M M 2 MAX(MPH)
MISC ----> # 37 340 # 53 350
================================================================================
NOTES:
# LAST OF SEVERAL OCCURRENCES
COLUMN 17 PEAK WIND IN M.P.H.
PRELIMINARY LOCAL CLIMATOLOGICAL DATA (WS FORM: F-6) , PAGE 2
STATION: CHANUTE KS
MONTH: JULY
YEAR: 2020
LATITUDE: 37 40 N
LONGITUDE: 95 29 W
[TEMPERATURE DATA] [PRECIPITATION DATA] SYMBOLS USED IN COLUMN 16
AVERAGE MONTHLY: 82.7 TOTAL FOR MONTH: 1.68 1 = FOG OR MIST
DPTR FM NORMAL: 3.2 DPTR FM NORMAL: -2.69 2 = FOG REDUCING VISIBILITY
HIGHEST: 99 ON 22 GRTST 24HR 0.58 ON 27-27 TO 1/4 MILE OR LESS
LOWEST: 65 ON 31 3 = THUNDER
SNOW, ICE PELLETS, HAIL 4 = ICE PELLETS
TOTAL MONTH: M 5 = HAIL
GRTST 24HR M ON M 6 = FREEZING RAIN OR DRIZZLE
GRTST DEPTH: M ON M 7 = DUSTSTORM OR SANDSTORM:
VSBY 1/2 MILE OR LESS
8 = SMOKE OR HAZE
[NO. OF DAYS WITH] [WEATHER - DAYS WITH] 9 = BLOWING SNOW
X = TORNADO
MAX 32 OR BELOW: 0 0.01 INCH OR MORE: 10
MAX 90 OR ABOVE: 24 0.10 INCH OR MORE: 5
MIN 32 OR BELOW: 0 0.50 INCH OR MORE: 2
MIN 0 OR BELOW: 0 1.00 INCH OR MORE: 0
[HDD (BASE 65) ]
TOTAL THIS MO. 0 CLEAR (SCALE 0-3) 23
DPTR FM NORMAL 0 PTCLDY (SCALE 4-7) 8
TOTAL FM JUL 1 0 CLOUDY (SCALE 8-10) 0
DPTR FM NORMAL 0
[CDD (BASE 65) ]
TOTAL THIS MO. 556
DPTR FM NORMAL 107 [PRESSURE DATA]
TOTAL FM JAN 1 1110 HIGHEST SLP M ON M
DPTR FM NORMAL 236 LOWEST SLP 29.63 ON 1
[REMARKS]
#FINAL-07-20#