000
CXUS55 KRIW 011010
CF6COD
PRELIMINARY LOCAL CLIMATOLOGICAL DATA (WS FORM: F-6)
STATION: CODY WY
MONTH: AUGUST
YEAR: 2021
LATITUDE: 44 31 N
LONGITUDE: 109 1 W
TEMPERATURE IN F: :PCPN: SNOW: WIND :SUNSHINE: SKY :PK WND
================================================================================
1 2 3 4 5 6A 6B 7 8 9 10 11 12 13 14 15 16 17 18
12Z AVG MX 2MIN
DY MAX MIN AVG DEP HDD CDD WTR SNW DPTH SPD SPD DIR MIN PSBL S-S WX SPD DR
================================================================================
1 89 56 73 2 0 8 0.00 M M 5.1 15 110 M M 0 23 120
2 85 58 72 1 0 7 0.00 M M 6.8 16 270 M M 3 32 260
3 74 62 68 -3 0 3 T M M 3.9 10 330 M M 5 8 M M
4 85 53 69 -2 0 4 0.01 M M 4.7 12 30 M M 1 138 18 220
5 86 58 72 1 0 7 T M M 7.0 14 30 M M 1 M M
6 76 59 68 -2 0 3 0.03 M M 7.8 30 230 M M 4 8 45 230
7 84 60 72 2 0 7 0.00 M M 8.3 15 250 M M 0 23 260
8 93 56 75 5 0 10 T M M 10.8 25 10 M M 1 8 39 20
9 73 48 61 -9 4 0 0.00 M M 7.2 16 340 M M 0 21 350
10 86 54 70 0 0 5 0.00 M M 11.2 22 270 M M 0 35 240
11 86 52 69 -1 0 4 0.00 M M 6.0 13 30 M M 0 8 M M
12 78 58 68 -2 0 3 0.00 M M 8.2 17 40 M M 0 20 20
13 81 52 67 -2 0 2 0.00 M M 5.2 12 40 M M 1 8 M M
14 90 58 74 5 0 9 0.03 M M 6.1 17 20 M M 1 39 190
15 88 58 73 4 0 8 0.00 M M 5.5 9 30 M M 0 8 M M
16 95 63 79 10 0 14 0.00 M M 8.1 23 170 M M 0 8 21 320
17 92 63 78 9 0 13 T M M 7.8 17 10 M M 1 8 41 230
18 65 46 56 -12 9 0 T M M 9.0 18 360 M M 7 30 10
19 55 47 51 -17 14 0 0.54 M M 6.4 10 40 M M 10 1 M M
20 58 48 53 -15 12 0 0.78 M M 5.7 13 30 M M 9 1 M M
21 70 45 58 -10 7 0 0.12 M M 6.8 15 230 M M 4 28 270
22 74 53 64 -3 1 0 T M M 10.8 24 260 M M 2 44 250
23 83 52 68 1 0 3 0.00 M M 6.7 13 110 M M 0 8 M M
24 66 49 58 -9 7 0 0.00 M M 8.6 14 10 M M 0 21 340
25 77 46 62 -5 3 0 T M M 5.3 20 10 M M 0 8 24 10
26 80 51 66 0 0 1 0.00 M M 4.9 12 210 M M 1 M M
27 77 49 63 -3 2 0 0.00 M M 7.7 20 10 M M 0 24 10
28 66 47 57 -9 8 0 T M M 5.8 14 30 M M 1 20 360
29 80 50 65 0 0 0 0.00 M M 5.8 13 220 M M 0 8 M M
30 87 49 68 3 0 3 0.00 M M 6.5 15 170 M M 0 20 300
31 89 55 72 7 0 7 0.00 M M 6.5 13 260 M M 0 8 20 260
================================================================================
SM 2468 1655 67 121 1.51 M 216.2 M 52
================================================================================
AV 79.6 53.4 7.0 FASTST M M 2 MAX(MPH)
MISC ----> 30 230 45 230
================================================================================
NOTES:
# LAST OF SEVERAL OCCURRENCES
COLUMN 17 PEAK WIND IN M.P.H.
PRELIMINARY LOCAL CLIMATOLOGICAL DATA (WS FORM: F-6) , PAGE 2
STATION: CODY WY
MONTH: AUGUST
YEAR: 2021
LATITUDE: 44 31 N
LONGITUDE: 109 1 W
[TEMPERATURE DATA] [PRECIPITATION DATA] SYMBOLS USED IN COLUMN 16
AVERAGE MONTHLY: 66.5 TOTAL FOR MONTH: 1.51 1 = FOG OR MIST
DPTR FM NORMAL: -2.0 DPTR FM NORMAL: M 2 = FOG REDUCING VISIBILITY
HIGHEST: 95 ON 16 GRTST 24HR 0.78 ON 20-20 TO 1/4 MILE OR LESS
LOWEST: 45 ON 21 3 = THUNDER
SNOW, ICE PELLETS, HAIL 4 = ICE PELLETS
TOTAL MONTH: M 5 = HAIL
GRTST 24HR M ON M 6 = FREEZING RAIN OR DRIZZLE
GRTST DEPTH: M ON M 7 = DUSTSTORM OR SANDSTORM:
VSBY 1/2 MILE OR LESS
8 = SMOKE OR HAZE
[NO. OF DAYS WITH] [WEATHER - DAYS WITH] 9 = BLOWING SNOW
X = TORNADO
MAX 32 OR BELOW: 0 0.01 INCH OR MORE: 6
MAX 90 OR ABOVE: 4 0.10 INCH OR MORE: 3
MIN 32 OR BELOW: 0 0.50 INCH OR MORE: 2
MIN 0 OR BELOW: 0 1.00 INCH OR MORE: 0
[HDD (BASE 65) ]
TOTAL THIS MO. 67 CLEAR (SCALE 0-3) 25
DPTR FM NORMAL 67 PTCLDY (SCALE 4-7) 4
TOTAL FM JUL 1 67 CLOUDY (SCALE 8-10) 2
DPTR FM NORMAL 67
[CDD (BASE 65) ]
TOTAL THIS MO. 121
DPTR FM NORMAL 14 [PRESSURE DATA]
TOTAL FM JAN 1 567 HIGHEST SLP M ON M
DPTR FM NORMAL 567 LOWEST SLP M ON M
[REMARKS]
#FINAL-08-21#