000
CXUS54 KCRP 011310
CF6COT
PRELIMINARY LOCAL CLIMATOLOGICAL DATA (WS FORM: F-6)
STATION: COTULLA
MONTH: FEBRUARY
YEAR: 2024
LATITUDE: 28 27 N
LONGITUDE: 99 13 W
TEMPERATURE IN F: :PCPN: SNOW: WIND :SUNSHINE: SKY :PK WND
================================================================================
1 2 3 4 5 6A 6B 7 8 9 10 11 12 13 14 15 16 17 18
12Z AVG MX 2MIN
DY MAX MIN AVG DEP HDD CDD WTR SNW DPTH SPD SPD DIR MIN PSBL S-S WX SPD DR
================================================================================
1 82 54 68 10 0 3 T 0.0 0 9.2 16 130 M M 1 27 210
2 82 60 71 13 0 6 0.77 0.0 0 12.0 43 330 M M 5 13 64 340
3 77 53 65 7 0 0 0.55 0.0 0 4.9 25 350 M M 3 13 32 350
4 77 53 65 6 0 0 0.00 0.0 0 15.2 32 320 M M 0 52 300
5 71 47 59 0 6 0 0.00 0.0 0 9.2 20 330 M M 0 29 320
6 74 43 59 0 6 0 0.00 0.0 0 5.0 12 140 M M 0 16 140
7 79 50 65 6 0 0 0.00 0.0 0 11.4 25 150 M M 0 1 34 140
8 78 63 71 11 0 6 0.00 0.0 0 5.8 12 70 M M 5 16 50
9 82 64 73 13 0 8 0.00 0.0 0 4.3 9 150 M M 4 18 M M
10 M M M M M M M M M M M M M M M M M
11 M M M M M M M M M M M M M M M M M
12 M M M M M M M M M M M M M M M M M
13 M M M M M M M M M M M M M M M M M
14 71 51 61 0 4 0 T 0.0 0 8.4 16 130 M M 10 22 120
15 70 63 67 6 0 2 0.01 0.0 0 3.1 9 110 M M 10 1 11 120
16 69 60 65 4 0 0 0.11 0.0 0 4.6 15 40 M M 7 1 24 40
17 64 44 54 -8 11 0 0.00 0.0 0 11.4 20 10 M M 5 30 50
18 61 42 52 -10 13 0 0.00 0.0 0 5.1 12 30 M M 5 17 30
19 76 39 58 -4 7 0 0.00 0.0 0 5.7 13 190 M M 0 21 200
20 87 49 68 6 0 3 0.00 0.0 0 7.0 14 140 M M 0 1 21 160
21 88 59 74 12 0 9 0.00 0.0 0 10.4 22 140 M M 3 35 130
22 91 66 79 16 0 14 0.00 0.0 0 6.2 17 330 M M 5 22 10
23 83 51 67 4 0 2 0.00 0.0 0 6.2 14 60 M M 0 20 60
24 84 53 69 6 0 4 0.00 0.0 0 9.2 17 140 M M 0 25 180
25 94 56 75 12 0 10 0.00 0.0 0 6.0 13 210 M M 0 20 160
26 96 59 78 14 0 13 0.00 0.0 0 7.1 16 140 M M 1 12 22 170
27 90 64 77 13 0 12 0.00 0.0 0 5.3 12 170 M M 2 18 16 190
28 75 54 65 1 0 0 0.00 0.0 0 11.7 25 30 M M 0 18 36 20
29 57 50 54 -10 11 0 0.00 0.0 0 7.6 16 20 M M 9 24 20
================================================================================
SM 1958 1347 58 92 1.44 0.0 192.0 M 75
================================================================================
AV 78.3 53.9 7.7 FASTST M M 3 MAX(MPH)
MISC ----> 43 330 64 340
================================================================================
NOTES:
# LAST OF SEVERAL OCCURRENCES
COLUMN 17 PEAK WIND IN M.P.H.
PRELIMINARY LOCAL CLIMATOLOGICAL DATA (WS FORM: F-6) , PAGE 2
STATION: COTULLA
MONTH: FEBRUARY
YEAR: 2024
LATITUDE: 28 27 N
LONGITUDE: 99 13 W
[TEMPERATURE DATA] [PRECIPITATION DATA] SYMBOLS USED IN COLUMN 16
AVERAGE MONTHLY: 66.1 TOTAL FOR MONTH: 1.44 1 = FOG OR MIST
DPTR FM NORMAL: 5.2 DPTR FM NORMAL: 0.18 2 = FOG REDUCING VISIBILITY
HIGHEST: 96 ON 26 GRTST 24HR 1.32 ON 2- 3 TO 1/4 MILE OR LESS
LOWEST: 39 ON 19 3 = THUNDER
SNOW, ICE PELLETS, HAIL 4 = ICE PELLETS
TOTAL MONTH: 0.0 INCH 5 = HAIL
GRTST 24HR 0.0 6 = FREEZING RAIN OR DRIZZLE
GRTST DEPTH: 0 7 = DUSTSTORM OR SANDSTORM:
VSBY 1/2 MILE OR LESS
8 = SMOKE OR HAZE
[NO. OF DAYS WITH] [WEATHER - DAYS WITH] 9 = BLOWING SNOW
X = TORNADO
MAX 32 OR BELOW: 0 0.01 INCH OR MORE: 4
MAX 90 OR ABOVE: 4 0.10 INCH OR MORE: 3
MIN 32 OR BELOW: 0 0.50 INCH OR MORE: 2
MIN 0 OR BELOW: 0 1.00 INCH OR MORE: 0
[HDD (BASE 65) ]
TOTAL THIS MO. 58 CLEAR (SCALE 0-3) 15
DPTR FM NORMAL -116 PTCLDY (SCALE 4-7) 7
TOTAL FM JUL 1 694 CLOUDY (SCALE 8-10) 7
DPTR FM NORMAL -224
[CDD (BASE 65) ]
TOTAL THIS MO. 92
DPTR FM NORMAL 31 [PRESSURE DATA]
TOTAL FM JAN 1 98 HIGHEST SLP 30.37 ON 18
DPTR FM NORMAL 14 LOWEST SLP 29.55 ON 3
[REMARKS]
#FINAL-02-24#