000
CDUS45 KRIW 170740
CLICPR


CLIMATE REPORT
NATIONAL WEATHER SERVICE RIVERTON WY
133 AM MDT FRI OCT 17 2014


...................................

...THE CASPER WY CLIMATE SUMMARY FOR OCTOBER 16 2014...

CLIMATE NORMAL PERIOD 1981 TO 2010
CLIMATE RECORD PERIOD 1939 TO 2014


WEATHER ITEM   OBSERVED TIME   RECORD YEAR NORMAL DEPARTURE LAST
                VALUE   (LST)  VALUE       VALUE  FROM      YEAR
                                                  NORMAL
..................................................................
TEMPERATURE (F)
 YESTERDAY
  MAXIMUM         64    114 PM  83    1991  59      5       51
  MINIMUM         37   1142 PM  18    1992  31      6       29
  AVERAGE         51                        45      6       40

PRECIPITATION (IN)
  YESTERDAY        0.00          2.06 1998   0.04  -0.04     0.00
  MONTH TO DATE    1.05                      0.61   0.44     2.89
  SINCE SEP 1      1.69                      1.69   0.00     4.36
  SINCE JAN 1     10.07                     10.77  -0.70    13.56

SNOWFALL (IN)
  YESTERDAY        0.0                       0.2   -0.2      0.0
  MONTH TO DATE    3.2                       3.3   -0.1     16.2
  SINCE SEP 1      4.2                       5.1   -0.9     21.0
  SINCE JUL 1      4.2                       5.1   -0.9     21.0
  SNOW DEPTH       0

DEGREE DAYS
 HEATING
  YESTERDAY       14                        20     -6       25
  MONTH TO DATE  215                       279    -64      372
  SINCE SEP 1    405                       518   -113      539
  SINCE JUL 1    452                       564   -112      539

 COOLING
  YESTERDAY        0                         0      0        0
  MONTH TO DATE    0                         0      0        0
  SINCE SEP 1     29                        25      4       80
  SINCE JAN 1    357                       422    -65      618
..................................................................


WIND (MPH)
  HIGHEST WIND SPEED    15   HIGHEST WIND DIRECTION    SW (230)
  HIGHEST GUST SPEED    21   HIGHEST GUST DIRECTION    SW (230)
  AVERAGE WIND SPEED     7.7


SKY COVER
  POSSIBLE SUNSHINE  MM
  AVERAGE SKY COVER 0.1


WEATHER CONDITIONS
 THE FOLLOWING WEATHER WAS RECORDED YESTERDAY.
  NO SIGNIFICANT WEATHER WAS OBSERVED.


RELATIVE HUMIDITY (PERCENT)
 HIGHEST    64          1100 PM
 LOWEST     12          1200 PM
 AVERAGE    38

..........................................................


THE CASPER WY CLIMATE NORMALS FOR TODAY
                         NORMAL    RECORD    YEAR
 MAXIMUM TEMPERATURE (F)   59        79      2003
 MINIMUM TEMPERATURE (F)   31        19      2012
                                             1996
                                             1968


SUNRISE AND SUNSET
OCTOBER 17 2014.......SUNRISE   722 AM MDT   SUNSET   620 PM MDT
OCTOBER 18 2014.......SUNRISE   723 AM MDT   SUNSET   618 PM MDT


-  INDICATES NEGATIVE NUMBERS.
R  INDICATES RECORD WAS SET OR TIED.
MM INDICATES DATA IS MISSING.
T  INDICATES TRACE AMOUNT.




$$
