000
CDUS45 KRIW 150737
CLICPR


CLIMATE REPORT
NATIONAL WEATHER SERVICE RIVERTON WY
1228 AM MST SAT NOV 15 2014


...................................

...THE CASPER WY CLIMATE SUMMARY FOR NOVEMBER 14 2014...

CLIMATE NORMAL PERIOD 1981 TO 2010
CLIMATE RECORD PERIOD 1939 TO 2014


WEATHER ITEM   OBSERVED TIME   RECORD YEAR NORMAL DEPARTURE LAST
                VALUE   (LST)  VALUE       VALUE  FROM      YEAR
                                                  NORMAL
..................................................................
TEMPERATURE (F)
 YESTERDAY
  MAXIMUM         22    100 PM  68    1999  46    -24       51
                                      1953
  MINIMUM          0   1220 AM -10    1978  22    -22       23
  AVERAGE         11                        34    -23       37

PRECIPITATION (IN)
  YESTERDAY        0.09          0.40 2006   0.03   0.06      T
  MONTH TO DATE    0.53                      0.41   0.12     0.01
  SINCE SEP 1      2.22                      2.60  -0.38     4.51
  SINCE JAN 1     10.60                     11.68  -1.08    13.71

SNOWFALL (IN)
  YESTERDAY        0.9                       0.3    0.6      0.0
  MONTH TO DATE    5.8                       4.6    1.2      0.1
  SINCE SEP 1     10.0                      13.8   -3.8     21.3
  SINCE JUL 1     10.0                      13.8   -3.8     21.3
  SNOW DEPTH       2

DEGREE DAYS
 HEATING
  YESTERDAY       54                        31     23       28
  MONTH TO DATE  492                       393     99      397
  SINCE SEP 1   1136                      1246   -110     1286
  SINCE JUL 1   1183                      1292   -109     1286

 COOLING
  YESTERDAY        0                         0      0        0
  MONTH TO DATE    0                         0      0        0
  SINCE SEP 1     29                        25      4       80
  SINCE JAN 1    357                       422    -65      618
..................................................................


WIND (MPH)
  HIGHEST WIND SPEED    16   HIGHEST WIND DIRECTION     N (10)
  HIGHEST GUST SPEED    20   HIGHEST GUST DIRECTION    NE (30)
  AVERAGE WIND SPEED     6.3


SKY COVER
  POSSIBLE SUNSHINE  MM
  AVERAGE SKY COVER 0.9


WEATHER CONDITIONS
 THE FOLLOWING WEATHER WAS RECORDED YESTERDAY.
  LIGHT SNOW
  FOG
  HAZE


RELATIVE HUMIDITY (PERCENT)
 HIGHEST    86           100 AM
 LOWEST     61           300 PM
 AVERAGE    74

..........................................................


THE CASPER WY CLIMATE NORMALS FOR TODAY
                         NORMAL    RECORD    YEAR
 MAXIMUM TEMPERATURE (F)   45        69      1999
 MINIMUM TEMPERATURE (F)   22       -12      1955


SUNRISE AND SUNSET
NOVEMBER 15 2014......SUNRISE   658 AM MST   SUNSET   442 PM MST
NOVEMBER 16 2014......SUNRISE   659 AM MST   SUNSET   442 PM MST


-  INDICATES NEGATIVE NUMBERS.
R  INDICATES RECORD WAS SET OR TIED.
MM INDICATES DATA IS MISSING.
T  INDICATES TRACE AMOUNT.




$$
