101
CDUS45 KRIW 220038
CLICPR


CLIMATE REPORT
NATIONAL WEATHER SERVICE RIVERTON WY
637 PM MDT TUE JUN 21 2016


...................................

...THE CASPER WY CLIMATE SUMMARY FOR JUNE 21 2016...
VALID TODAY AS OF 0500 PM LOCAL TIME.

CLIMATE NORMAL PERIOD 1981 TO 2010
CLIMATE RECORD PERIOD 1939 TO 2016


WEATHER ITEM   OBSERVED TIME   RECORD YEAR NORMAL DEPARTURE LAST
                VALUE   (LST)  VALUE       VALUE  FROM      YEAR
                                                  NORMAL
..................................................................
TEMPERATURE (F)
 TODAY
  MAXIMUM        100R       MM  97    1988  81     19       95
  MINIMUM         55    100 AM  37    2012  47      8       46
                                      1960
  AVERAGE         78                        64     14       71

PRECIPITATION (IN)
  TODAY            0.00          0.34 1996   0.05  -0.05     0.00
  MONTH TO DATE    0.95                      1.19  -0.24     1.33
  SINCE JUN 1      0.95                      1.19  -0.24     1.33
  SINCE JAN 1     10.41                      6.40   4.01     8.83

SNOWFALL (IN)
  TODAY            0.0                       0.0    0.0      0.0
  MONTH TO DATE    0.0                       0.1   -0.1      0.0
  SINCE JUN 1      0.0                       0.1   -0.1      0.0
  SINCE JUL 1     86.6                      74.9   11.7     71.7
  SNOW DEPTH       0

DEGREE DAYS
 HEATING
  TODAY            0                         3     -3        0
  MONTH TO DATE   33                       116    -83       24
  SINCE JUN 1     33                       116    -83       24
  SINCE JUL 1   6938                      7560   -622     6962

 COOLING
  TODAY           13                         2     11        6
  MONTH TO DATE   67                        26     41       26
  SINCE JUN 1     67                        26     41       26
  SINCE JAN 1     67                        30     37       26
..................................................................


WIND (MPH)
  HIGHEST WIND SPEED    24   HIGHEST WIND DIRECTION    SW (230)
  HIGHEST GUST SPEED    43   HIGHEST GUST DIRECTION    SW (240)
  AVERAGE WIND SPEED    11.7


SKY COVER
  POSSIBLE SUNSHINE  MM
  AVERAGE SKY COVER 0.0


WEATHER CONDITIONS
 THE FOLLOWING WEATHER WAS RECORDED TODAY.
  LIGHT RAIN


RELATIVE HUMIDITY (PERCENT)
 HIGHEST    80          1200 AM
 LOWEST     10           100 PM
 AVERAGE    45

..........................................................


THE CASPER WY CLIMATE NORMALS FOR TOMORROW
                         NORMAL    RECORD    YEAR
 MAXIMUM TEMPERATURE (F)   82        98      1988
 MINIMUM TEMPERATURE (F)   48        34      1989


SUNRISE AND SUNSET
JUNE 21 2016..........SUNRISE   527 AM MDT   SUNSET   848 PM MDT
JUNE 22 2016..........SUNRISE   527 AM MDT   SUNSET   849 PM MDT


-  INDICATES NEGATIVE NUMBERS.
R  INDICATES RECORD WAS SET OR TIED.
MM INDICATES DATA IS MISSING.
T  INDICATES TRACE AMOUNT.




$$
