000
CDUS45 KRIW 140745
CLICPR


CLIMATE REPORT
NATIONAL WEATHER SERVICE RIVERTON WY
145 AM MDT WED JUN 14 2017


...................................

...THE CASPER WY CLIMATE SUMMARY FOR JUNE 13 2017...

CLIMATE NORMAL PERIOD 1981 TO 2010
CLIMATE RECORD PERIOD 1939 TO 2017


WEATHER ITEM   OBSERVED TIME   RECORD YEAR NORMAL DEPARTURE LAST
                VALUE   (LST)  VALUE       VALUE  FROM      YEAR
                                                  NORMAL
..................................................................
TEMPERATURE (F)
 YESTERDAY
  MAXIMUM         66    132 PM  95    2006  78    -12       73
                                      1994
  MINIMUM         33    402 AM  28    1969  45    -12       50
  AVERAGE         50                        61    -11       62

PRECIPITATION (IN)
  YESTERDAY        T             1.26 1983   0.05  -0.05     0.25
  MONTH TO DATE    0.71                      0.77  -0.06     0.95
  SINCE JUN 1      0.71                      0.77  -0.06     0.95
  SINCE JAN 1      8.31                      5.98   2.33    10.41

SNOWFALL (IN)
  YESTERDAY       MM                         0.0   MM        0.0
  MONTH TO DATE    0.0                       0.1   -0.1      0.0
  SINCE JUN 1      0.0                       0.1   -0.1      0.0
  SINCE JUL 1     70.0                      74.9   -4.9     86.6
  SNOW DEPTH       0

DEGREE DAYS
 HEATING
  YESTERDAY       15                         5     10        3
  MONTH TO DATE   38                        86    -48       33
  SINCE JUN 1     38                        86    -48       33
  SINCE JUL 1   6989                      7530   -541     6938

 COOLING
  YESTERDAY        0                         1     -1        0
  MONTH TO DATE   14                        12      2       36
  SINCE JUN 1     14                        12      2       36
  SINCE JAN 1     14                        16     -2       36
..................................................................


WIND (MPH)
  HIGHEST WIND SPEED    41   HIGHEST WIND DIRECTION    SW (240)
  HIGHEST GUST SPEED    52   HIGHEST GUST DIRECTION    SW (240)
  AVERAGE WIND SPEED    22.2


SKY COVER
  POSSIBLE SUNSHINE  MM
  AVERAGE SKY COVER 0.3


WEATHER CONDITIONS
 THE FOLLOWING WEATHER WAS RECORDED YESTERDAY.
  LIGHT RAIN


RELATIVE HUMIDITY (PERCENT)
 HIGHEST    82           400 AM
 LOWEST     24          1200 PM
 AVERAGE    53

..........................................................


THE CASPER WY CLIMATE NORMALS FOR TODAY
                         NORMAL    RECORD    YEAR
 MAXIMUM TEMPERATURE (F)   78        93      2006
 MINIMUM TEMPERATURE (F)   45        30      1969


SUNRISE AND SUNSET
JUNE 14 2017..........SUNRISE   526 AM MDT   SUNSET   846 PM MDT
JUNE 15 2017..........SUNRISE   526 AM MDT   SUNSET   847 PM MDT


-  INDICATES NEGATIVE NUMBERS.
R  INDICATES RECORD WAS SET OR TIED.
MM INDICATES DATA IS MISSING.
T  INDICATES TRACE AMOUNT.




$$
