000
CDUS45 KRIW 150935 CCA
CLICPR

CLIMATE REPORT...CORRECTED
NATIONAL WEATHER SERVICE RIVERTON WY
130 AM MDT WED OCT 15 2014


...................................

...THE CASPER WY CLIMATE SUMMARY FOR OCTOBER 14 2014...

CLIMATE NORMAL PERIOD 1981 TO 2010
CLIMATE RECORD PERIOD 1939 TO 2014


WEATHER ITEM   OBSERVED TIME   RECORD YEAR NORMAL DEPARTURE LAST
                VALUE   (LST)  VALUE       VALUE  FROM      YEAR
                                                  NORMAL
..................................................................
TEMPERATURE (F)
 YESTERDAY
  MAXIMUM         69    316 PM  80    1958  60      9       40
  MINIMUM         37    151 AM   9    1969  31      6       30
  AVERAGE         53                        46      7       35

PRECIPITATION (IN)
  YESTERDAY        0.00          0.53 1957   0.03  -0.03     0.12
  MONTH TO DATE    1.05                      0.53   0.52     2.88
  SINCE SEP 1      1.69                      1.61   0.08     4.35
  SINCE JAN 1     10.07                     10.69  -0.62    13.55

SNOWFALL (IN)
  YESTERDAY        0.0                       0.2   -0.2       T
  MONTH TO DATE    3.2                       2.8    0.4     16.2
  SINCE SEP 1      4.2                       4.6   -0.4     21.0
  SINCE JUL 1      4.2                       4.6   -0.4     21.0
  SNOW DEPTH       0

DEGREE DAYS
 HEATING
  YESTERDAY       12                        19     -7       30
  MONTH TO DATE  197                       239    -42      314
  SINCE SEP 1    387                       478    -91      481
  SINCE JUL 1    434                       524    -90      481

 COOLING
  YESTERDAY        0                         0      0        0
  MONTH TO DATE    0                         0      0        0
  SINCE SEP 1     29                        25      4       80
  SINCE JAN 1    357                       422    -65      618
..................................................................


WIND (MPH)
  HIGHEST WIND SPEED    30   HIGHEST WIND DIRECTION    SW (210)
  HIGHEST GUST SPEED    37   HIGHEST GUST DIRECTION    SW (210)
  AVERAGE WIND SPEED    16.8


SKY COVER
  POSSIBLE SUNSHINE  MM
  AVERAGE SKY COVER 0.0


WEATHER CONDITIONS
 THE FOLLOWING WEATHER WAS RECORDED YESTERDAY.
  NO SIGNIFICANT WEATHER WAS OBSERVED.


RELATIVE HUMIDITY (PERCENT)
 HIGHEST    70          1200 AM
 LOWEST     23           300 PM
 AVERAGE    47

..........................................................


THE CASPER WY CLIMATE NORMALS FOR TODAY
                         NORMAL    RECORD    YEAR
 MAXIMUM TEMPERATURE (F)   60        80      1991
                                             1958
 MINIMUM TEMPERATURE (F)   31        20      2002
                                             1960


SUNRISE AND SUNSET
OCTOBER 15 2014.......SUNRISE   719 AM MDT   SUNSET   623 PM MDT
OCTOBER 16 2014.......SUNRISE   721 AM MDT   SUNSET   622 PM MDT


-  INDICATES NEGATIVE NUMBERS.
R  INDICATES RECORD WAS SET OR TIED.
MM INDICATES DATA IS MISSING.
T  INDICATES TRACE AMOUNT.




$$
