000
CDUS45 KRIW 200737
CLICPR


CLIMATE REPORT
NATIONAL WEATHER SERVICE RIVERTON WY
1230 AM MST TUE JAN 20 2015


...................................

...THE CASPER WY CLIMATE SUMMARY FOR JANUARY 19 2015...

CLIMATE NORMAL PERIOD 1981 TO 2010
CLIMATE RECORD PERIOD 1939 TO 2015


WEATHER ITEM   OBSERVED TIME   RECORD YEAR NORMAL DEPARTURE LAST
                VALUE   (LST)  VALUE       VALUE  FROM      YEAR
                                                  NORMAL
..................................................................
TEMPERATURE (F)
 YESTERDAY
  MAXIMUM         42    115 PM  57    2009  35      7       43
  MINIMUM         24    810 PM -25    1963  15      9       31
  AVERAGE         33                        25      8       37

PRECIPITATION (IN)
  YESTERDAY        0.00          0.22 1991   0.02  -0.02     0.00
  MONTH TO DATE    0.35                      0.31   0.04     0.58
  SINCE DEC 1      1.60                      0.80   0.80     1.78
  SINCE JAN 1      0.35                      0.31   0.04     0.58

SNOWFALL (IN)
  YESTERDAY        0.0                       0.3   -0.3      0.0
  MONTH TO DATE    6.1                       5.7    0.4     10.2
  SINCE DEC 1     23.9                      16.7    7.2     25.9
  SINCE JUL 1     38.7                      36.2    2.5     50.7
  SNOW DEPTH      MM

DEGREE DAYS
 HEATING
  YESTERDAY       32                        40     -8       28
  MONTH TO DATE  814                       765     49      764
  SINCE DEC 1   1938                      2040   -102     2140
  SINCE JUL 1   3713                      3894   -181     3984

 COOLING
  YESTERDAY        0                         0      0        0
  MONTH TO DATE    0                         0      0        0
  SINCE DEC 1      0                         0      0        0
  SINCE JAN 1      0                         0      0        0
..................................................................


WIND (MPH)
  HIGHEST WIND SPEED    21   HIGHEST WIND DIRECTION    SW (230)
  HIGHEST GUST SPEED    25   HIGHEST GUST DIRECTION    SW (220)
  AVERAGE WIND SPEED     8.9


SKY COVER
  POSSIBLE SUNSHINE  MM
  AVERAGE SKY COVER 0.2


WEATHER CONDITIONS
 THE FOLLOWING WEATHER WAS RECORDED YESTERDAY.
  NO SIGNIFICANT WEATHER WAS OBSERVED.


RELATIVE HUMIDITY (PERCENT)
 HIGHEST    85           700 AM
 LOWEST     45           100 PM
 AVERAGE    65

..........................................................


THE CASPER WY CLIMATE NORMALS FOR TODAY
                         NORMAL    RECORD    YEAR
 MAXIMUM TEMPERATURE (F)   35        57      2005
 MINIMUM TEMPERATURE (F)   15       -19      1959


SUNRISE AND SUNSET
JANUARY 20 2015.......SUNRISE   731 AM MST   SUNSET   503 PM MST
JANUARY 21 2015.......SUNRISE   731 AM MST   SUNSET   504 PM MST


-  INDICATES NEGATIVE NUMBERS.
R  INDICATES RECORD WAS SET OR TIED.
MM INDICATES DATA IS MISSING.
T  INDICATES TRACE AMOUNT.




$$
