000
CDUS45 KRIW 030029
CLICPR


CLIMATE REPORT
NATIONAL WEATHER SERVICE RIVERTON WY
628 PM MDT WED APR 2 2014


...................................

...THE CASPER WY CLIMATE SUMMARY FOR APRIL 2 2014...
VALID TODAY AS OF 0500 PM LOCAL TIME.

CLIMATE NORMAL PERIOD 1981 TO 2010
CLIMATE RECORD PERIOD 1939 TO 2014


WEATHER ITEM   OBSERVED TIME   RECORD YEAR NORMAL DEPARTURE LAST
                VALUE   (LST)  VALUE       VALUE  FROM      YEAR
                                                  NORMAL
..................................................................
TEMPERATURE (F)
 TODAY
  MAXIMUM         48        MM  75    2011  53     -5       58
  MINIMUM         29        MM  -2    1975  26      3       19
  AVERAGE         39                        39      0       39

PRECIPITATION (IN)
  TODAY            0.19          1.57 1964   0.04   0.15     0.00
  MONTH TO DATE    0.19                      0.07   0.12     0.00
  SINCE MAR 1      1.83                      0.89   0.94     0.85
  SINCE JAN 1      3.31                      1.97   1.34     1.62

SNOWFALL (IN)
  TODAY            1.8                       0.4    1.4      0.0
  MONTH TO DATE    1.8                       0.9    0.9      0.0
  SINCE MAR 1     20.5                      11.8    8.7     10.5
  SINCE JUL 1     86.7                      61.2   25.5     43.2
  SNOW DEPTH       0

DEGREE DAYS
 HEATING
  TODAY           26                        26      0       26
  MONTH TO DATE   55                        52      3       53
  SINCE MAR 1    967                       977    -10     1014
  SINCE JUL 1   6731                      6425    306     6064

 COOLING
  TODAY            0                         0      0        0
  MONTH TO DATE    0                         0      0        0
  SINCE MAR 1      0                         0      0        0
  SINCE JAN 1      0                         0      0        0
..................................................................


WIND (MPH)
  HIGHEST WIND SPEED    20   HIGHEST WIND DIRECTION     S (190)
  HIGHEST GUST SPEED    24   HIGHEST GUST DIRECTION    NW (320)
  AVERAGE WIND SPEED    10.3


SKY COVER
  POSSIBLE SUNSHINE  MM
  AVERAGE SKY COVER 0.9


WEATHER CONDITIONS
 THE FOLLOWING WEATHER WAS RECORDED TODAY.
  SNOW
  LIGHT SNOW
  FOG
  FOG W/VISIBILITY <= 1/4 MILE


RELATIVE HUMIDITY (PERCENT)
 HIGHEST   100           100 AM
 LOWEST     38           200 PM
 AVERAGE    69

..........................................................


THE CASPER WY CLIMATE NORMALS FOR TOMORROW
                         NORMAL    RECORD    YEAR
 MAXIMUM TEMPERATURE (F)   53        74      1943
 MINIMUM TEMPERATURE (F)   26         1      1968
                                             1945


SUNRISE AND SUNSET
APRIL  2 2014.........SUNRISE   646 AM MDT   SUNSET   733 PM MDT
APRIL  3 2014.........SUNRISE   644 AM MDT   SUNSET   735 PM MDT


-  INDICATES NEGATIVE NUMBERS.
R  INDICATES RECORD WAS SET OR TIED.
MM INDICATES DATA IS MISSING.
T  INDICATES TRACE AMOUNT.




$$
