000
CDUS45 KRIW 240738
CLICPR


CLIMATE REPORT
NATIONAL WEATHER SERVICE RIVERTON WY
128 AM MDT SUN AUG 24 2014


...................................

...THE CASPER WY CLIMATE SUMMARY FOR AUGUST 23 2014...

CLIMATE NORMAL PERIOD 1981 TO 2010
CLIMATE RECORD PERIOD 1939 TO 2014


WEATHER ITEM   OBSERVED TIME   RECORD YEAR NORMAL DEPARTURE LAST
                VALUE   (LST)  VALUE       VALUE  FROM      YEAR
                                                  NORMAL
..................................................................
TEMPERATURE (F)
 YESTERDAY
  MAXIMUM         71    208 PM  97    2006  85    -14       90
  MINIMUM         45   1154 PM  41    1966  50     -5       63
  AVERAGE         58                        68    -10       77

PRECIPITATION (IN)
  YESTERDAY        0.04          0.80 1972   0.03   0.01     0.02
  MONTH TO DATE    0.74                      0.67   0.07     0.70
  SINCE JUN 1      3.26                      3.69  -0.43     3.23
  SINCE JAN 1      8.02                      8.90  -0.88     9.20

SNOWFALL (IN)
  YESTERDAY        0.0                       0.0    0.0      0.0
  MONTH TO DATE    0.0                       0.0    0.0      0.0
  SINCE JUN 1      T                         0.1   -0.1      0.0
  SINCE JUL 1      T                         0.0    0.0      0.0
  SNOW DEPTH       0

DEGREE DAYS
 HEATING
  YESTERDAY        7                         1      6        0
  MONTH TO DATE    8                        14     -6        0
  SINCE JUN 1    182                       166     16       72
  SINCE JUL 1     24                        30     -6        0

 COOLING
  YESTERDAY        0                         4     -4       12
  MONTH TO DATE  111                       128    -17      142
  SINCE JUN 1    316                       369    -53      455
  SINCE JAN 1    322                       373    -51      465
..................................................................


WIND (MPH)
  HIGHEST WIND SPEED    30   HIGHEST WIND DIRECTION    SW (210)
  HIGHEST GUST SPEED    37   HIGHEST GUST DIRECTION    SW (210)
  AVERAGE WIND SPEED    13.1


SKY COVER
  POSSIBLE SUNSHINE  MM
  AVERAGE SKY COVER 0.5


WEATHER CONDITIONS
 THE FOLLOWING WEATHER WAS RECORDED YESTERDAY.
  LIGHT RAIN
  FOG


RELATIVE HUMIDITY (PERCENT)
 HIGHEST    93          1200 AM
 LOWEST     32           500 PM
 AVERAGE    63

..........................................................


THE CASPER WY CLIMATE NORMALS FOR TODAY
                         NORMAL    RECORD    YEAR
 MAXIMUM TEMPERATURE (F)   85        97      1994
 MINIMUM TEMPERATURE (F)   50        39      2010


SUNRISE AND SUNSET
AUGUST 24 2014........SUNRISE   622 AM MDT   SUNSET   754 PM MDT
AUGUST 25 2014........SUNRISE   623 AM MDT   SUNSET   752 PM MDT


-  INDICATES NEGATIVE NUMBERS.
R  INDICATES RECORD WAS SET OR TIED.
MM INDICATES DATA IS MISSING.
T  INDICATES TRACE AMOUNT.




$$
