000
CDUS45 KRIW 200030
CLICPR


CLIMATE REPORT
NATIONAL WEATHER SERVICE RIVERTON WY
630 PM MDT FRI AUG 19 2016


...................................

...THE CASPER WY CLIMATE SUMMARY FOR AUGUST 19 2016...
VALID TODAY AS OF 0500 PM LOCAL TIME.

CLIMATE NORMAL PERIOD 1981 TO 2010
CLIMATE RECORD PERIOD 1939 TO 2016


WEATHER ITEM   OBSERVED TIME   RECORD YEAR NORMAL DEPARTURE LAST
                VALUE   (LST)  VALUE       VALUE  FROM      YEAR
                                                  NORMAL
..................................................................
TEMPERATURE (F)
 TODAY
  MAXIMUM         54        MM  96    2013  86    -32       75
  MINIMUM         47        MM  37    2002  51     -4       41
  AVERAGE         51                        69    -18       58

PRECIPITATION (IN)
  TODAY            0.24          1.35 1979   0.03   0.21     0.00
  MONTH TO DATE    0.52                      0.58  -0.06     0.83
  SINCE JUN 1      1.93                      3.60  -1.67     2.90
  SINCE JAN 1     11.39                      8.81   2.58    10.40

SNOWFALL (IN)
  TODAY           MM                         0.0   MM        0.0
  MONTH TO DATE    0.0                       0.0    0.0      0.0
  SINCE JUN 1      0.0                       0.1   -0.1      0.0
  SINCE JUL 1      0.0                       0.0    0.0      0.0
  SNOW DEPTH       0

DEGREE DAYS
 HEATING
  TODAY           14                         1     13        7
  MONTH TO DATE   18                        10      8       22
  SINCE JUN 1     60                       162   -102       64
  SINCE JUL 1     23                        26     -3       38

 COOLING
  TODAY            0                         5     -5        0
  MONTH TO DATE   96                       112    -16       95
  SINCE JUN 1    405                       353     52      301
  SINCE JAN 1    405                       357     48      301
..................................................................


WIND (MPH)
  HIGHEST WIND SPEED    16   HIGHEST WIND DIRECTION     N (10)
  HIGHEST GUST SPEED    MM   HIGHEST GUST DIRECTION    MM
  AVERAGE WIND SPEED     8.2


SKY COVER
  POSSIBLE SUNSHINE  MM
  AVERAGE SKY COVER 0.7


WEATHER CONDITIONS
 THE FOLLOWING WEATHER WAS RECORDED TODAY.
  RAIN
  LIGHT RAIN
  FOG
  FOG W/VISIBILITY <= 1/4 MILE


RELATIVE HUMIDITY (PERCENT)
 HIGHEST   100           200 AM
 LOWEST     77           400 PM
 AVERAGE    89

..........................................................


THE CASPER WY CLIMATE NORMALS FOR TOMORROW
                         NORMAL    RECORD    YEAR
 MAXIMUM TEMPERATURE (F)   86        97      1973
 MINIMUM TEMPERATURE (F)   51        40      1964


SUNRISE AND SUNSET
AUGUST 19 2016........SUNRISE   617 AM MDT   SUNSET   801 PM MDT
AUGUST 20 2016........SUNRISE   618 AM MDT   SUNSET   759 PM MDT


-  INDICATES NEGATIVE NUMBERS.
R  INDICATES RECORD WAS SET OR TIED.
MM INDICATES DATA IS MISSING.
T  INDICATES TRACE AMOUNT.




$$
