156
CDUS45 KRIW 150048
CLICPR


CLIMATE REPORT
NATIONAL WEATHER SERVICE RIVERTON WY
548 PM MST TUE FEB 14 2017


...................................

...THE CASPER WY CLIMATE SUMMARY FOR FEBRUARY 14 2017...
VALID TODAY AS OF 0500 PM LOCAL TIME.

CLIMATE NORMAL PERIOD 1981 TO 2010
CLIMATE RECORD PERIOD 1939 TO 2017


WEATHER ITEM   OBSERVED TIME   RECORD YEAR NORMAL DEPARTURE LAST
                VALUE   (LST)  VALUE       VALUE  FROM      YEAR
                                                  NORMAL
..................................................................
TEMPERATURE (F)
 TODAY
  MAXIMUM         49        MM  57    2015  37     12       46
                                      1981
  MINIMUM         17    300 AM -14    2010  15      2       25
  AVERAGE         33                        26      7       36

PRECIPITATION (IN)
  TODAY            0.00          0.59 1995   0.02  -0.02     0.02
  MONTH TO DATE    0.34                      0.27   0.07     0.36
  SINCE DEC 1      2.19                      1.27   0.92     2.41
  SINCE JAN 1      0.88                      0.78   0.10     1.35

SNOWFALL (IN)
  TODAY            0.0                       0.3   -0.3      0.3
  MONTH TO DATE    4.9                       4.8    0.1     14.9
  SINCE DEC 1     40.9                      24.9   16.0     45.1
  SINCE JUL 1     44.1                      44.4   -0.3     58.4
  SNOW DEPTH       0

DEGREE DAYS
 HEATING
  TODAY           32                        39     -7       29
  MONTH TO DATE  495                       555    -60      550
  SINCE DEC 1   3319                      3078    241     3000
  SINCE JUL 1   4745                      4932   -187     4522

 COOLING
  TODAY            0                         0      0        0
  MONTH TO DATE    0                         0      0        0
  SINCE DEC 1      0                         0      0        0
  SINCE JAN 1      0                         0      0        0
..................................................................


WIND (MPH)
  HIGHEST WIND SPEED    12   HIGHEST WIND DIRECTION    SW (230)
  HIGHEST GUST SPEED    16   HIGHEST GUST DIRECTION    SW (230)
  AVERAGE WIND SPEED     6.0


SKY COVER
  POSSIBLE SUNSHINE  MM
  AVERAGE SKY COVER 0.0


WEATHER CONDITIONS
 THE FOLLOWING WEATHER WAS RECORDED TODAY.
  NO SIGNIFICANT WEATHER WAS OBSERVED.


RELATIVE HUMIDITY (PERCENT)
 HIGHEST    84          1200 AM
 LOWEST     26           300 PM
 AVERAGE    55

..........................................................


THE CASPER WY CLIMATE NORMALS FOR TOMORROW
                         NORMAL    RECORD    YEAR
 MAXIMUM TEMPERATURE (F)   37        59      1991
 MINIMUM TEMPERATURE (F)   15       -15      1993


SUNRISE AND SUNSET
FEBRUARY 14 2017......SUNRISE   704 AM MST   SUNSET   536 PM MST
FEBRUARY 15 2017......SUNRISE   703 AM MST   SUNSET   538 PM MST


-  INDICATES NEGATIVE NUMBERS.
R  INDICATES RECORD WAS SET OR TIED.
MM INDICATES DATA IS MISSING.
T  INDICATES TRACE AMOUNT.




$$
