000
CDUS45 KRIW 280732
CLICPR


CLIMATE REPORT
NATIONAL WEATHER SERVICE RIVERTON WY
131 AM MDT TUE JUL 28 2015


...................................

...THE CASPER WY CLIMATE SUMMARY FOR JULY 27 2015...

CLIMATE NORMAL PERIOD 1981 TO 2010
CLIMATE RECORD PERIOD 1939 TO 2015


WEATHER ITEM   OBSERVED TIME   RECORD YEAR NORMAL DEPARTURE LAST
                VALUE   (LST)  VALUE       VALUE  FROM      YEAR
                                                  NORMAL
..................................................................
TEMPERATURE (F)
 YESTERDAY
  MAXIMUM         94   1233 PM  99    2008  89      5       87
  MINIMUM         50   1101 PM  45    2005  54     -4       47
  AVERAGE         72                        72      0       67

PRECIPITATION (IN)
  YESTERDAY        0.02          1.32 2007   0.04  -0.02      T
  MONTH TO DATE    0.57                      1.23  -0.66     1.11
  SINCE JUN 1      2.07                      2.84  -0.77     2.46
  SINCE JAN 1      9.57                      8.05   1.52     7.22

SNOWFALL (IN)
  YESTERDAY        0.0                       0.0    0.0      0.0
  MONTH TO DATE    0.0                       0.0    0.0       T
  SINCE JUN 1      0.0                       0.1   -0.1       T
  SINCE JUL 1      0.0                       0.0    0.0       T
  SNOW DEPTH       0

DEGREE DAYS
 HEATING
  YESTERDAY        0                         0      0        0
  MONTH TO DATE    7                        11     -4       16
  SINCE JUN 1     33                       147   -114      174
  SINCE JUL 1      7                        11     -4       16

 COOLING
  YESTERDAY        7                         7      0        2
  MONTH TO DATE  126                       162    -36      180
  SINCE JUN 1    202                       215    -13      197
  SINCE JAN 1    202                       219    -17      203
..................................................................


WIND (MPH)
  HIGHEST WIND SPEED    51   HIGHEST WIND DIRECTION     W (260)
  HIGHEST GUST SPEED    62   HIGHEST GUST DIRECTION     W (250)
  AVERAGE WIND SPEED    16.4


SKY COVER
  POSSIBLE SUNSHINE  MM
  AVERAGE SKY COVER 0.1


WEATHER CONDITIONS
 THE FOLLOWING WEATHER WAS RECORDED YESTERDAY.
  THUNDERSTORM
  LIGHT RAIN


RELATIVE HUMIDITY (PERCENT)
 HIGHEST    44          1100 PM
 LOWEST     12           100 PM
 AVERAGE    28

..........................................................


THE CASPER WY CLIMATE NORMALS FOR TODAY
                         NORMAL    RECORD    YEAR
 MAXIMUM TEMPERATURE (F)   89       100      2006
 MINIMUM TEMPERATURE (F)   54        43      1971


SUNRISE AND SUNSET
JULY 28 2015..........SUNRISE   553 AM MDT   SUNSET   831 PM MDT
JULY 29 2015..........SUNRISE   554 AM MDT   SUNSET   830 PM MDT


-  INDICATES NEGATIVE NUMBERS.
R  INDICATES RECORD WAS SET OR TIED.
MM INDICATES DATA IS MISSING.
T  INDICATES TRACE AMOUNT.




$$
