607
CDUS45 KRIW 100159
CLICPR


CLIMATE REPORT
NATIONAL WEATHER SERVICE RIVERTON WY
659 PM MST MON JAN 9 2017


...................................

...THE CASPER WY CLIMATE SUMMARY FOR JANUARY 9 2017...
VALID TODAY AS OF 0500 PM LOCAL TIME.

CLIMATE NORMAL PERIOD 1981 TO 2010
CLIMATE RECORD PERIOD 1939 TO 2017


WEATHER ITEM   OBSERVED TIME   RECORD YEAR NORMAL DEPARTURE LAST
                VALUE   (LST)  VALUE       VALUE  FROM      YEAR
                                                  NORMAL
..................................................................
TEMPERATURE (F)
 TODAY
  MAXIMUM         42        MM  54    1953  35      7       25
  MINIMUM         39        MM -30    1962  14     25        6
  AVERAGE         41                        25     16       16

PRECIPITATION (IN)
  TODAY            0.00          0.24 1984   0.02  -0.02     0.00
  MONTH TO DATE    0.17                      0.15   0.02     0.30
  SINCE DEC 1      1.48                      0.64   0.84     1.36
  SINCE JAN 1      0.17                      0.15   0.02     0.30

SNOWFALL (IN)
  TODAY            0.0                       0.3   -0.3      0.0
  MONTH TO DATE    4.4                       2.9    1.5      3.4
  SINCE DEC 1     26.6                      13.9   12.7     20.2
  SINCE JUL 1     29.8                      33.4   -3.6     33.5
  SNOW DEPTH      MM

DEGREE DAYS
 HEATING
  TODAY           24                        40    -16       49
  MONTH TO DATE  473                       365    108      376
  SINCE DEC 1   1930                      1640    290     1616
  SINCE JUL 1   3356                      3494   -138     3138

 COOLING
  TODAY            0                         0      0        0
  MONTH TO DATE    0                         0      0        0
  SINCE DEC 1      0                         0      0        0
  SINCE JAN 1      0                         0      0        0
..................................................................


WIND (MPH)
  HIGHEST WIND SPEED    39   HIGHEST WIND DIRECTION    SW (210)
  HIGHEST GUST SPEED    54   HIGHEST GUST DIRECTION    SW (220)
  AVERAGE WIND SPEED    29.1


SKY COVER
  POSSIBLE SUNSHINE  MM
  AVERAGE SKY COVER 0.4


WEATHER CONDITIONS
 THE FOLLOWING WEATHER WAS RECORDED TODAY.
  LIGHT RAIN


RELATIVE HUMIDITY (PERCENT)
 HIGHEST    79          1000 AM
 LOWEST     65           300 AM
 AVERAGE    72

..........................................................


THE CASPER WY CLIMATE NORMALS FOR TOMORROW
                         NORMAL    RECORD    YEAR
 MAXIMUM TEMPERATURE (F)   35        59      1990
 MINIMUM TEMPERATURE (F)   14       -26      1962


SUNRISE AND SUNSET
JANUARY  9 2017.......SUNRISE   736 AM MST   SUNSET   450 PM MST
JANUARY 10 2017.......SUNRISE   736 AM MST   SUNSET   452 PM MST


-  INDICATES NEGATIVE NUMBERS.
R  INDICATES RECORD WAS SET OR TIED.
MM INDICATES DATA IS MISSING.
T  INDICATES TRACE AMOUNT.




$$
