422
CDUS45 KRIW 300051
CLICPR


CLIMATE REPORT
NATIONAL WEATHER SERVICE RIVERTON WY
549 PM MST FRI JAN 29 2016


...................................

...THE CASPER WY CLIMATE SUMMARY FOR JANUARY 29 2016...
VALID TODAY AS OF 0500 PM LOCAL TIME.

CLIMATE NORMAL PERIOD 1981 TO 2010
CLIMATE RECORD PERIOD 1939 TO 2016


WEATHER ITEM   OBSERVED TIME   RECORD YEAR NORMAL DEPARTURE LAST
                VALUE   (LST)  VALUE       VALUE  FROM      YEAR
                                                  NORMAL
..................................................................
TEMPERATURE (F)
 TODAY
  MAXIMUM         43    100 PM  53    1971  35      8       46
  MINIMUM         30        MM -28    1980  14     16       21
  AVERAGE         37                        25     12       34

PRECIPITATION (IN)
  TODAY            T             0.18 1994   0.02  -0.02     0.00
  MONTH TO DATE    0.58                      0.48   0.10     0.51
  SINCE DEC 1      1.64                      0.97   0.67     1.76
  SINCE JAN 1      0.58                      0.48   0.10     0.51

SNOWFALL (IN)
  TODAY            0.0                       0.3   -0.3      0.0
  MONTH TO DATE    7.8                       8.5   -0.7      6.1
  SINCE DEC 1     24.6                      19.5    5.1     23.9
  SINCE JUL 1     37.9                      39.0   -1.1     38.7
  SNOW DEPTH       1

DEGREE DAYS
 HEATING
  TODAY           28                        40    -12       31
  MONTH TO DATE 1126                      1165    -39     1120
  SINCE DEC 1   2366                      2440    -74     2244
  SINCE JUL 1   3888                      4294   -406     4019

 COOLING
  TODAY            0                         0      0        0
  MONTH TO DATE    0                         0      0        0
  SINCE DEC 1      0                         0      0        0
  SINCE JAN 1      0                         0      0        0
..................................................................


WIND (MPH)
  HIGHEST WIND SPEED    31   HIGHEST WIND DIRECTION    SW (220)
  HIGHEST GUST SPEED    45   HIGHEST GUST DIRECTION    SW (210)
  AVERAGE WIND SPEED    22.6


SKY COVER
  POSSIBLE SUNSHINE  MM
  AVERAGE SKY COVER 0.2


WEATHER CONDITIONS
 THE FOLLOWING WEATHER WAS RECORDED TODAY.
  LIGHT RAIN


RELATIVE HUMIDITY (PERCENT)
 HIGHEST    69           600 AM
 LOWEST     45           100 PM
 AVERAGE    57

..........................................................


THE CASPER WY CLIMATE NORMALS FOR TOMORROW
                         NORMAL    RECORD    YEAR
 MAXIMUM TEMPERATURE (F)   35        60      1971
 MINIMUM TEMPERATURE (F)   14       -26      1985


SUNRISE AND SUNSET
JANUARY 29 2016.......SUNRISE   724 AM MST   SUNSET   514 PM MST
JANUARY 30 2016.......SUNRISE   723 AM MST   SUNSET   516 PM MST


-  INDICATES NEGATIVE NUMBERS.
R  INDICATES RECORD WAS SET OR TIED.
MM INDICATES DATA IS MISSING.
T  INDICATES TRACE AMOUNT.




$$
