000
CDUS45 KRIW 070032
CLICPR


CLIMATE REPORT
NATIONAL WEATHER SERVICE RIVERTON WY
530 PM MST TUE FEB 6 2018


...................................

...THE CASPER WY CLIMATE SUMMARY FOR FEBRUARY 6 2018...
VALID TODAY AS OF 0500 PM LOCAL TIME.

CLIMATE NORMAL PERIOD 1981 TO 2010
CLIMATE RECORD PERIOD 1939 TO 2018


WEATHER ITEM   OBSERVED TIME   RECORD YEAR NORMAL DEPARTURE LAST
                VALUE   (LST)  VALUE       VALUE  FROM      YEAR
                                                  NORMAL
..................................................................
TEMPERATURE (F)
 TODAY
  MAXIMUM         43        MM  63    1963  36      7       49
  MINIMUM         14        MM -26    2014  15     -1       35
  AVERAGE         29                        25      4       42

PRECIPITATION (IN)
  TODAY            0.00          0.21 1986   0.02  -0.02     0.00
  MONTH TO DATE    0.09                      0.11  -0.02     0.01
  SINCE DEC 1      2.14                      1.11   1.03     1.86
  SINCE JAN 1      0.77                      0.62   0.15     0.55

SNOWFALL (IN)
  TODAY            0.0                       0.3   -0.3      0.0
  MONTH TO DATE    0.8                       2.0   -1.2      0.7
  SINCE DEC 1     32.5                      22.1   10.4     36.7
  SINCE JUL 1     41.7                      41.6    0.1     39.9
  SNOW DEPTH       T

DEGREE DAYS
 HEATING
  TODAY           36                        40     -4       23
  MONTH TO DATE  217                       240    -23      241
  SINCE DEC 1   2677                      2763    -86     3065
  SINCE JUL 1   4421                      4617   -196     4491

 COOLING
  TODAY            0                         0      0        0
  MONTH TO DATE    0                         0      0        0
  SINCE DEC 1      0                         0      0        0
  SINCE JAN 1      0                         0      0        0
..................................................................


WIND (MPH)
  HIGHEST WIND SPEED    23   HIGHEST WIND DIRECTION    NE (30)
  HIGHEST GUST SPEED    30   HIGHEST GUST DIRECTION    NE (30)
  AVERAGE WIND SPEED     7.4


SKY COVER
  POSSIBLE SUNSHINE  MM
  AVERAGE SKY COVER 0.7


WEATHER CONDITIONS
 THE FOLLOWING WEATHER WAS RECORDED TODAY.
  FOG


RELATIVE HUMIDITY (PERCENT)
 HIGHEST   100           300 AM
 LOWEST     49           100 PM
 AVERAGE    75

..........................................................


THE CASPER WY CLIMATE NORMALS FOR TOMORROW
                         NORMAL    RECORD    YEAR
 MAXIMUM TEMPERATURE (F)   36        60      2015
 MINIMUM TEMPERATURE (F)   15       -16      1971


SUNRISE AND SUNSET
FEBRUARY  6 2018......SUNRISE   715 AM MST   SUNSET   526 PM MST
FEBRUARY  7 2018......SUNRISE   714 AM MST   SUNSET   527 PM MST


-  INDICATES NEGATIVE NUMBERS.
R  INDICATES RECORD WAS SET OR TIED.
MM INDICATES DATA IS MISSING.
T  INDICATES TRACE AMOUNT.




$$
