000
CDUS45 KRIW 100736
CLICPR


CLIMATE REPORT
NATIONAL WEATHER SERVICE RIVERTON WY
132 AM MDT THU APR 10 2014


...................................

...THE CASPER WY CLIMATE SUMMARY FOR APRIL 9 2014...

CLIMATE NORMAL PERIOD 1981 TO 2010
CLIMATE RECORD PERIOD 1939 TO 2014


WEATHER ITEM   OBSERVED TIME   RECORD YEAR NORMAL DEPARTURE LAST
                VALUE   (LST)  VALUE       VALUE  FROM      YEAR
                                                  NORMAL
..................................................................
TEMPERATURE (F)
 YESTERDAY
  MAXIMUM         71    355 PM  78    1977  55     16       13
  MINIMUM         39   1131 PM   4    2013  27     12        4
                                      1973
  AVERAGE         55                        41     14        9

PRECIPITATION (IN)
  YESTERDAY        0.00          0.93 1950   0.04  -0.04     0.64
  MONTH TO DATE    0.23                      0.32  -0.09     1.07
  SINCE MAR 1      1.87                      1.14   0.73     1.92
  SINCE JAN 1      3.35                      2.22   1.13     2.69

SNOWFALL (IN)
  YESTERDAY        0.0                       0.4   -0.4      8.9
  MONTH TO DATE    1.8                       3.9   -2.1     14.9
  SINCE MAR 1     20.5                      14.8    5.7     25.4
  SINCE JUL 1     86.7                      64.2   22.5     58.1
  SNOW DEPTH       0

DEGREE DAYS
 HEATING
  YESTERDAY       10                        24    -14       56
  MONTH TO DATE  214                       225    -11      228
  SINCE MAR 1   1126                      1150    -24     1189
  SINCE JUL 1   6890                      6598    292     6239

 COOLING
  YESTERDAY        0                         0      0        0
  MONTH TO DATE    0                         0      0        0
  SINCE MAR 1      0                         0      0        0
  SINCE JAN 1      0                         0      0        0
..................................................................


WIND (MPH)
  HIGHEST WIND SPEED    35   HIGHEST WIND DIRECTION    SW (240)
  HIGHEST GUST SPEED    44   HIGHEST GUST DIRECTION    SW (240)
  AVERAGE WIND SPEED    15.7


SKY COVER
  POSSIBLE SUNSHINE  MM
  AVERAGE SKY COVER 0.1


WEATHER CONDITIONS
 THE FOLLOWING WEATHER WAS RECORDED YESTERDAY.
  NO SIGNIFICANT WEATHER WAS OBSERVED.


RELATIVE HUMIDITY (PERCENT)
 HIGHEST    70          1100 PM
 LOWEST     14           500 PM
 AVERAGE    42

..........................................................


THE CASPER WY CLIMATE NORMALS FOR TODAY
                         NORMAL    RECORD    YEAR
 MAXIMUM TEMPERATURE (F)   55        76      1996
 MINIMUM TEMPERATURE (F)   27        -2      1997


SUNRISE AND SUNSET
APRIL 10 2014.........SUNRISE   632 AM MDT   SUNSET   743 PM MDT
APRIL 11 2014.........SUNRISE   631 AM MDT   SUNSET   744 PM MDT


-  INDICATES NEGATIVE NUMBERS.
R  INDICATES RECORD WAS SET OR TIED.
MM INDICATES DATA IS MISSING.
T  INDICATES TRACE AMOUNT.




$$
