000
CDUS45 KRIW 200031
CLICPR


CLIMATE REPORT
NATIONAL WEATHER SERVICE RIVERTON WY
631 PM MDT SAT JUL 19 2014


...................................

...THE CASPER WY CLIMATE SUMMARY FOR JULY 19 2014...
VALID TODAY AS OF 0500 PM LOCAL TIME.

CLIMATE NORMAL PERIOD 1981 TO 2010
CLIMATE RECORD PERIOD 1939 TO 2014


WEATHER ITEM   OBSERVED TIME   RECORD YEAR NORMAL DEPARTURE LAST
                VALUE   (LST)  VALUE       VALUE  FROM      YEAR
                                                  NORMAL
..................................................................
TEMPERATURE (F)
 TODAY
  MAXIMUM         94        MM 101    1998  89      5       88
  MINIMUM         53        MM  45    2008  54     -1       58
                                      1972
  AVERAGE         74                        71      3       73

PRECIPITATION (IN)
  TODAY            0.00          1.22 1973   0.05  -0.05     0.04
  MONTH TO DATE    1.09                      0.85   0.24     1.32
  SINCE JUN 1      2.44                      2.46  -0.02     2.19
  SINCE JAN 1      7.20                      7.67  -0.47     8.16

SNOWFALL (IN)
  TODAY            0.0                       0.0    0.0      0.0
  MONTH TO DATE    T                         0.0    0.0      0.0
  SINCE JUN 1      T                         0.1   -0.1      0.0
  SINCE JUL 1      T                         0.0    0.0      0.0
  SNOW DEPTH       0

DEGREE DAYS
 HEATING
  TODAY            0                         0      0        0
  MONTH TO DATE   16                        11      5        0
  SINCE JUN 1    174                       147     27       72
  SINCE JUL 1     16                        11      5        0

 COOLING
  TODAY            9                         7      2        8
  MONTH TO DATE  105                       106     -1      153
  SINCE JUN 1    122                       159    -37      236
  SINCE JAN 1    128                       163    -35      246
..................................................................


WIND (MPH)
  HIGHEST WIND SPEED    16   HIGHEST WIND DIRECTION    NW (310)
  HIGHEST GUST SPEED    27   HIGHEST GUST DIRECTION     W (290)
  AVERAGE WIND SPEED    10.4


SKY COVER
  POSSIBLE SUNSHINE  MM
  AVERAGE SKY COVER 0.0


WEATHER CONDITIONS
 THE FOLLOWING WEATHER WAS RECORDED TODAY.
  NO SIGNIFICANT WEATHER WAS OBSERVED.


RELATIVE HUMIDITY (PERCENT)
 HIGHEST    77           300 AM
 LOWEST      8           300 PM
 AVERAGE    43

..........................................................


THE CASPER WY CLIMATE NORMALS FOR TOMORROW
                         NORMAL    RECORD    YEAR
 MAXIMUM TEMPERATURE (F)   89        99      2012
                                             2005
 MINIMUM TEMPERATURE (F)   54        43      1972


SUNRISE AND SUNSET
JULY 19 2014..........SUNRISE   544 AM MDT   SUNSET   840 PM MDT
JULY 20 2014..........SUNRISE   545 AM MDT   SUNSET   839 PM MDT


-  INDICATES NEGATIVE NUMBERS.
R  INDICATES RECORD WAS SET OR TIED.
MM INDICATES DATA IS MISSING.
T  INDICATES TRACE AMOUNT.




$$
