000
CDUS45 KRIW 010035
CLICPR


CLIMATE REPORT
NATIONAL WEATHER SERVICE RIVERTON WY
532 PM MST THU NOV 30 2017


...................................

...THE CASPER WY CLIMATE SUMMARY FOR NOVEMBER 30 2017...
VALID TODAY AS OF 0500 PM LOCAL TIME.

CLIMATE NORMAL PERIOD 1981 TO 2010
CLIMATE RECORD PERIOD 1939 TO 2017


WEATHER ITEM   OBSERVED TIME   RECORD YEAR NORMAL DEPARTURE LAST
                VALUE   (LST)  VALUE       VALUE  FROM      YEAR
                                                  NORMAL
..................................................................
TEMPERATURE (F)
 TODAY
  MAXIMUM         50        MM  63    1999  37     13       35
  MINIMUM         11    400 AM -17    1985  16     -5       14
  AVERAGE         31                        26      5       25

PRECIPITATION (IN)
  TODAY            0.00          0.15 2005   0.02  -0.02     0.00
  MONTH TO DATE    0.31                      0.76  -0.45     0.38
  SINCE SEP 1      2.81                      2.95  -0.14     2.09
  SINCE JAN 1     12.73                     12.03   0.70    14.26

SNOWFALL (IN)
  TODAY            0.0                       0.3   -0.3      0.0
  MONTH TO DATE    3.6                      10.3   -6.7      3.2
  SINCE SEP 1      9.2                      19.5  -10.3      3.2
  SINCE JUL 1      9.2                      19.5  -10.3      3.2
  SNOW DEPTH       0

DEGREE DAYS
 HEATING
  TODAY           34                        39     -5       40
  MONTH TO DATE  792                       958   -166      719
  SINCE SEP 1   1723                      1808    -85     1366
  SINCE JUL 1   1744                      1854   -110     1426

 COOLING
  TODAY            0                         0      0        0
  MONTH TO DATE    0                         0      0        0
  SINCE SEP 1     54                        25     29       29
  SINCE JAN 1    448                       422     26      451
..................................................................


WIND (MPH)
  HIGHEST WIND SPEED    24   HIGHEST WIND DIRECTION    SW (220)
  HIGHEST GUST SPEED    32   HIGHEST GUST DIRECTION    SW (220)
  AVERAGE WIND SPEED    14.0


SKY COVER
  POSSIBLE SUNSHINE  MM
  AVERAGE SKY COVER 0.0


WEATHER CONDITIONS
 THE FOLLOWING WEATHER WAS RECORDED TODAY.
  NO SIGNIFICANT WEATHER WAS OBSERVED.


RELATIVE HUMIDITY (PERCENT)
 HIGHEST    70           400 AM
 LOWEST     16          1200 PM
 AVERAGE    43

..........................................................


THE CASPER WY CLIMATE NORMALS FOR TOMORROW
                         NORMAL    RECORD    YEAR
 MAXIMUM TEMPERATURE (F)   37        63      1995
 MINIMUM TEMPERATURE (F)   16       -23      1985


SUNRISE AND SUNSET
NOVEMBER 30 2017......SUNRISE   716 AM MST   SUNSET   433 PM MST
DECEMBER  1 2017......SUNRISE   717 AM MST   SUNSET   432 PM MST


-  INDICATES NEGATIVE NUMBERS.
R  INDICATES RECORD WAS SET OR TIED.
MM INDICATES DATA IS MISSING.
T  INDICATES TRACE AMOUNT.




$$
