000
CDUS45 KRIW 190045
CLICPR


CLIMATE REPORT
NATIONAL WEATHER SERVICE RIVERTON WY
645 PM MDT WED MAY 18 2016


...................................

...THE CASPER WY CLIMATE SUMMARY FOR MAY 18 2016...
VALID TODAY AS OF 0500 PM LOCAL TIME.

CLIMATE NORMAL PERIOD 1981 TO 2010
CLIMATE RECORD PERIOD 1939 TO 2016


WEATHER ITEM   OBSERVED TIME   RECORD YEAR NORMAL DEPARTURE LAST
                VALUE   (LST)  VALUE       VALUE  FROM      YEAR
                                                  NORMAL
..................................................................
TEMPERATURE (F)
 TODAY
  MAXIMUM         68        MM  88    2009  68      0       51
                                      1992
  MINIMUM         30    500 AM  25    1943  38     -8       37
  AVERAGE         49                        53     -4       44

PRECIPITATION (IN)
  TODAY            0.00          1.19 1978   0.07  -0.07      T
  MONTH TO DATE    2.63                      1.17   1.46     1.62
  SINCE MAR 1      7.62                      3.28   4.34     3.92
  SINCE JAN 1      9.08                      4.36   4.72     5.23

SNOWFALL (IN)
  TODAY            0.0                       0.1   -0.1      0.0
  MONTH TO DATE    0.0                       2.5   -2.5      4.2
  SINCE MAR 1     27.9                      25.0    2.9     18.2
  SINCE JUL 1     86.6                      74.4   12.2     69.6
  SNOW DEPTH       0

DEGREE DAYS
 HEATING
  TODAY           16                        12      4       21
  MONTH TO DATE  321                       269     52      309
  SINCE MAR 1   1827                      1863    -36     1710
  SINCE JUL 1   6762                      7311   -549     6761

 COOLING
  TODAY            0                         0      0        0
  MONTH TO DATE    0                         0      0        0
  SINCE MAR 1      0                         0      0        0
  SINCE JAN 1      0                         0      0        0
..................................................................


WIND (MPH)
  HIGHEST WIND SPEED    16   HIGHEST WIND DIRECTION    SW (230)
  HIGHEST GUST SPEED    30   HIGHEST GUST DIRECTION    SW (210)
  AVERAGE WIND SPEED     6.3


SKY COVER
  POSSIBLE SUNSHINE  MM
  AVERAGE SKY COVER 0.0


WEATHER CONDITIONS
 THE FOLLOWING WEATHER WAS RECORDED TODAY.
  NO SIGNIFICANT WEATHER WAS OBSERVED.


RELATIVE HUMIDITY (PERCENT)
 HIGHEST    92           400 AM
 LOWEST     28           200 PM
 AVERAGE    60

..........................................................


THE CASPER WY CLIMATE NORMALS FOR TOMORROW
                         NORMAL    RECORD    YEAR
 MAXIMUM TEMPERATURE (F)   68        89      2009
                                             1992
 MINIMUM TEMPERATURE (F)   38        27      1968
                                             1966


SUNRISE AND SUNSET
MAY 18 2016...........SUNRISE   539 AM MDT   SUNSET   826 PM MDT
MAY 19 2016...........SUNRISE   538 AM MDT   SUNSET   827 PM MDT


-  INDICATES NEGATIVE NUMBERS.
R  INDICATES RECORD WAS SET OR TIED.
MM INDICATES DATA IS MISSING.
T  INDICATES TRACE AMOUNT.




$$
