000
CDUS45 KRIW 260737
CLICPR


CLIMATE REPORT
NATIONAL WEATHER SERVICE RIVERTON WY
128 AM MDT WED AUG 26 2015


...................................

...THE CASPER WY CLIMATE SUMMARY FOR AUGUST 25 2015...

CLIMATE NORMAL PERIOD 1981 TO 2010
CLIMATE RECORD PERIOD 1939 TO 2015


WEATHER ITEM   OBSERVED TIME   RECORD YEAR NORMAL DEPARTURE LAST
                VALUE   (LST)  VALUE       VALUE  FROM      YEAR
                                                  NORMAL
..................................................................
TEMPERATURE (F)
 YESTERDAY
  MAXIMUM         95    343 PM  96    2011  85     10       75
                                      1994
                                      1969
  MINIMUM         53    314 AM  36    1964  50      3       45
  AVERAGE         74                        67      7       60

PRECIPITATION (IN)
  YESTERDAY        0.00          0.85 1987   0.02  -0.02     0.07
  MONTH TO DATE    0.83                      0.71   0.12     0.81
  SINCE JUN 1      2.90                      3.73  -0.83     3.33
  SINCE JAN 1     10.40                      8.94   1.46     8.09

SNOWFALL (IN)
  YESTERDAY        0.0                       0.0    0.0      0.0
  MONTH TO DATE    0.0                       0.0    0.0      0.0
  SINCE JUN 1      0.0                       0.1   -0.1       T
  SINCE JUL 1      0.0                       0.0    0.0       T
  SNOW DEPTH       0

DEGREE DAYS
 HEATING
  YESTERDAY        0                         1     -1        5
  MONTH TO DATE   44                        16     28       20
  SINCE JUN 1     86                       168    -82      194
  SINCE JUL 1     60                        32     28       36

 COOLING
  YESTERDAY        9                         3      6        0
  MONTH TO DATE  109                       135    -26      111
  SINCE JUN 1    315                       376    -61      316
  SINCE JAN 1    315                       380    -65      322
..................................................................


WIND (MPH)
  HIGHEST WIND SPEED    20   HIGHEST WIND DIRECTION    SW (230)
  HIGHEST GUST SPEED    23   HIGHEST GUST DIRECTION    SW (230)
  AVERAGE WIND SPEED     6.3


SKY COVER
  POSSIBLE SUNSHINE  MM
  AVERAGE SKY COVER 0.0


WEATHER CONDITIONS
 THE FOLLOWING WEATHER WAS RECORDED YESTERDAY.
  NO SIGNIFICANT WEATHER WAS OBSERVED.


RELATIVE HUMIDITY (PERCENT)
 HIGHEST    47           300 AM
 LOWEST      7           400 PM
 AVERAGE    27

..........................................................


THE CASPER WY CLIMATE NORMALS FOR TODAY
                         NORMAL    RECORD    YEAR
 MAXIMUM TEMPERATURE (F)   84        98      1994
 MINIMUM TEMPERATURE (F)   49        39      2005


SUNRISE AND SUNSET
AUGUST 26 2015........SUNRISE   624 AM MDT   SUNSET   751 PM MDT
AUGUST 27 2015........SUNRISE   625 AM MDT   SUNSET   749 PM MDT


-  INDICATES NEGATIVE NUMBERS.
R  INDICATES RECORD WAS SET OR TIED.
MM INDICATES DATA IS MISSING.
T  INDICATES TRACE AMOUNT.




$$
