000
CDUS45 KRIW 230053
CLICPR


CLIMATE REPORT
NATIONAL WEATHER SERVICE RIVERTON WY
553 PM MST TUE NOV 22 2016


...................................

...THE CASPER WY CLIMATE SUMMARY FOR NOVEMBER 22 2016...
VALID TODAY AS OF 0500 PM LOCAL TIME.

CLIMATE NORMAL PERIOD 1981 TO 2010
CLIMATE RECORD PERIOD 1939 TO 2016


WEATHER ITEM   OBSERVED TIME   RECORD YEAR NORMAL DEPARTURE LAST
                VALUE   (LST)  VALUE       VALUE  FROM      YEAR
                                                  NORMAL
..................................................................
TEMPERATURE (F)
 TODAY
  MAXIMUM         40        MM  61    2006  41     -1       45
                                      2002
  MINIMUM         32        MM -20    1947  19     13       25
  AVERAGE         36                        30      6       35

PRECIPITATION (IN)
  TODAY            0.24          0.34 1955   0.02   0.22     0.00
  MONTH TO DATE    0.34                      0.60  -0.26     0.29
  SINCE SEP 1      2.05                      2.79  -0.74     1.42
  SINCE JAN 1     14.22                     11.87   2.35    11.82

SNOWFALL (IN)
  TODAY            0.9                       0.3    0.6      0.0
  MONTH TO DATE    2.6                       7.5   -4.9      5.6
  SINCE SEP 1      2.6                      16.7  -14.1      5.6
  SINCE JUL 1      2.6                      16.7  -14.1      5.6
  SNOW DEPTH       T

DEGREE DAYS
 HEATING
  TODAY           29                        35     -6       30
  MONTH TO DATE  460                       661   -201      602
  SINCE SEP 1   1107                      1514   -407     1096
  SINCE JUL 1   1167                      1560   -393     1156

 COOLING
  TODAY            0                         0      0        0
  MONTH TO DATE    0                         0      0        0
  SINCE SEP 1     29                        25      4       69
  SINCE JAN 1    451                       422     29      427
..................................................................


WIND (MPH)
  HIGHEST WIND SPEED    13   HIGHEST WIND DIRECTION     N (20)
  HIGHEST GUST SPEED    20   HIGHEST GUST DIRECTION    NE (30)
  AVERAGE WIND SPEED     5.4


SKY COVER
  POSSIBLE SUNSHINE  MM
  AVERAGE SKY COVER 0.9


WEATHER CONDITIONS
 THE FOLLOWING WEATHER WAS RECORDED TODAY.
  LIGHT SNOW
  FOG


RELATIVE HUMIDITY (PERCENT)
 HIGHEST   100           400 AM
 LOWEST     64           300 PM
 AVERAGE    82

..........................................................


THE CASPER WY CLIMATE NORMALS FOR TOMORROW
                         NORMAL    RECORD    YEAR
 MAXIMUM TEMPERATURE (F)   40        60      2006
 MINIMUM TEMPERATURE (F)   19       -21      1985


SUNRISE AND SUNSET
NOVEMBER 22 2016......SUNRISE   707 AM MST   SUNSET   437 PM MST
NOVEMBER 23 2016......SUNRISE   709 AM MST   SUNSET   436 PM MST


-  INDICATES NEGATIVE NUMBERS.
R  INDICATES RECORD WAS SET OR TIED.
MM INDICATES DATA IS MISSING.
T  INDICATES TRACE AMOUNT.




$$
