000
CXUS52 KJAX 010800
CF6CRG
PRELIMINARY LOCAL CLIMATOLOGICAL DATA (WS FORM: F-6)
STATION: CRAIG EXEC ARPT
MONTH: JULY
YEAR: 2021
LATITUDE: 30 19 N
LONGITUDE: 81 31 W
TEMPERATURE IN F: :PCPN: SNOW: WIND :SUNSHINE: SKY :PK WND
================================================================================
1 2 3 4 5 6A 6B 7 8 9 10 11 12 13 14 15 16 17 18
12Z AVG MX 2MIN
DY MAX MIN AVG DEP HDD CDD WTR SNW DPTH SPD SPD DIR MIN PSBL S-S WX SPD DR
================================================================================
1 86 74 80 -2 0 15 0.07 0.0 0 4.5 17 110 M M 3 13 26 120
2 87 73 80 -2 0 15 1.05 0.0 0 7.0 18 330 M M 6 13 24 230
3 86 76 81 -1 0 16 T 0.0 0 8.4 16 230 M M 5 22 240
4 88 74 81 -1 0 16 2.37 0.0 0 4.7 16 100 M M 8 13 22 40
5 85 73 79 -3 0 14 0.20 0.0 0 2.3 15 340 M M 6 123 20 140
6 86 73 80 -2 0 15 T 0.0 0 5.6 17 140 M M 3 3 25 140
7 82 77 80 -2 0 15 2.22 0.0 0 12.9 30 150 M M 8 13 40 150
8 91 77 84 2 0 19 0.19 0.0 0 10.0 17 210 M M 5 1 24 220
9 93 75 84 2 0 19 0.45 0.0 0 7.7 28 250 M M 3 13 38 250
10 90 74 82 0 0 17 0.00 0.0 0 6.4 14 280 M M 2 20 280
11 90 73 82 0 0 17 0.50 0.0 0 4.6 28 230 M M 3 13 36 220
12 89 74 82 0 0 17 0.31 0.0 0 5.6 17 160 M M 1 13 26 160
13 88 75 82 0 0 17 T 0.0 0 5.9 15 90 M M 1 3 21 90
14 88 73 81 -1 0 16 0.00 0.0 0 4.8 14 100 M M 2 20 90
15 88 74 81 -1 0 16 0.00 0.0 0 4.8 14 110 M M 1 20 110
16 89 73 81 -1 0 16 0.00 0.0 0 4.6 14 140 M M 0 21 140
17 91 73 82 0 0 17 0.00 0.0 0 5.5 14 160 M M 2 21 110
18 91 75 83 1 0 18 T 0.0 0 4.7 16 310 M M 1 3 20 50
19 92 75 84 2 0 19 0.56 0.0 0 4.0 16 140 M M 3 13 22 290
20 92 75 84 2 0 19 0.05 0.0 0 5.9 21 260 M M 1 3 28 240
21 92 75 84 2 0 19 0.08 0.0 0 5.0 14 190 M M 2 13 18 180
22 95 74 85 3 0 20 0.10 0.0 0 5.9 20 250 M M 2 13 27 210
23 91 75 83 1 0 18 0.00 0.0 0 5.5 18 70 M M 2 26 70
24 88 77 83 1 0 18 T 0.0 0 8.1 18 40 M M 4 1 29 30
25 88 72 80 -2 0 15 0.00 0.0 0 8.9 18 40 M M 4 25 30
26 85 76 81 -1 0 16 2.16 0.0 0 6.2 14 30 M M 9 13 21 340
27 90 77 84 2 0 19 0.24 0.0 0 5.4 15 260 M M 4 13 21 260
28 94 75 85 3 0 20 1.21 0.0 0 5.6 24 190 M M 3 13 33 190
29 90 76 83 1 0 18 0.00 0.0 0 4.4 14 220 M M 2 13 19 220
30 94 76 85 3 0 20 0.00 0.0 0 7.1 15 230 M M 2 1 21 240
31 96 79 88 6 0 23 0.00 0.0 0 9.9 17 230 M M 1 27 280
================================================================================
SM 2775 2318 0 539 11.76 0.0 191.9 M 99
================================================================================
AV 89.5 74.8 6.2 FASTST M M 3 MAX(MPH)
MISC ----> 30 150 40 150
================================================================================
NOTES:
# LAST OF SEVERAL OCCURRENCES
COLUMN 17 PEAK WIND IN M.P.H.
PRELIMINARY LOCAL CLIMATOLOGICAL DATA (WS FORM: F-6) , PAGE 2
STATION: CRAIG EXEC ARPT
MONTH: JULY
YEAR: 2021
LATITUDE: 30 19 N
LONGITUDE: 81 31 W
[TEMPERATURE DATA] [PRECIPITATION DATA] SYMBOLS USED IN COLUMN 16
AVERAGE MONTHLY: 82.1 TOTAL FOR MONTH: 11.76 1 = FOG OR MIST
DPTR FM NORMAL: -0.1 DPTR FM NORMAL: 5.62 2 = FOG REDUCING VISIBILITY
HIGHEST: 96 ON 31 GRTST 24HR 2.40 ON 7- 8 TO 1/4 MILE OR LESS
LOWEST: 72 ON 25 3 = THUNDER
SNOW, ICE PELLETS, HAIL 4 = ICE PELLETS
TOTAL MONTH: 0.0 INCH 5 = HAIL
GRTST 24HR 0.0 6 = FREEZING RAIN OR DRIZZLE
GRTST DEPTH: 0 7 = DUSTSTORM OR SANDSTORM:
VSBY 1/2 MILE OR LESS
8 = SMOKE OR HAZE
[NO. OF DAYS WITH] [WEATHER - DAYS WITH] 9 = BLOWING SNOW
X = TORNADO
MAX 32 OR BELOW: 0 0.01 INCH OR MORE: 16
MAX 90 OR ABOVE: 16 0.10 INCH OR MORE: 13
MIN 32 OR BELOW: 0 0.50 INCH OR MORE: 7
MIN 0 OR BELOW: 0 1.00 INCH OR MORE: 5
[HDD (BASE 65) ]
TOTAL THIS MO. 0 CLEAR (SCALE 0-3) 21
DPTR FM NORMAL 0 PTCLDY (SCALE 4-7) 8
TOTAL FM JUL 1 0 CLOUDY (SCALE 8-10) 2
DPTR FM NORMAL 0
[CDD (BASE 65) ]
TOTAL THIS MO. 539
DPTR FM NORMAL 6 [PRESSURE DATA]
TOTAL FM JAN 1 1702 HIGHEST SLP 30.29 ON 13
DPTR FM NORMAL 195 LOWEST SLP 29.85 ON 26
[REMARKS]
#FINAL-07-21#