000
CXUS56 KSGX 011245
CF6CRQ
PRELIMINARY LOCAL CLIMATOLOGICAL DATA (WS FORM: F-6)
STATION: CARLSBAD PALOMAR AIRPORT CA
MONTH: MAY
YEAR: 2020
LATITUDE: 33 7 N
LONGITUDE: 117 17 W
TEMPERATURE IN F: :PCPN: SNOW: WIND :SUNSHINE: SKY :PK WND
================================================================================
1 2 3 4 5 6A 6B 7 8 9 10 11 12 13 14 15 16 17 18
12Z AVG MX 2MIN
DY MAX MIN AVG DEP HDD CDD WTR SNW DPTH SPD SPD DIR MIN PSBL S-S WX SPD DR
================================================================================
1 70 61 66 5 0 1 0.00 0.0 0 3.3 13 250 M M 6 18 17 260
2 72 59 66 5 0 1 0.00 0.0 0 4.9 13 260 M M 3 18 17 250
3 69 60 65 4 0 0 0.00 0.0 0 5.6 13 260 M M 4 16 240
4 71 56 64 3 1 0 0.00 0.0 0 3.5 12 250 M M 3 12 17 250
5 77 61 69 8 0 4 0.00 0.0 0 3.5 10 250 M M 0 16 280
6 82 61 72 11 0 7 0.00 0.0 0 2.7 8 260 M M 0 12 280
7 75 61 68 7 0 3 0.00 0.0 0 4.3 10 210 M M 0 14 220
8 72 61 67 6 0 2 0.00 0.0 0 4.8 14 220 M M 2 128 17 210
9 69 63 66 4 0 1 0.00 0.0 0 3.4 10 230 M M 10 8 16 280
10 69 63 66 4 0 1 0.00 0.0 0 3.9 10 250 M M 10 18 14 230
11 68 61 65 3 0 0 0.00 0.0 0 4.9 13 260 M M 8 18 260
12 70 57 64 2 1 0 0.03 0.0 0 7.0 17 240 M M 5 1 21 250
13 68 58 63 1 2 0 0.00 0.0 0 5.1 14 230 M M 3 19 220
14 70 57 64 2 1 0 0.00 0.0 0 6.2 15 240 M M 1 20 240
15 71 60 66 4 0 1 0.00 0.0 0 5.9 14 250 M M 2 19 240
16 72 60 66 4 0 1 0.00 0.0 0 4.3 12 230 M M 3 16 230
17 71 62 67 5 0 2 0.00 0.0 0 4.4 13 240 M M 7 18 17 240
18 71 62 67 5 0 2 0.01 0.0 0 5.1 15 240 M M 9 8 19 250
19 67 58 63 1 2 0 0.00 0.0 0 5.9 16 250 M M 5 27 250
20 70 56 63 1 2 0 0.00 0.0 0 5.6 15 250 M M 2 21 250
21 72 57 65 3 0 0 0.00 0.0 0 4.0 12 250 M M 0 15 240
22 68 60 64 2 1 0 0.00 0.0 0 8.1 14 220 M M 6 18 220
23 67 61 64 2 1 0 0.00 0.0 0 6.2 14 230 M M 5 18 230
24 69 58 64 1 1 0 0.00 0.0 0 3.6 13 250 M M 3 17 250
25 72 61 67 4 0 2 0.00 0.0 0 3.8 10 250 M M 4 18 16 280
26 72 62 67 4 0 2 0.00 0.0 0 3.5 12 250 M M 4 18 16 250
27 73 62 68 5 0 3 0.00 0.0 0 4.4 13 240 M M 5 1 16 260
28 71 62 67 4 0 2 0.00 0.0 0 4.4 13 260 M M 8 18 17 230
29 67 62 65 2 0 0 T 0.0 0 4.8 12 260 M M 10 1 14 240
30 70 62 66 3 0 1 0.00 0.0 0 5.0 13 260 M M 3 18 280
31 69 59 64 1 1 0 0.00 0.0 0 4.4 13 260 M M 1 17 250
================================================================================
SM 2194 1863 13 36 0.04 0.0 146.5 M 132
================================================================================
AV 70.8 60.1 4.7 FASTST M M 4 MAX(MPH)
MISC ----> # 17 240 # 27 250
================================================================================
NOTES:
# LAST OF SEVERAL OCCURRENCES
COLUMN 17 PEAK WIND IN M.P.H.
PRELIMINARY LOCAL CLIMATOLOGICAL DATA (WS FORM: F-6) , PAGE 2
STATION: CARLSBAD PALOMAR AIRPORT CA
MONTH: MAY
YEAR: 2020
LATITUDE: 33 7 N
LONGITUDE: 117 17 W
[TEMPERATURE DATA] [PRECIPITATION DATA] SYMBOLS USED IN COLUMN 16
AVERAGE MONTHLY: 65.4 TOTAL FOR MONTH: 0.04 1 = FOG OR MIST
DPTR FM NORMAL: 3.4 DPTR FM NORMAL: -0.14 2 = FOG REDUCING VISIBILITY
HIGHEST: 82 ON 6 GRTST 24HR 0.03 ON 12-12 TO 1/4 MILE OR LESS
LOWEST: 56 ON 20, 4 3 = THUNDER
SNOW, ICE PELLETS, HAIL 4 = ICE PELLETS
TOTAL MONTH: 0.0 INCH 5 = HAIL
GRTST 24HR 0.0 6 = FREEZING RAIN OR DRIZZLE
GRTST DEPTH: 0 7 = DUSTSTORM OR SANDSTORM:
VSBY 1/2 MILE OR LESS
8 = SMOKE OR HAZE
[NO. OF DAYS WITH] [WEATHER - DAYS WITH] 9 = BLOWING SNOW
X = TORNADO
MAX 32 OR BELOW: 0 0.01 INCH OR MORE: 2
MAX 90 OR ABOVE: 0 0.10 INCH OR MORE: 0
MIN 32 OR BELOW: 0 0.50 INCH OR MORE: 0
MIN 0 OR BELOW: 0 1.00 INCH OR MORE: 0
[HDD (BASE 65) ]
TOTAL THIS MO. 13 CLEAR (SCALE 0-3) 12
DPTR FM NORMAL -89 PTCLDY (SCALE 4-7) 15
TOTAL FM JUL 1 1277 CLOUDY (SCALE 8-10) 4
DPTR FM NORMAL -354
[CDD (BASE 65) ]
TOTAL THIS MO. 36
DPTR FM NORMAL 27 [PRESSURE DATA]
TOTAL FM JAN 1 71 HIGHEST SLP 30.06 ON 20
DPTR FM NORMAL 49 LOWEST SLP 29.81 ON 7
[REMARKS]
#FINAL-05-20#