000
CXUS54 KFWD 072138
CF6CRS
PRELIMINARY LOCAL CLIMATOLOGICAL DATA (WS FORM: F-6)
STATION: CORSICANA
MONTH: APRIL
YEAR: 2022
LATITUDE: 32 1 N
LONGITUDE: 96 24 W
TEMPERATURE IN F: :PCPN: SNOW: WIND :SUNSHINE: SKY :PK WND
================================================================================
1 2 3 4 5 6A 6B 7 8 9 10 11 12 13 14 15 16 17 18
12Z AVG MX 2MIN
DY MAX MIN AVG DEP HDD CDD WTR SNW DPTH SPD SPD DIR MIN PSBL S-S WX SPD DR
================================================================================
1 76 45 61 -2 4 0 0.00 M M 8.4 17 90 M M 0 23 80
2 79 53 66 3 0 1 T M M 7.5 24 310 M M 1 32 310
3 83 56 70 7 0 5 0.00 M M 10.6 22 180 M M 0 31 150
4 81 58 70 6 0 5 0.10 M M 11.0 24 320 M M 6 13 34 300
5 91 60 76 12 0 11 0.75 M M 9.9 20 210 M M 4 1238 27 200
6 76 53 65 1 0 0 0.00 M M 16.0 30 350 M M 0 18 43 10
7 71 47 59 -5 6 0 0.00 M M 14.7 38 300 M M 4 50 300
8 69 42 56 -8 9 0 0.00 M M 11.9 29 310 M M 3 40 290
9 84 40 62 -3 3 0 0.00 M M 12.1 22 190 M M 0 31 200
10 84 60 72 7 0 7 0.01 M M 19.0 32 170 M M 5 3 45 190
11 83 68 76 11 0 11 0.00 M M 15.7 28 220 M M 8 39 210
12 84 63 74 9 0 9 0.39 M M 15.7 47 250 M M 7 13 63 280
13 83 57 70 4 0 5 0.19 M M 16.3 32 210 M M 4 13 44 280
14 77 49 63 -3 2 0 0.00 M M 6.8 14 110 M M 0 18 110
15 80 55 68 2 0 3 0.00 M M 10.7 20 180 M M 5 25 180
16 83 61 72 6 0 7 0.00 M M 10.3 21 180 M M 7 1 32 170
17 78 59 69 3 0 4 0.00 M M 4.3 13 360 M M 7 8 21 20
18 74 55 65 -1 0 0 0.00 M M 7.9 16 40 M M 3 25 20
19 75 54 65 -2 0 0 0.00 M M 13.9 25 160 M M 4 33 150
20 84 66 75 8 0 10 0.00 M M 18.1 29 190 M M 8 1 39 200
21 82 71 77 10 0 12 0.00 M M 14.3 21 140 M M 9 28 140
22 86 69 78 11 0 13 0.00 M M 16.5 25 160 M M 5 33 170
23 85 68 77 9 0 12 0.00 M M 18.9 29 160 M M 7 37 170
24 85 67 76 8 0 11 T M M 14.4 24 160 M M 7 32 160
25 75 57 66 -2 0 1 1.34 M M 7.5 17 350 M M 9 138 23 350
26 75 51 63 -5 2 0 0.00 M M 6.9 14 60 M M 0 21 30
27 78 55 67 -2 0 2 0.00 M M 8.8 17 110 M M 1 23 130
28 83 61 72 3 0 7 0.00 M M 12.9 21 160 M M 3 27 150
29 83 69 76 7 0 11 0.00 M M 15.9 24 180 M M 7 33 180
30 86 66 76 7 0 11 T M M 10.3 21 180 M M 5 31 170
================================================================================
SM 2413 1735 26 158 2.78 M 367.2 M 129
================================================================================
AV 80.4 57.8 12.2 FASTST M M 4 MAX(MPH)
MISC ----> 47 250 63 280
================================================================================
NOTES:
# LAST OF SEVERAL OCCURRENCES
COLUMN 17 PEAK WIND IN M.P.H.
PRELIMINARY LOCAL CLIMATOLOGICAL DATA (WS FORM: F-6) , PAGE 2
STATION: CORSICANA
MONTH: APRIL
YEAR: 2022
LATITUDE: 32 1 N
LONGITUDE: 96 24 W
[TEMPERATURE DATA] [PRECIPITATION DATA] SYMBOLS USED IN COLUMN 16
AVERAGE MONTHLY: 69.1 TOTAL FOR MONTH: 2.78 1 = FOG OR MIST
DPTR FM NORMAL: 3.1 DPTR FM NORMAL: -0.70 2 = FOG REDUCING VISIBILITY
HIGHEST: 91 ON 5 GRTST 24HR 1.34 ON 25-25 TO 1/4 MILE OR LESS
LOWEST: 40 ON 9 3 = THUNDER
SNOW, ICE PELLETS, HAIL 4 = ICE PELLETS
TOTAL MONTH: M 5 = HAIL
GRTST 24HR M ON M 6 = FREEZING RAIN OR DRIZZLE
GRTST DEPTH: M ON M 7 = DUSTSTORM OR SANDSTORM:
VSBY 1/2 MILE OR LESS
8 = SMOKE OR HAZE
[NO. OF DAYS WITH] [WEATHER - DAYS WITH] 9 = BLOWING SNOW
X = TORNADO
MAX 32 OR BELOW: 0 0.01 INCH OR MORE: 6
MAX 90 OR ABOVE: 1 0.10 INCH OR MORE: 5
MIN 32 OR BELOW: 0 0.50 INCH OR MORE: 2
MIN 0 OR BELOW: 0 1.00 INCH OR MORE: 1
[HDD (BASE 65) ]
TOTAL THIS MO. 26 CLEAR (SCALE 0-3) 11
DPTR FM NORMAL -49 PTCLDY (SCALE 4-7) 17
TOTAL FM JUL 1 1723 CLOUDY (SCALE 8-10) 2
DPTR FM NORMAL -289
[CDD (BASE 65) ]
TOTAL THIS MO. 158
DPTR FM NORMAL 52 [PRESSURE DATA]
TOTAL FM JAN 1 191 HIGHEST SLP 30.38 ON 26
DPTR FM NORMAL 31 LOWEST SLP 29.46 ON 5
[REMARKS]
#FINAL-04-22#