000
CXUS52 KFFC 011110
CF6CSG
PRELIMINARY LOCAL CLIMATOLOGICAL DATA (WS FORM: F-6)
STATION: COLUMBUS
MONTH: JANUARY
YEAR: 2022
LATITUDE: 32 31 N
LONGITUDE: 84 56 W
TEMPERATURE IN F: :PCPN: SNOW: WIND :SUNSHINE: SKY :PK WND
================================================================================
1 2 3 4 5 6A 6B 7 8 9 10 11 12 13 14 15 16 17 18
12Z AVG MX 2MIN
DY MAX MIN AVG DEP HDD CDD WTR SNW DPTH SPD SPD DIR MIN PSBL S-S WX SPD DR
================================================================================
1 82 69 76 28 0 11 T 0.0 M 11.7 28 230 M M 8 38 220
2 73 50 62 14 3 0 0.26 M M 7.9 30 290 M M 9 13 40 290
3 50 33 42 -6 23 0 T M M 13.7 30 290 M M 6 1 48 300
4 56 30 43 -5 22 0 0.00 0.0 M 5.1 14 190 M M 1 19 160
5 61 43 52 4 13 0 0.00 0.0 M 2.7 14 280 M M 5 8 19 280
6 69 38 54 6 11 0 0.08 0.0 M 7.5 23 330 M M 3 1 33 340
7 53 32 43 -5 22 0 0.00 0.0 M 5.5 18 340 M M 0 8 24 330
8 60 31 46 -2 19 0 0.00 0.0 M 7.8 15 90 M M 1 22 80
9 74 49 62 14 3 0 1.18 0.0 M 7.7 18 220 M M 10 13 23 210
10 61 39 50 2 15 0 T 0.0 M 9.6 17 10 M M 3 18 25 350
11 55 31 43 -5 22 0 0.00 0.0 M 3.5 12 20 M M 0 18 10
12 59 30 45 -3 20 0 0.00 0.0 M 1.4 8 90 M M 0 11 110
13 64 34 49 1 16 0 0.00 0.0 M 4.6 18 260 M M 1 24 270
14 61 38 50 2 15 0 0.00 0.0 M 4.4 15 320 M M 0 20 320
15 61 40 51 3 14 0 0.37 0.0 M 6.4 25 100 M M 3 1 41 110
16 46 35 41 -7 24 0 0.81 T M 15.8 30 100 M M 10 1 43 80
17 41 32 37 -11 28 0 0.00 0.0 M 10.2 22 280 M M 9 31 290
18 57 27 42 -6 23 0 0.00 0.0 M 1.3 7 340 M M 0 1 13 290
19 64 33 49 1 16 0 0.00 0.0 M 4.4 13 220 M M 0 20 170
20 56 38 47 -1 18 0 0.30 M M 4.8 17 350 M M 10 1 24 340
21 42 34 38 -10 27 0 0.01 M M 6.5 13 10 M M 10 1 19 20
22 48 31 40 -8 25 0 T M M 4.5 12 330 M M 6 1 15 50
23 53 25 39 -10 26 0 0.00 0.0 M 4.9 14 290 M M 0 18 280
24 60 28 44 -5 21 0 0.00 0.0 M 3.4 14 290 M M 0 19 280
25 61 43 52 3 13 0 T M M 1.8 9 340 M M 8 12 340
26 60 36 48 -1 17 0 0.00 0.0 M 7.4 14 340 M M 0 20 350
27 58 33 46 -3 19 0 0.00 0.0 M 5.6 16 90 M M 0 23 90
28 54 37 46 -3 19 0 0.00 0.0 M 7.3 24 320 M M 4 34 320
29 44 28 36 -13 29 0 0.00 0.0 M 10.8 29 330 M M 1 38 340
30 62 22 42 -7 23 0 0.00 0.0 M 5.4 22 240 M M 0 31 240
31 67 31 49 -1 16 0 0.00 0.0 M 1.9 14 320 M M 0 20 320
================================================================================
SM 1812 1100 562 11 3.01 T 195.5 M 108
================================================================================
AV 58.5 35.5 6.3 FASTST M M 3 MAX(MPH)
MISC ----> # 30 290 48 300
================================================================================
NOTES:
# LAST OF SEVERAL OCCURRENCES
COLUMN 17 PEAK WIND IN M.P.H.
PRELIMINARY LOCAL CLIMATOLOGICAL DATA (WS FORM: F-6) , PAGE 2
STATION: COLUMBUS
MONTH: JANUARY
YEAR: 2022
LATITUDE: 32 31 N
LONGITUDE: 84 56 W
[TEMPERATURE DATA] [PRECIPITATION DATA] SYMBOLS USED IN COLUMN 16
AVERAGE MONTHLY: 47.0 TOTAL FOR MONTH: 3.01 1 = FOG OR MIST
DPTR FM NORMAL: -1.5 DPTR FM NORMAL: -1.23 2 = FOG REDUCING VISIBILITY
HIGHEST: 82 ON 1 GRTST 24HR 1.35 ON 2- 3 TO 1/4 MILE OR LESS
LOWEST: 22 ON 30 3 = THUNDER
SNOW, ICE PELLETS, HAIL 4 = ICE PELLETS
TOTAL MONTH: T 5 = HAIL
GRTST 24HR T ON 16-16 6 = FREEZING RAIN OR DRIZZLE
GRTST DEPTH: M ON M 7 = DUSTSTORM OR SANDSTORM:
VSBY 1/2 MILE OR LESS
8 = SMOKE OR HAZE
[NO. OF DAYS WITH] [WEATHER - DAYS WITH] 9 = BLOWING SNOW
X = TORNADO
MAX 32 OR BELOW: 0 0.01 INCH OR MORE: 7
MAX 90 OR ABOVE: 0 0.10 INCH OR MORE: 5
MIN 32 OR BELOW: 13 0.50 INCH OR MORE: 2
MIN 0 OR BELOW: 0 1.00 INCH OR MORE: 1
[HDD (BASE 65) ]
TOTAL THIS MO. 562 CLEAR (SCALE 0-3) 18
DPTR FM NORMAL 47 PTCLDY (SCALE 4-7) 6
TOTAL FM JUL 1 1163 CLOUDY (SCALE 8-10) 7
DPTR FM NORMAL -122
[CDD (BASE 65) ]
TOTAL THIS MO. 11
DPTR FM NORMAL 9 [PRESSURE DATA]
TOTAL FM JAN 1 11 HIGHEST SLP 30.53 ON 11
DPTR FM NORMAL 9 LOWEST SLP 29.45 ON 16
[REMARKS]
#FINAL-01-22#