000
CXUS52 KCAE 011400
CF6CUB
PRELIMINARY LOCAL CLIMATOLOGICAL DATA (WS FORM: F-6)
STATION: HAMILTON - OWENS AIRPORT SC
MONTH: JULY
YEAR: 2022
LATITUDE: 33 58 N
LONGITUDE: 80 59 W
TEMPERATURE IN F: :PCPN: SNOW: WIND :SUNSHINE: SKY :PK WND
================================================================================
1 2 3 4 5 6A 6B 7 8 9 10 11 12 13 14 15 16 17 18
12Z AVG MX 2MIN
DY MAX MIN AVG DEP HDD CDD WTR SNW DPTH SPD SPD DIR MIN PSBL S-S WX SPD DR
================================================================================
1 85 73 79 -3 0 14 0.50 M M 1.5 10 130 M M 4 138 16 120
2 92 72 82 -1 0 17 0.00 M M 2.1 12 270 M M 5 1 18 240
3 95 74 85 2 0 20 0.59 M M 4.4 20 320 M M 1 13 27 320
4 94 73 84 1 0 19 2.40 M M 1.2 13 190 M M 3 123 17 50
5 94 75 85 2 0 20 0.23 M M 2.9 13 320 M M 5 13 23 300
6 95 74 85 2 0 20 0.86 M M 3.5 18 170 M M 3 123 23 170
7 97 75 86 3 0 21 0.34 M M 4.3 20 230 M M 2 13 35 240
8 96 73 85 2 0 20 0.76 M M 5.2 15 170 M M 3 13 20 160
9 92 74 83 0 0 18 0.00 M M 5.2 12 210 M M 4 15 210
10 84 72 78 -5 0 13 0.08 M M 4.5 12 30 M M 9 1 17 10
11 84 71 78 -5 0 13 0.00 M M 3.5 9 160 M M 8 1 14 90
12 86 73 80 -3 0 15 T M M 2.5 8 210 M M 1 11 210
13 82 76 79 -4 0 14 0.05 M M 4.9 12 180 M M 6 1 15 250
14 88 73 81 -2 0 16 0.30 M M 3.2 13 160 M M 3 13 15 160
15 90 75 83 -1 0 18 0.00 M M 2.9 12 170 M M 5 1 15 170
16 92 75 84 0 0 19 0.00 M M 4.4 14 180 M M 2 17 150
17 92 74 83 -1 0 18 0.00 M M 3.9 14 160 M M 1 20 160
18 90 74 82 -2 0 17 1.68 M M 2.3 23 290 M M 3 123 32 300
19 94 76 85 1 0 20 0.00 M M 5.7 15 270 M M 2 1 18 270
20 90 75 83 -1 0 18 T M M 7.4 15 220 M M 3 21 200
21 87 76 82 -2 0 17 0.01 M M 5.4 14 260 M M 4 13 19 240
22 91 77 84 0 0 19 0.03 M M 4.8 12 230 M M 4 13 15 250
23 94 75 85 1 0 20 0.00 M M 4.0 14 180 M M 0 18 150
24 94 74 84 0 0 19 0.02 M M 2.8 20 170 M M 1 13 25 160
25 93 73 83 -1 0 18 0.00 M M 4.2 16 250 M M 2 3 22 260
26 95 77 86 3 0 21 0.00 M M 6.7 14 200 M M 2 18 200
27 96 77 87 4 0 22 0.00 M M 5.5 15 270 M M 2 19 280
28 97 78 88 5 0 23 0.00 M M 5.7 14 220 M M 2 18 190
29 98 77 88 5 0 23 T M M 5.3 15 230 M M 2 19 230
30 97 79 88 5 0 23 T M M 3.0 17 180 M M 2 3 22 180
31 98 75 87 4 0 22 0.00 M M 5.8 20 260 M M 1 26 270
================================================================================
SM 2852 2315 0 577 7.85 M 128.7 M 95
================================================================================
AV 92.0 74.7 4.2 FASTST M M 3 MAX(MPH)
MISC ----> 23 290 35 240
================================================================================
NOTES:
# LAST OF SEVERAL OCCURRENCES
COLUMN 17 PEAK WIND IN M.P.H.
PRELIMINARY LOCAL CLIMATOLOGICAL DATA (WS FORM: F-6) , PAGE 2
STATION: HAMILTON - OWENS AIRPORT SC
MONTH: JULY
YEAR: 2022
LATITUDE: 33 58 N
LONGITUDE: 80 59 W
[TEMPERATURE DATA] [PRECIPITATION DATA] SYMBOLS USED IN COLUMN 16
AVERAGE MONTHLY: 83.3 TOTAL FOR MONTH: 7.85 1 = FOG OR MIST
DPTR FM NORMAL: 0.1 DPTR FM NORMAL: 3.05 2 = FOG REDUCING VISIBILITY
HIGHEST: 98 ON 31,29 GRTST 24HR 2.99 ON 3- 4 TO 1/4 MILE OR LESS
LOWEST: 71 ON 11 3 = THUNDER
SNOW, ICE PELLETS, HAIL 4 = ICE PELLETS
TOTAL MONTH: M 5 = HAIL
GRTST 24HR M ON M 6 = FREEZING RAIN OR DRIZZLE
GRTST DEPTH: M ON M 7 = DUSTSTORM OR SANDSTORM:
VSBY 1/2 MILE OR LESS
8 = SMOKE OR HAZE
[NO. OF DAYS WITH] [WEATHER - DAYS WITH] 9 = BLOWING SNOW
X = TORNADO
MAX 32 OR BELOW: 0 0.01 INCH OR MORE: 14
MAX 90 OR ABOVE: 24 0.10 INCH OR MORE: 9
MIN 32 OR BELOW: 0 0.50 INCH OR MORE: 6
MIN 0 OR BELOW: 0 1.00 INCH OR MORE: 2
[HDD (BASE 65) ]
TOTAL THIS MO. 0 CLEAR (SCALE 0-3) 21
DPTR FM NORMAL 0 PTCLDY (SCALE 4-7) 8
TOTAL FM JUL 1 0 CLOUDY (SCALE 8-10) 2
DPTR FM NORMAL 0
[CDD (BASE 65) ]
TOTAL THIS MO. 577
DPTR FM NORMAL 11 [PRESSURE DATA]
TOTAL FM JAN 1 1568 HIGHEST SLP 30.18 ON 31
DPTR FM NORMAL 161 LOWEST SLP 29.87 ON 21
[REMARKS]
#FINAL-07-22#