761
CXUS54 KHGX 020546
CF6CXO
PRELIMINARY LOCAL CLIMATOLOGICAL DATA (WS FORM: F-6)
STATION: CONROE
MONTH: NOVEMBER
YEAR: 2020
LATITUDE: 30 21 N
LONGITUDE: 95 25 W
TEMPERATURE IN F: :PCPN: SNOW: WIND :SUNSHINE: SKY :PK WND
================================================================================
1 2 3 4 5 6A 6B 7 8 9 10 11 12 13 14 15 16 17 18
12Z AVG MX 2MIN
DY MAX MIN AVG DEP HDD CDD WTR SNW DPTH SPD SPD DIR MIN PSBL S-S WX SPD DR
================================================================================
1 78 44 61 -3 4 0 0.00 0.0 0 4.4 15 340 M M 0 1 22 10
2 73 39 56 -8 9 0 0.00 0.0 0 3.1 12 20 M M 0 16 20
3 77 36 57 -6 8 0 0.00 0.0 0 1.1 8 150 M M 0 11 160
4 79 39 59 -4 6 0 0.00 0.0 0 3.7 14 170 M M 0 12 17 170
5 81 54 68 5 0 3 0.00 0.0 0 2.4 13 180 M M 3 12 15 170
6 79 48 64 2 1 0 0.00 0.0 0 2.3 10 90 M M 0 18 13 140
7 82 49 66 4 0 1 0.00 0.0 0 2.3 10 120 M M 0 1 14 120
8 82 56 69 7 0 4 0.00 0.0 0 4.1 10 160 M M 6 18 15 100
9 86 69 78 17 0 13 T 0.0 0 7.1 16 170 M M 7 1 22 160
10 86 68 77 16 0 12 0.06 0.0 0 3.5 14 140 M M 7 1 18 150
11 84 57 71 10 0 6 T 0.0 0 4.4 12 90 M M 3 13 80
12 85 53 69 9 0 4 0.00 0.0 0 2.5 10 160 M M 2 14 200
13 80 56 68 8 0 3 0.00 0.0 0 4.0 12 140 M M 8 128 15 150
14 87 65 76 16 0 11 0.00 0.0 0 9.4 23 160 M M 6 1 28 150
15 76 41 59 0 6 0 0.06 M 0 7.1 23 350 M M 3 1 33 330
16 74 35 55 -4 10 0 0.00 0.0 0 3.2 10 70 M M 0 14 80
17 77 35 56 -3 9 0 0.00 0.0 0 2.6 12 80 M M 0 17 80
18 77 42 60 2 5 0 0.00 0.0 0 4.2 13 110 M M 0 8 20 90
19 80 45 63 5 2 0 0.00 0.0 0 6.4 16 150 M M 3 1 22 210
20 82 58 70 12 0 5 0.00 0.0 0 5.4 15 150 M M 8 128 19 140
21 81 56 69 12 0 4 0.00 0.0 0 4.2 13 150 M M 5 12 18 160
22 83 57 70 13 0 5 0.00 0.0 0 4.2 14 350 M M 7 1 18 340
23 64 47 56 -1 9 0 0.00 0.0 0 3.8 10 10 M M 6 1 17 360
24 78 49 64 8 1 0 0.03 0.0 0 8.1 23 140 M M 9 1 31 140
25 73 44 59 3 6 0 0.25 0.0 0 4.8 22 350 M M 5 1 28 340
26 74 42 58 2 7 0 0.00 0.0 0 3.7 10 80 M M 3 1 16 70
27 73 66 70 15 0 5 1.87 0.0 0 3.2 12 220 M M 10 13 18 190
28 67 57 62 7 3 0 0.78 0.0 0 6.0 16 80 M M 10 1 22 80
29 57 47 52 -3 13 0 0.13 0.0 0 10.5 24 320 M M 8 1 32 320
30 56 29 43 -12 22 0 0.00 0.0 0 9.3 18 320 M M 0 29 350
================================================================================
SM 2311 1483 121 76 3.18 0.0 141.0 M 119
================================================================================
AV 77.0 49.4 4.7 FASTST M M 4 MAX(MPH)
MISC ----> 24 320 33 330
================================================================================
NOTES:
# LAST OF SEVERAL OCCURRENCES
COLUMN 17 PEAK WIND IN M.P.H.
PRELIMINARY LOCAL CLIMATOLOGICAL DATA (WS FORM: F-6) , PAGE 2
STATION: CONROE
MONTH: NOVEMBER
YEAR: 2020
LATITUDE: 30 21 N
LONGITUDE: 95 25 W
[TEMPERATURE DATA] [PRECIPITATION DATA] SYMBOLS USED IN COLUMN 16
AVERAGE MONTHLY: 63.2 TOTAL FOR MONTH: 3.18 1 = FOG OR MIST
DPTR FM NORMAL: 4.1 DPTR FM NORMAL: -2.14 2 = FOG REDUCING VISIBILITY
HIGHEST: 87 ON 14 GRTST 24HR 1.92 ON 27-28 TO 1/4 MILE OR LESS
LOWEST: 29 ON 30 3 = THUNDER
SNOW, ICE PELLETS, HAIL 4 = ICE PELLETS
TOTAL MONTH: 0.0 INCH 5 = HAIL
GRTST 24HR 0.0 6 = FREEZING RAIN OR DRIZZLE
GRTST DEPTH: 0 7 = DUSTSTORM OR SANDSTORM:
VSBY 1/2 MILE OR LESS
8 = SMOKE OR HAZE
[NO. OF DAYS WITH] [WEATHER - DAYS WITH] 9 = BLOWING SNOW
X = TORNADO
MAX 32 OR BELOW: 0 0.01 INCH OR MORE: 7
MAX 90 OR ABOVE: 0 0.10 INCH OR MORE: 4
MIN 32 OR BELOW: 1 0.50 INCH OR MORE: 2
MIN 0 OR BELOW: 0 1.00 INCH OR MORE: 1
[HDD (BASE 65) ]
TOTAL THIS MO. 121 CLEAR (SCALE 0-3) 14
DPTR FM NORMAL -94 PTCLDY (SCALE 4-7) 13
TOTAL FM JUL 1 180 CLOUDY (SCALE 8-10) 3
DPTR FM NORMAL -88
[CDD (BASE 65) ]
TOTAL THIS MO. 76
DPTR FM NORMAL 36 [PRESSURE DATA]
TOTAL FM JAN 1 3132 HIGHEST SLP 30.52 ON 2
DPTR FM NORMAL 513 LOWEST SLP 29.80 ON 10
[REMARKS]
#FINAL-11-20#