000
CXUS53 KDDC 011451
CF6DDC
PRELIMINARY LOCAL CLIMATOLOGICAL DATA (WS FORM: F-6)
STATION: DODGE CITY KS
MONTH: NOVEMBER
YEAR: 2022
LATITUDE: 37 46 N
LONGITUDE: 99 58 W
TEMPERATURE IN F: :PCPN: SNOW: WIND :SUNSHINE: SKY :PK WND
================================================================================
1 2 3 4 5 6A 6B 7 8 9 10 11 12 13 14 15 16 17 18
12Z AVG MX 2MIN
DY MAX MIN AVG DEP HDD CDD WTR SNW DPTH SPD SPD DIR MIN PSBL S-S WX SPD DR
================================================================================
1 78 48 63 13 2 0 0.00 0.0 0 16.8 29 190 M M 0 42 190
2 78 55 67 18 0 2 0.00 0.0 0 23.3 33 180 M M 0 49 190
3 74 42 58 9 7 0 0.00 0.0 0 19.7 32 350 M M 1 3 39 170
4 43 32 38 -10 27 0 0.05 T 0 17.7 29 360 M M 9 1 38 350
5 64 31 48 0 17 0 0.00 0.0 0 14.0 23 190 M M 0 29 190
6 64 33 49 1 16 0 0.00 0.0 0 12.6 28 40 M M 0 37 20
7 64 35 50 3 15 0 0.00 0.0 0 15.6 24 120 M M 2 30 110
8 74 56 65 18 0 0 0.09 0.0 0 20.5 33 180 M M 6 12 45 200
9 70 62 66 20 0 1 0.00 0.0 0 26.6 36 180 M M 7 50 200
10 66 32 49 3 16 0 0.00 0.0 0 20.1 37 180 M M 3 55 170
11 39 20 30 -16 35 0 0.00 0.0 0 15.4 25 20 M M 3 35 20
12 51 11 31 -14 34 0 0.00 0.0 0 7.0 17 160 M M 0 8 22 150
13 56 26 41 -4 24 0 0.00 0.0 0 21.8 36 190 M M 0 47 210
14 36 13 25 -19 40 0 0.11 1.9 0 13.4 29 360 M M 7 18 37 360
15 41 13 27 -17 38 0 0.00 0.0 2 10.9 21 350 M M 0 28 350
16 43 15 29 -14 36 0 0.00 0.0 T 9.6 26 320 M M 0 33 320
17 44 23 34 -9 31 0 0.00 0.0 0 14.4 29 30 M M 6 37 20
18 26 17 22 -21 43 0 0.00 0.0 0 9.8 22 10 M M 6 26 10
19 43 17 30 -12 35 0 0.00 0.0 0 11.8 22 350 M M 0 31 350
20 56 19 38 -4 27 0 0.00 0.0 0 12.5 30 210 M M 0 39 210
21 62 22 42 1 23 0 0.00 0.0 0 6.2 13 30 M M 0 17 20
22 61 27 44 3 21 0 0.00 0.0 0 8.6 17 190 M M 0 8 23 230
23 64 22 43 3 22 0 0.00 0.0 0 10.5 23 190 M M 0 12 29 180
24 52 31 42 2 23 0 0.00 0.0 0 18.5 35 10 M M 3 12 43 10
25 56 20 38 -2 27 0 0.00 0.0 0 7.6 14 330 M M 0 18 350
26 52 37 45 6 20 0 0.04 0.0 0 6.4 16 180 M M 7 20 180
27 49 29 39 0 26 0 0.00 0.0 0 11.9 24 350 M M 3 32 350
28 56 27 42 3 23 0 0.00 0.0 0 14.4 23 170 M M 0 28 180
29 48 15 32 -6 33 0 0.01 T 0 18.3 30 360 M M 5 168 40 350
30 44 11 28 -10 37 0 0.00 0.0 T 12.0 29 170 M M 0 37 170
================================================================================
SM 1654 841 698 3 0.30 1.9 427.9 M 68
================================================================================
AV 55.1 28.0 14.3 FASTST M M 2 MAX(MPH)
MISC ----> 37 180 55 170
================================================================================
NOTES:
# LAST OF SEVERAL OCCURRENCES
COLUMN 17 PEAK WIND IN M.P.H.
PRELIMINARY LOCAL CLIMATOLOGICAL DATA (WS FORM: F-6) , PAGE 2
STATION: DODGE CITY KS
MONTH: NOVEMBER
YEAR: 2022
LATITUDE: 37 46 N
LONGITUDE: 99 58 W
[TEMPERATURE DATA] [PRECIPITATION DATA] SYMBOLS USED IN COLUMN 16
AVERAGE MONTHLY: 41.6 TOTAL FOR MONTH: 0.30 1 = FOG OR MIST
DPTR FM NORMAL: -2.1 DPTR FM NORMAL: -0.50 2 = FOG REDUCING VISIBILITY
HIGHEST: 78 ON 2, 1 GRTST 24HR 0.11 ON 14-14 TO 1/4 MILE OR LESS
LOWEST: 11 ON 30,12 3 = THUNDER
SNOW, ICE PELLETS, HAIL 4 = ICE PELLETS
TOTAL MONTH: 1.9 INCHES 5 = HAIL
GRTST 24HR 1.9 ON 14-14 6 = FREEZING RAIN OR DRIZZLE
GRTST DEPTH: 2 ON 15 7 = DUSTSTORM OR SANDSTORM:
VSBY 1/2 MILE OR LESS
8 = SMOKE OR HAZE
[NO. OF DAYS WITH] [WEATHER - DAYS WITH] 9 = BLOWING SNOW
X = TORNADO
MAX 32 OR BELOW: 1 0.01 INCH OR MORE: 5
MAX 90 OR ABOVE: 0 0.10 INCH OR MORE: 1
MIN 32 OR BELOW: 22 0.50 INCH OR MORE: 0
MIN 0 OR BELOW: 0 1.00 INCH OR MORE: 0
[HDD (BASE 65) ]
TOTAL THIS MO. 698 CLEAR (SCALE 0-3) 21
DPTR FM NORMAL 57 PTCLDY (SCALE 4-7) 8
TOTAL FM JUL 1 938 CLOUDY (SCALE 8-10) 1
DPTR FM NORMAL -44
[CDD (BASE 65) ]
TOTAL THIS MO. 3
DPTR FM NORMAL 2 [PRESSURE DATA]
TOTAL FM JAN 1 1998 HIGHEST SLP 30.59 ON 18
DPTR FM NORMAL 451 LOWEST SLP 29.34 ON 29
[REMARKS]
#FINAL-11-22#