000
CXUS53 KDDC 011613
CLSDDC
CLIMATE REPORT
NATIONAL WEATHER SERVICE DODGE CITY, KANSAS
1013 AM CST FRI DEC 01 2023
...................................
...THE DODGE CITY KS CLIMATE SUMMARY FOR THE SEASON, FROM
9/1/2023 TO 11/30/2023...
CLIMATE NORMAL PERIOD 1991 TO 2020
CLIMATE RECORD PERIOD 1875 TO 2023
WEATHER OBSERVED NORMAL DEPART LAST YEAR`S
VALUE DATE(S) VALUE FROM VALUE DATE(S)
NORMAL
................................................................
TEMPERATURE (F)
RECORD
HIGH 107 09/01/2011
LOW -13 11/27/1887
HIGHEST 105 09/04 MM MM 99 09/07
09/18
LOWEST 15 11/26 MM MM 11 11/12
11/30
AVG. MAXIMUM 74.1 70.6 3.5 72.9
AVG. MINIMUM 44.8 43.1 1.7 42.7
MEAN 59.5 56.8 2.7 57.8
DAYS MAX >= 90 16 10.5 5.5 17
DAYS MAX <= 32 2 1.5 0.5 1
DAYS MIN <= 32 21 22.3 -1.3 26
DAYS MIN <= 0 0 0.0 0.0 0
PRECIPITATION (INCHES)
RECORD
MAXIMUM 12.72 1906
MINIMUM 0.25 1980
TOTALS 3.37 4.13 -0.76 2.96
DAYS >= .01 10 15.4 -5.4 12
DAYS >= .10 4 7.6 -3.6 8
DAYS >= .50 2 2.4 -0.4 1
DAYS >= 1.00 2 1.2 0.8 1
GREATEST
24 HR. TOTAL 1.70 09/09 TO 09/10 1.82 09/15 TO 09/16
SNOWFALL (INCHES)
RECORDS
TOTAL 26.7 1992
24 HR TOTAL 12.1 11/24/1992 TO 11/24/1992
SNOW DEPTH 14 11/25/1992
11/26/1992
TOTALS 5.5 2.0 3.5 1.9
SINCE 7/1 5.5 2.0 3.5 1.9
SNOWDEPTH AVG. 0 0
DAYS >= TRACE 2 1.6 0.4 3
DAYS >= 1.0 1 0.6 0.4 1
GREATEST
SNOW DEPTH 5 11/26 2 11/15
24 HR TOTAL 5.3 11/25 TO 11/25 1.9
DEGREE DAYS
HEATING TOTAL 828 979 -151 938
SINCE 7/1 828 982 -154 938
COOLING TOTAL 343 236 107 306
SINCE 1/1 1594 1547 47 1998
................................................................
WIND (MPH)
AVERAGE WIND SPEED 11.6
RESULTANT WIND SPEED/DIRECTION 3/180
HIGHEST WIND SPEED/DIRECTION 39/320 DATE 10/13
HIGHEST GUST SPEED/DIRECTION 56/320 DATE 10/13
SKY COVER
POSSIBLE SUNSHINE (PERCENT) MM
AVERAGE SKY COVER 0.17
NUMBER OF DAYS FAIR 72
NUMBER OF DAYS PC 12
NUMBER OF DAYS CLOUDY 8
AVERAGE RH (PERCENT) 57
WEATHER CONDITIONS. NUMBER OF DAYS WITH
THUNDERSTORM 5 MIXED PRECIP 0
HEAVY RAIN 3 RAIN 3
LIGHT RAIN 10 FREEZING RAIN 0
LT FREEZING RAIN 0 HAIL 0
HEAVY SNOW 0 SNOW 1
LIGHT SNOW 2 SLEET 0
FOG 27 FOG W/VIS <= 1/4 MILE 9
HAZE 45
- INDICATES NEGATIVE NUMBERS.
R INDICATES RECORD WAS SET OR TIED.
MM INDICATES DATA IS MISSING.
T INDICATES TRACE AMOUNT.
$$