000
CXUS53 KIWX 010810
CF6DFI
PRELIMINARY LOCAL CLIMATOLOGICAL DATA (WS FORM: F-6)
STATION: DEFIANCE MEMORIAL
MONTH: JULY
YEAR: 2021
LATITUDE: 41 20 N
LONGITUDE: 84 26 W
TEMPERATURE IN F: :PCPN: SNOW: WIND :SUNSHINE: SKY :PK WND
================================================================================
1 2 3 4 5 6A 6B 7 8 9 10 11 12 13 14 15 16 17 18
12Z AVG MX 2MIN
DY MAX MIN AVG DEP HDD CDD WTR SNW DPTH SPD SPD DIR MIN PSBL S-S WX SPD DR
================================================================================
1 84 65 75 2 0 10 0.00 M M 6.5 15 20 M M 2 12 21 350
2 78 57 68 -5 0 3 0.00 M M 8.4 16 360 M M 2 24 340
3 81 55 68 -5 0 3 0.00 M M 4.3 14 300 M M 2 24 260
4 90 68 79 6 0 14 0.00 M M 4.6 10 300 M M 0 18 310
5 91 69 80 7 0 15 0.00 M M 6.0 15 210 M M 0 18 24 210
6 91 73 82 9 0 17 T M M 5.7 14 220 M M 0 18 22 220
7 90 70 80 7 0 15 T M M 4.9 22 310 M M 3 138 39 250
8 83 65 74 1 0 9 M M M 7.0 16 310 M M 7 13 21 300
9 77 61 69 -4 0 4 T 0.0 0 5.4 13 300 M M 9 8 16 350
10 79 57 68 -5 0 3 T 0.0 0 5.7 13 130 M M 1 1 18 100
11 70 66 68 -5 0 3 0.90 0.0 0 10.0 17 60 M M 10 1 27 70
12 82 68 75 2 0 10 0.30 M M 4.3 13 60 M M 8 138 17 60
13 82 71 77 4 0 12 0.05 M M 6.7 18 200 M M 6 38 28 210
14 85 68 77 4 0 12 0.00 M M 4.9 13 220 M M 3 1 19 220
15 88 71 80 7 0 15 0.93 M M 7.1 20 220 M M 2 138 29 250
16 77 71 74 1 0 9 0.60 M M 3.6 9 120 M M 8 1 14 210
17 83 70 77 4 0 12 0.11 0.0 0 3.9 13 10 M M 9 1 17 10
18 84 66 75 2 0 10 0.00 0.0 0 1.4 7 70 M M 4 10 30
19 85 62 74 1 0 9 0.00 0.0 0 3.7 12 310 M M 1 16 330
20 85 65 75 2 0 10 0.00 0.0 0 5.0 13 310 M M 1 16 310
21 79 61 70 -3 0 5 0.00 0.0 0 5.5 12 340 M M 3 16 30
22 81 56 69 -4 0 4 0.00 M M 1.7 7 140 M M 1 10 140
23 82 65 74 1 0 9 0.59 M M 5.1 15 340 M M 4 13 21 350
24 87 71 79 6 0 14 0.72 M M 6.4 16 220 M M 5 138 26 210
25 M M M M M M M M M M M M M M M 1 M M
26 M M M M M M 0.00 M M M M M M M 0 M M
27 88 63 76 3 0 11 0.00 0.0 0 2.2 10 230 M M 0 1 17 230
28 89 67 78 5 0 13 0.00 0.0 0 1.7 8 330 M M 1 18 10 340
29 87 73 80 8 0 15 0.10 0.0 0 7.7 16 300 M M 3 13 33 260
30 79 63 71 -1 0 6 0.00 0.0 0 5.8 13 10 M M 1 17 340
31 80 60 70 -2 0 5 0.00 0.0 0 3.2 14 200 M M 1 1 19 200
================================================================================
SM 2417 1897 0 277 4.30 0.0 148.4 M 97
================================================================================
AV 83.3 65.4 5.1 FASTST M M 3 MAX(MPH)
MISC ----> 22 310 39 250
================================================================================
NOTES:
# LAST OF SEVERAL OCCURRENCES
COLUMN 17 PEAK WIND IN M.P.H.
PRELIMINARY LOCAL CLIMATOLOGICAL DATA (WS FORM: F-6) , PAGE 2
STATION: DEFIANCE MEMORIAL
MONTH: JULY
YEAR: 2021
LATITUDE: 41 20 N
LONGITUDE: 84 26 W
[TEMPERATURE DATA] [PRECIPITATION DATA] SYMBOLS USED IN COLUMN 16
AVERAGE MONTHLY: 74.4 TOTAL FOR MONTH: 4.30 1 = FOG OR MIST
DPTR FM NORMAL: 1.5 DPTR FM NORMAL: 0.67 2 = FOG REDUCING VISIBILITY
HIGHEST: 91 ON 6, 5 GRTST 24HR 1.07 ON 15-16 TO 1/4 MILE OR LESS
LOWEST: 55 ON 3 3 = THUNDER
SNOW, ICE PELLETS, HAIL 4 = ICE PELLETS
TOTAL MONTH: 0.0 INCH 5 = HAIL
GRTST 24HR 0.0 6 = FREEZING RAIN OR DRIZZLE
GRTST DEPTH: 0 7 = DUSTSTORM OR SANDSTORM:
VSBY 1/2 MILE OR LESS
8 = SMOKE OR HAZE
[NO. OF DAYS WITH] [WEATHER - DAYS WITH] 9 = BLOWING SNOW
X = TORNADO
MAX 32 OR BELOW: 0 0.01 INCH OR MORE: 9
MAX 90 OR ABOVE: 4 0.10 INCH OR MORE: 8
MIN 32 OR BELOW: 0 0.50 INCH OR MORE: 5
MIN 0 OR BELOW: 0 1.00 INCH OR MORE: 0
[HDD (BASE 65) ]
TOTAL THIS MO. 0 CLEAR (SCALE 0-3) 17
DPTR FM NORMAL -4 PTCLDY (SCALE 4-7) 8
TOTAL FM JUL 1 0 CLOUDY (SCALE 8-10) 6
DPTR FM NORMAL 0
[CDD (BASE 65) ]
TOTAL THIS MO. 277
DPTR FM NORMAL 27 [PRESSURE DATA]
TOTAL FM JAN 1 642 HIGHEST SLP 30.11 ON 30
DPTR FM NORMAL 173 LOWEST SLP 29.84 ON 29
[REMARKS]
#FINAL-07-21#