000
CXUS55 KCYS 060408
CLMDGW


CLIMATE REPORT
NATIONAL WEATHER SERVICE CHEYENNE WY
908 PM MST THU MAR 5 2015

...................................

...THE DOUGLAS WY AIRPORT CLIMATE SUMMARY FOR THE MONTH OF JANUARY 2015...

CLIMATE NORMAL PERIOD 1981 TO 2010
CLIMATE RECORD PERIOD 1998 TO 2015

WEATHER         OBSERVED          NORMAL  DEPART  LAST YEAR`S
                 VALUE   DATE(S)  VALUE   FROM    VALUE
                                          NORMAL
.............................................................
TEMPERATURE (F)
RECORD
 HIGH              71   01/27/2015
 LOW              -33   01/27/2009
HIGHEST            71R  01/27        MM      MM       54
LOWEST            -15   01/09        MM      MM      -11
                        01/04
AVG. MAXIMUM     40.9              38.7     2.2     37.5
AVG. MINIMUM     13.3              11.2     2.1     14.9
MEAN             27.1              25.0     2.1     26.2
DAYS MAX >= 90      0               0.0                0
DAYS MAX <= 32      7               9.5               11
DAYS MIN <= 32     28              30.2               31
DAYS MIN <= 0       5               5.9                5

PRECIPITATION (INCHES)
RECORD
 MAXIMUM         0.65   2009
 MINIMUM         0.04   2002
TOTALS           0.34              0.38   -0.04     0.49
DAYS >= .01         6                MM      MM        7
DAYS >= .10         2                MM      MM        1
DAYS >= .50         0                MM      MM        0
DAYS >= 1.00        0                MM      MM        0
GREATEST
 24 HR. TOTAL    0.14   01/03 TO 01/03

DEGREE_DAYS
HEATING TOTAL    1167              1242     -75     1195
 SINCE 7/1       4062              4331    -269     4274
COOLING TOTAL       0                 0       0        0
 SINCE 1/1          0                 0       0        0
..............................................................

WIND (MPH)
AVERAGE WIND SPEED              9.1
HIGHEST WIND SPEED/DIRECTION    40/280    DATE  01/05
HIGHEST GUST SPEED/DIRECTION    49/240    DATE  01/27

SKY COVER
POSSIBLE SUNSHINE (PERCENT)   MM
AVERAGE SKY COVER           0.30
NUMBER OF DAYS FAIR           14
NUMBER OF DAYS PC             16
NUMBER OF DAYS CLOUDY          1

AVERAGE RH (PERCENT)     65

WEATHER CONDITIONS. NUMBER OF DAYS WITH
THUNDERSTORM              0     MIXED PRECIP               0
HEAVY RAIN                0     RAIN                       0
LIGHT RAIN                2     FREEZING RAIN              0
LT FREEZING RAIN          0     HAIL                       0
HEAVY SNOW                1     SNOW                       1
LIGHT SNOW                6     SLEET                      0
FOG                      10     FOG W/VIS <= 1/4 MILE      2
HAZE                      5

-  INDICATES NEGATIVE NUMBERS.
R  INDICATES RECORD WAS SET OR TIED.
MM INDICATES DATA IS MISSING.
T  INDICATES TRACE AMOUNT.

$$
