000
CXUS55 KCYS 022111
CLMDGW


CLIMATE REPORT
NATIONAL WEATHER SERVICE CHEYENNE WY
311 PM MDT MON JUN 2 2014

...................................

...THE DOUGLAS WY AIRPORT CLIMATE SUMMARY FOR THE MONTH OF MAY 2014...

CLIMATE NORMAL PERIOD 1981 TO 2010
CLIMATE RECORD PERIOD 1998 TO 2014

WEATHER         OBSERVED          NORMAL  DEPART  LAST YEAR`S
                 VALUE   DATE(S)  VALUE   FROM    VALUE
                                          NORMAL
.............................................................
TEMPERATURE (F)
RECORD
 HIGH              97   05/29/2003
 LOW               16   05/09/2002
HIGHEST            86   05/28        MM      MM       90
LOWEST             27   05/13        MM      MM       21
                        05/09
AVG. MAXIMUM     66.7              67.9    -1.2     69.9
AVG. MINIMUM     40.5              38.4     2.1     40.6
MEAN             53.6              53.2     0.4     55.2
DAYS MAX >= 90      0               0.4                1
DAYS MAX <= 32      0               0.0                0
DAYS MIN <= 32      7               5.3                4
DAYS MIN <= 0       0               0.0                0

PRECIPITATION (INCHES)
RECORD
 MAXIMUM           MM   MM
 MINIMUM           MM   MM
TOTALS           2.22              2.49   -0.27     1.70
DAYS >= .01        10                MM      MM       10
DAYS >= .10         4                MM      MM        5
DAYS >= .50         1                MM      MM        1
DAYS >= 1.00        0                MM      MM        0
GREATEST
 24 HR. TOTAL    0.97   05/20 TO 05/20

DEGREE_DAYS
HEATING TOTAL     354               374     -20      312
 SINCE 7/1       7473              7331     142     7078
COOLING TOTAL       5                 6      -1       16
 SINCE 1/1          5                 6      -1       16
..............................................................

WIND (MPH)
AVERAGE WIND SPEED              10.3
HIGHEST WIND SPEED/DIRECTION    36/290    DATE  05/04
HIGHEST GUST SPEED/DIRECTION    46/280    DATE  05/09

SKY COVER
POSSIBLE SUNSHINE (PERCENT)   MM
AVERAGE SKY COVER           0.40
NUMBER OF DAYS FAIR           15
NUMBER OF DAYS PC             11
NUMBER OF DAYS CLOUDY          2

AVERAGE RH (PERCENT)     66

WEATHER CONDITIONS. NUMBER OF DAYS WITH
THUNDERSTORM              0     MIXED PRECIP               0
HEAVY RAIN                2     RAIN                       5
LIGHT RAIN               13     FREEZING RAIN              0
LT FREEZING RAIN          0     HAIL                       0
HEAVY SNOW                0     SNOW                       1
LIGHT SNOW                3     SLEET                      0
FOG                      14     FOG W/VIS <= 1/4 MILE      4
HAZE                      0

-  INDICATES NEGATIVE NUMBERS.
R  INDICATES RECORD WAS SET OR TIED.
MM INDICATES DATA IS MISSING.
T  INDICATES TRACE AMOUNT.

$$
