000
CXUS55 KCYS 132151
CLMDGW


CLIMATE REPORT
NATIONAL WEATHER SERVICE CHEYENNE WY
251 PM MST WED JAN 13 2016

...................................

...THE DOUGLAS WY AIRPORT CLIMATE SUMMARY FOR THE YEAR OF 2015...

CLIMATE NORMAL PERIOD 1981 TO 2010
CLIMATE RECORD PERIOD 1998 TO 2016

WEATHER         OBSERVED          NORMAL  DEPART  LAST YEAR`S
                 VALUE   DATE(S)  VALUE   FROM    VALUE
                                          NORMAL
.............................................................
TEMPERATURE (F)
RECORD
 HIGH             105   07/29/2006
                        07/18/2006
                        07/16/2005
 LOW              -33   01/27/2009
                        02/18/2006
HIGHEST            99   08/30        MM      MM       98
                        08/15
LOWEST            -16   12/28        MM      MM      -25
AVG. MAXIMUM     62.8              60.8     2.0     60.0
AVG. MINIMUM     32.9              31.0     1.9     30.6
MEAN             47.8              45.9     1.9     45.3
DAYS MAX >= 90     38              33.4               30
DAYS MAX <= 32     36              35.3               46
DAYS MIN <= 32    164             187.2              187
DAYS MIN <= 0      20              18.0               28

PRECIPITATION (INCHES)
RECORD
 MAXIMUM           MM   MM
 MINIMUM           MM   MM
TOTALS          14.72             13.39    1.33    13.09
DAYS >= .01        92                MM              103
DAYS >= .10        42                MM               38
DAYS >= .50         8                MM                5
DAYS >= 1.00        0                MM                0
GREATEST
 24 HR. TOTAL    1.31   05/23 TO 05/24

DEGREE_DAYS
HEATING TOTAL    6647              7442    -795     7432
 SINCE 7/1       2697              3089    -392     2895
COOLING TOTAL     503               488      15      401
 SINCE 1/1        503               486      17      401
..............................................................

WIND (MPH)
AVERAGE WIND SPEED              9.1
HIGHEST WIND SPEED/DIRECTION    61/280    DATE  02/07
HIGHEST GUST SPEED/DIRECTION    79/270    DATE  02/07

SKY COVER
POSSIBLE SUNSHINE (PERCENT)   MM
AVERAGE SKY COVER           0.30
NUMBER OF DAYS FAIR          222
NUMBER OF DAYS PC            108
NUMBER OF DAYS CLOUDY         35

AVERAGE RH (PERCENT)     59

WEATHER CONDITIONS. NUMBER OF DAYS WITH
THUNDERSTORM              0     MIXED PRECIP               0
HEAVY RAIN               16     RAIN                      24
LIGHT RAIN               87     FREEZING RAIN              0
LT FREEZING RAIN          0     HAIL                       0
HEAVY SNOW                3     SNOW                      11
LIGHT SNOW               53     SLEET                      0
FOG                     124     FOG W/VIS <= 1/4 MILE     22
HAZE                     46

-  INDICATES NEGATIVE NUMBERS.
R  INDICATES RECORD WAS SET OR TIED.
MM INDICATES DATA IS MISSING.
T  INDICATES TRACE AMOUNT.

$$
