000
CXUS55 KCYS 082108
CLMDGW


CLIMATE REPORT
NATIONAL WEATHER SERVICE CHEYENNE WY
208 PM MST FRI NOV 8 2013

...................................

...THE DOUGLAS WY AIRPORT CLIMATE SUMMARY FOR THE MONTH OF OCTOBER 2013...

CLIMATE NORMAL PERIOD 1981 TO 2010
CLIMATE RECORD PERIOD 1998 TO 2013

WEATHER         OBSERVED          NORMAL  DEPART  LAST YEAR`S
                 VALUE   DATE(S)  VALUE   FROM    VALUE
                                          NORMAL
.............................................................
TEMPERATURE (F)
RECORD
 HIGH              86   10/02/2011
                        10/04/2010
 LOW                4   10/31/2002
HIGHEST            76   10/01        MM      MM       84
LOWEST             22   10/16        MM      MM       12
AVG. MAXIMUM     54.5              61.2    -6.7     59.2
AVG. MINIMUM     31.2              30.2     1.0     28.8
MEAN             42.8              45.7    -2.9     44.0
DAYS MAX >= 90      0               0.0                0
DAYS MAX <= 32      0               0.9                1
DAYS MIN <= 32     22              17.5               21
DAYS MIN <= 0       0               0.0                0

PRECIPITATION (INCHES)
RECORD
 MAXIMUM         1.64   2011
 MINIMUM         0.36   2006
TOTALS           2.00R             1.06    0.94     0.89
DAYS >= .01         7                MM      MM        7
DAYS >= .10         4                MM      MM        2
DAYS >= .50         2                MM      MM        1
DAYS >= 1.00        0                MM      MM        0
GREATEST
 24 HR. TOTAL    0.92   10/03 TO 10/04

DEGREE_DAYS
HEATING TOTAL     680               598      82      642
 SINCE 7/1        818               867     -49      770
COOLING TOTAL       0                 0       0        0
 SINCE 1/1        739               486     253      831
..............................................................

WIND (MPH)
AVERAGE WIND SPEED              10.8
HIGHEST WIND SPEED/DIRECTION    39/320    DATE  10/11
HIGHEST GUST SPEED/DIRECTION    51/320    DATE  10/11

SKY COVER
POSSIBLE SUNSHINE (PERCENT)   MM
AVERAGE SKY COVER           0.40
NUMBER OF DAYS FAIR           17
NUMBER OF DAYS PC              5
NUMBER OF DAYS CLOUDY          9

AVERAGE RH (PERCENT)     69

WEATHER CONDITIONS. NUMBER OF DAYS WITH
THUNDERSTORM              0     MIXED PRECIP               0
HEAVY RAIN                1     RAIN                       2
LIGHT RAIN                6     FREEZING RAIN              0
LT FREEZING RAIN          0     HAIL                       0
HEAVY SNOW                2     SNOW                       2
LIGHT SNOW                7     SLEET                      0
FOG                      15     FOG W/VIS <= 1/4 MILE      3
HAZE                      3

-  INDICATES NEGATIVE NUMBERS.
R  INDICATES RECORD WAS SET OR TIED.
MM INDICATES DATA IS MISSING.
T  INDICATES TRACE AMOUNT.

$$
