000
CXUS55 KCYS 101859
CLMDGW


CLIMATE REPORT
NATIONAL WEATHER SERVICE CHEYENNE WY
1158 AM MST MON FEB 10 2014

...................................

...THE DOUGLAS WY AIRPORT CLIMATE SUMMARY FOR THE MONTH OF JANUARY 2014...

CLIMATE NORMAL PERIOD 1981 TO 2010
CLIMATE RECORD PERIOD 1998 TO 2014

WEATHER         OBSERVED          NORMAL  DEPART  LAST YEAR`S
                 VALUE   DATE(S)  VALUE   FROM    VALUE
                                          NORMAL
.............................................................
TEMPERATURE (F)
RECORD
 HIGH              67   01/09/2003
 LOW              -33   01/27/2009
HIGHEST            54   01/25        MM      MM       59
                        01/19
LOWEST            -11   01/05        MM      MM      -13
AVG. MAXIMUM     37.5              38.7    -1.2     40.8
AVG. MINIMUM     14.9              11.2     3.7     11.0
MEAN             26.2              25.0     1.2     25.9
DAYS MAX >= 90      0               0.0                0
DAYS MAX <= 32     11               9.5                9
DAYS MIN <= 32     31              30.2               31
DAYS MIN <= 0       5               5.9                6

PRECIPITATION (INCHES)
RECORD
 MAXIMUM         0.65   2009
 MINIMUM         0.04   2002
TOTALS           0.49              0.38    0.11     0.09
DAYS >= .01         7                MM      MM        4
DAYS >= .10         1                MM      MM        0
DAYS >= .50         0                MM      MM        0
DAYS >= 1.00        0                MM      MM        0
GREATEST
 24 HR. TOTAL    0.17   01/01 TO 01/01

DEGREE_DAYS
HEATING TOTAL    1195              1242     -47     1205
 SINCE 7/1       4274              4331     -57     3926
COOLING TOTAL       0                 0       0        0
 SINCE 1/1          0                 0       0        0
..............................................................

WIND (MPH)
AVERAGE WIND SPEED              11.7
HIGHEST WIND SPEED/DIRECTION    45/270    DATE  01/03
HIGHEST GUST SPEED/DIRECTION    56/270    DATE  01/03

SKY COVER
POSSIBLE SUNSHINE (PERCENT)   MM
AVERAGE SKY COVER           0.40
NUMBER OF DAYS FAIR           15
NUMBER OF DAYS PC             13
NUMBER OF DAYS CLOUDY          3

AVERAGE RH (PERCENT)     64

WEATHER CONDITIONS. NUMBER OF DAYS WITH
THUNDERSTORM              0     MIXED PRECIP               0
HEAVY RAIN                0     RAIN                       1
LIGHT RAIN                1     FREEZING RAIN              0
LT FREEZING RAIN          0     HAIL                       0
HEAVY SNOW                0     SNOW                       1
LIGHT SNOW               14     SLEET                      0
FOG                      14     FOG W/VIS <= 1/4 MILE      3
HAZE                      4

-  INDICATES NEGATIVE NUMBERS.
R  INDICATES RECORD WAS SET OR TIED.
MM INDICATES DATA IS MISSING.
T  INDICATES TRACE AMOUNT.

$$
