000
CXUS52 KTAE 010900
CF6DHN
PRELIMINARY LOCAL CLIMATOLOGICAL DATA (WS FORM: F-6)
STATION: DOTHAN
MONTH: JANUARY
YEAR: 2023
LATITUDE: 31 19 N
LONGITUDE: 85 27 W
TEMPERATURE IN F: :PCPN: SNOW: WIND :SUNSHINE: SKY :PK WND
================================================================================
1 2 3 4 5 6A 6B 7 8 9 10 11 12 13 14 15 16 17 18
12Z AVG MX 2MIN
DY MAX MIN AVG DEP HDD CDD WTR SNW DPTH SPD SPD DIR MIN PSBL S-S WX SPD DR
================================================================================
1 76 57 67 16 0 2 0.00 0.0 M 4.1 12 310 M M 4 12 14 320
2 79 57 68 17 0 3 0.00 0.0 0 7.2 12 140 M M 7 12 14 130
3 81 65 73 22 0 8 0.22 M M 12.3 25 160 M M 8 13 32 150
4 74 56 65 14 0 0 1.24 0.0 M 8.5 28 300 M M 4 138 33 310
5 69 51 60 9 5 0 0.00 0.0 0 7.7 21 300 M M 0 24 280
6 64 40 52 1 13 0 0.00 0.0 0 4.9 16 330 M M 0 18 330
7 70 38 54 3 11 0 0.00 0.0 0 1.8 8 250 M M 0 10 250
8 67 43 55 4 10 0 T 0.0 0 4.0 13 180 M M 2 15 180
9 64 47 56 6 9 0 0.00 0.0 M 7.1 15 320 M M 2 1 17 330
10 67 39 53 3 12 0 0.00 0.0 0 3.2 9 220 M M 0 13 260
11 77 46 62 12 3 0 0.00 0.0 0 7.6 21 220 M M 4 25 220
12 76 53 65 15 0 0 1.10 0.0 0 13.6 36 240 M M 7 13 55 250
13 53 41 47 -3 18 0 0.00 0.0 0 16.9 29 340 M M 9 35 340
14 50 36 43 -7 22 0 0.00 0.0 0 12.9 23 330 M M 3 30 310
15 61 30 46 -4 19 0 0.00 0.0 0 3.3 9 50 M M 0 11 50
16 65 33 49 -1 16 0 0.00 0.0 0 3.6 12 180 M M 0 8 13 270
17 73 48 61 11 4 0 T 0.0 0 10.0 22 220 M M 6 12 28 220
18 79 58 69 19 0 4 T 0.0 0 6.9 20 200 M M 8 12 25 180
19 75 52 64 14 1 0 0.10 0.0 0 10.0 23 280 M M 4 1 27 280
20 65 44 55 5 10 0 0.00 0.0 0 7.3 12 340 M M 1 16 340
21 52 46 49 -2 16 0 0.37 0.0 0 6.6 15 350 M M 9 1 20 100
22 64 49 57 6 8 0 1.24 0.0 0 9.5 23 310 M M 9 1 26 310
23 58 41 50 -1 15 0 0.00 0.0 0 6.7 14 320 M M 3 18 330
24 57 34 46 -5 19 0 0.00 0.0 M 6.9 17 90 M M 3 21 80
25 66 46 56 5 9 0 0.65 M M 13.5 28 150 M M 7 1 36 150
26 56 37 47 -4 18 0 0.00 M M 11.0 22 320 M M 0 28 320
27 56 33 45 -6 20 0 0.00 0.0 0 3.4 10 310 M M 0 13 290
28 61 32 47 -4 18 0 0.00 0.0 0 3.5 16 140 M M 0 18 140
29 64 41 53 2 12 0 1.90 0.0 0 5.3 22 300 M M 9 13 26 310
30 79 60 70 18 0 5 0.32 0.0 M 6.2 16 320 M M 9 123 19 270
31 77 58 68 16 0 3 0.00 0.0 0 3.6 12 220 M M 7 12 16 230
================================================================================
SM 2075 1411 288 25 7.14 0.0 229.1 M 125
================================================================================
AV 66.9 45.5 7.4 FASTST M M 4 MAX(MPH)
MISC ----> 36 240 55 250
================================================================================
NOTES:
# LAST OF SEVERAL OCCURRENCES
COLUMN 17 PEAK WIND IN M.P.H.
PRELIMINARY LOCAL CLIMATOLOGICAL DATA (WS FORM: F-6) , PAGE 2
STATION: DOTHAN
MONTH: JANUARY
YEAR: 2023
LATITUDE: 31 19 N
LONGITUDE: 85 27 W
[TEMPERATURE DATA] [PRECIPITATION DATA] SYMBOLS USED IN COLUMN 16
AVERAGE MONTHLY: 56.2 TOTAL FOR MONTH: 7.14 1 = FOG OR MIST
DPTR FM NORMAL: 5.4 DPTR FM NORMAL: 2.38 2 = FOG REDUCING VISIBILITY
HIGHEST: 81 ON 3 GRTST 24HR 1.90 ON 29-29 TO 1/4 MILE OR LESS
LOWEST: 30 ON 15 3 = THUNDER
SNOW, ICE PELLETS, HAIL 4 = ICE PELLETS
TOTAL MONTH: 0.0 INCH 5 = HAIL
GRTST 24HR 0.0 6 = FREEZING RAIN OR DRIZZLE
GRTST DEPTH: 0 7 = DUSTSTORM OR SANDSTORM:
VSBY 1/2 MILE OR LESS
8 = SMOKE OR HAZE
[NO. OF DAYS WITH] [WEATHER - DAYS WITH] 9 = BLOWING SNOW
X = TORNADO
MAX 32 OR BELOW: 0 0.01 INCH OR MORE: 9
MAX 90 OR ABOVE: 0 0.10 INCH OR MORE: 9
MIN 32 OR BELOW: 2 0.50 INCH OR MORE: 5
MIN 0 OR BELOW: 0 1.00 INCH OR MORE: 4
[HDD (BASE 65) ]
TOTAL THIS MO. 288 CLEAR (SCALE 0-3) 15
DPTR FM NORMAL -163 PTCLDY (SCALE 4-7) 10
TOTAL FM JUL 1 866 CLOUDY (SCALE 8-10) 6
DPTR FM NORMAL -235
[CDD (BASE 65) ]
TOTAL THIS MO. 25
DPTR FM NORMAL 16 [PRESSURE DATA]
TOTAL FM JAN 1 25 HIGHEST SLP 30.47 ON 28
DPTR FM NORMAL 16 LOWEST SLP 29.75 ON 25
[REMARKS]
#FINAL-01-23#