000
CXUS52 KTAE 010800
CF6DHN
PRELIMINARY LOCAL CLIMATOLOGICAL DATA (WS FORM: F-6)
STATION: DOTHAN
MONTH: MARCH
YEAR: 2020
LATITUDE: 31 19 N
LONGITUDE: 85 27 W
TEMPERATURE IN F: :PCPN: SNOW: WIND :SUNSHINE: SKY :PK WND
================================================================================
1 2 3 4 5 6A 6B 7 8 9 10 11 12 13 14 15 16 17 18
12Z AVG MX 2MIN
DY MAX MIN AVG DEP HDD CDD WTR SNW DPTH SPD SPD DIR MIN PSBL S-S WX SPD DR
================================================================================
1 70 36 53 -3 12 0 0.00 0.0 0 4.9 16 190 M M 0 20 160
2 75 51 63 7 2 0 T 0.0 0 11.2 22 200 M M 6 28 200
3 80 65 73 17 0 8 T 0.0 0 11.0 26 220 M M 6 138 35 210
4 72 56 64 7 1 0 1.77 0.0 0 11.0 43 340 M M 10 13 53 20
5 61 53 57 0 8 0 0.41 0.0 0 9.4 20 350 M M 10 13 25 100
6 66 46 56 -1 9 0 0.00 0.0 0 13.2 25 330 M M 1 32 340
7 63 37 50 -7 15 0 0.00 0.0 0 7.3 17 10 M M 0 23 360
8 68 41 55 -2 10 0 0.00 0.0 0 5.6 16 130 M M 0 22 130
9 73 50 62 4 3 0 0.00 0.0 0 8.1 18 160 M M 2 23 160
10 76 55 66 8 0 1 T 0.0 0 6.5 16 210 M M 7 8 20 210
11 77 59 68 10 0 3 0.00 0.0 0 8.0 16 210 M M 6 12 20 230
12 82 61 72 14 0 7 0.00 0.0 0 9.0 18 230 M M 4 25 210
13 81 62 72 14 0 7 0.00 0.0 0 5.7 13 220 M M 5 18 260
14 82 61 72 14 0 7 0.00 0.0 0 4.5 13 240 M M 3 12 16 240
15 86 58 72 13 0 7 0.00 0.0 0 3.7 13 350 M M 2 8 16 350
16 84 63 74 15 0 9 0.00 0.0 0 5.6 15 170 M M 3 20 170
17 83 63 73 14 0 8 0.00 0.0 0 3.9 12 120 M M 6 1 14 120
18 83 61 72 13 0 7 0.00 0.0 0 7.9 20 210 M M 4 12 25 190
19 88 57 73 14 0 8 0.00 0.0 0 7.6 18 220 M M 3 12 22 220
20 86 61 74 14 0 9 0.00 0.0 0 7.1 16 220 M M 5 1 20 200
21 81 65 73 13 0 8 T 0.0 0 6.3 13 340 M M 7 1 16 240
22 78 59 69 9 0 4 T 0.0 0 6.2 22 330 M M 5 26 330
23 84 62 73 13 0 8 T 0.0 0 9.2 21 220 M M 6 1 27 210
24 86 64 75 15 0 10 0.00 0.0 0 11.2 24 200 M M 6 1 32 240
25 88 65 77 17 0 12 0.00 0.0 0 9.1 17 310 M M 4 21 330
26 89 60 75 14 0 10 0.00 0.0 0 5.3 13 200 M M 0 18 310
27 88 68 78 17 0 13 0.00 0.0 0 8.3 15 220 M M 4 12 20 230
28 90 69 80 19 0 15 0.00 0.0 0 10.6 22 200 M M 5 27 180
29 89 68 79 18 0 14 0.00 0.0 0 8.3 16 220 M M 6 18 21 220
30 84 61 73 12 0 8 0.00 0.0 0 4.8 13 10 M M 2 15 10
31 76 54 65 3 0 0 0.61 0.0 0 12.0 30 300 M M 5 13 39 310
================================================================================
SM 2469 1791 60 183 2.79 0.0 242.5 M 133
================================================================================
AV 79.7 57.8 7.8 FASTST M M 4 MAX(MPH)
MISC ----> # 43 340 # 53 20
================================================================================
NOTES:
# LAST OF SEVERAL OCCURRENCES
COLUMN 17 PEAK WIND IN M.P.H.
PRELIMINARY LOCAL CLIMATOLOGICAL DATA (WS FORM: F-6) , PAGE 2
STATION: DOTHAN
MONTH: MARCH
YEAR: 2020
LATITUDE: 31 19 N
LONGITUDE: 85 27 W
[TEMPERATURE DATA] [PRECIPITATION DATA] SYMBOLS USED IN COLUMN 16
AVERAGE MONTHLY: 68.7 TOTAL FOR MONTH: 2.79 1 = FOG OR MIST
DPTR FM NORMAL: 9.8 DPTR FM NORMAL: -3.09 2 = FOG REDUCING VISIBILITY
HIGHEST: 90 ON 28 GRTST 24HR 1.77 ON 4- 4 TO 1/4 MILE OR LESS
LOWEST: 36 ON 1 3 = THUNDER
SNOW, ICE PELLETS, HAIL 4 = ICE PELLETS
TOTAL MONTH: 0.0 INCH 5 = HAIL
GRTST 24HR 0.0 6 = FREEZING RAIN OR DRIZZLE
GRTST DEPTH: 0 7 = DUSTSTORM OR SANDSTORM:
VSBY 1/2 MILE OR LESS
8 = SMOKE OR HAZE
[NO. OF DAYS WITH] [WEATHER - DAYS WITH] 9 = BLOWING SNOW
X = TORNADO
MAX 32 OR BELOW: 0 0.01 INCH OR MORE: 3
MAX 90 OR ABOVE: 1 0.10 INCH OR MORE: 3
MIN 32 OR BELOW: 0 0.50 INCH OR MORE: 2
MIN 0 OR BELOW: 0 1.00 INCH OR MORE: 1
[HDD (BASE 65) ]
TOTAL THIS MO. 60 CLEAR (SCALE 0-3) 10
DPTR FM NORMAL -151 PTCLDY (SCALE 4-7) 19
TOTAL FM JUL 1 1195 CLOUDY (SCALE 8-10) 2
DPTR FM NORMAL -575
[CDD (BASE 65) ]
TOTAL THIS MO. 183
DPTR FM NORMAL 162 [PRESSURE DATA]
TOTAL FM JAN 1 244 HIGHEST SLP M ON M
DPTR FM NORMAL 213 LOWEST SLP 29.67 ON 31
[REMARKS]
#FINAL-03-20#