000
CXUS56 KTFX 230743
CF6DLN
PRELIMINARY LOCAL CLIMATOLOGICAL DATA (WS FORM: F-6)
STATION: DILLON AIRPORT MT
MONTH: APRIL
YEAR: 2024
LATITUDE: 45 15 N
LONGITUDE: 112 33 W
TEMPERATURE IN F: :PCPN: SNOW: WIND :SUNSHINE: SKY :PK WND
================================================================================
1 2 3 4 5 6A 6B 7 8 9 10 11 12 13 14 15 16 17 18
12Z AVG MX 2MIN
DY MAX MIN AVG DEP HDD CDD WTR SNW DPTH SPD SPD DIR MIN PSBL S-S WX SPD DR
================================================================================
1 51 20 36 -1 29 0 0.00 M M 4.5 15 60 M M 1 1 18 80
2 65 27 46 9 19 0 0.00 M M 8.4 16 260 M M 0 20 270
3 62 35 49 11 16 0 0.02 M M 9.7 24 200 M M 4 18 34 180
4 60 37 49 11 16 0 0.02 M M 9.4 29 160 M M 5 1 43 170
5 60 30 45 7 20 0 T M M 10.4 49 140 M M 4 18 66 140
6 41 24 33 -5 32 0 0.00 M M 10.4 24 260 M M 6 31 250
7 42 29 36 -2 29 0 T M M 6.7 14 10 M M 9 1 17 10
8 48 28 38 0 27 0 0.00 M M 8.8 20 250 M M 5 30 210
9 54 32 43 4 22 0 T M M 13.9 28 250 M M 7 38 270
10 56 33 45 6 20 0 0.00 M M 7.2 17 240 M M 3 8 22 180
11 62 26 44 5 21 0 0.00 M M 10.9 24 210 M M 1 32 200
12 71 37 54 15 11 0 0.03 M M 9.8 31 180 M M 2 38 43 170
13 69 35 52 13 13 0 0.00 M M 8.3 29 210 M M 2 8 36 210
14 71 34 53 13 12 0 0.00 M M 8.9 24 190 M M 1 8 32 180
15 58 38 48 8 17 0 0.00 M M 6.5 16 280 M M 6 21 160
16 55 30 43 3 22 0 T M M 11.4 26 30 M M 5 19 33 30
17 36 24 30 -10 35 0 0.03 M M 10.5 22 20 M M 9 1 29 20
18 42 20 31 -9 34 0 0.00 M M 7.5 21 40 M M 3 26 30
19 43 19 31 -10 34 0 0.00 M M 12.1 21 30 M M 4 29 40
20 53 17 35 -6 30 0 0.00 M M 6.2 16 60 M M 1 23 60
21 68 32 50 9 15 0 0.00 M M 13.7 35 250 M M 1 47 250
22 59 27 43 2 22 0 0.00 M M 9.0 24 270 M M 0 34 280
================================================================================
SM 1226 634 496 0 0.10 M 204.2 M 79
================================================================================
AV 55.7 28.8 9.3 FASTST M M 4 MAX(MPH)
MISC ----> 49 140 66 140
================================================================================
NOTES:
# LAST OF SEVERAL OCCURRENCES
COLUMN 17 PEAK WIND IN M.P.H.
PRELIMINARY LOCAL CLIMATOLOGICAL DATA (WS FORM: F-6) , PAGE 2
STATION: DILLON AIRPORT MT
MONTH: APRIL
YEAR: 2024
LATITUDE: 45 15 N
LONGITUDE: 112 33 W
[TEMPERATURE DATA] [PRECIPITATION DATA] SYMBOLS USED IN COLUMN 16
AVERAGE MONTHLY: 42.3 TOTAL FOR MONTH: 0.10 1 = FOG OR MIST
DPTR FM NORMAL: 3.1 DPTR FM NORMAL: -0.74 2 = FOG REDUCING VISIBILITY
HIGHEST: 71 ON 14,12 GRTST 24HR 0.04 ON 3- 4 TO 1/4 MILE OR LESS
LOWEST: 17 ON 20 3 = THUNDER
SNOW, ICE PELLETS, HAIL 4 = ICE PELLETS
TOTAL MONTH: M 5 = HAIL
GRTST 24HR M ON M 6 = FREEZING RAIN OR DRIZZLE
GRTST DEPTH: M ON M 7 = DUSTSTORM OR SANDSTORM:
VSBY 1/2 MILE OR LESS
8 = SMOKE OR HAZE
[NO. OF DAYS WITH] [WEATHER - DAYS WITH] 9 = BLOWING SNOW
X = TORNADO
MAX 32 OR BELOW: 0 0.01 INCH OR MORE: 4
MAX 90 OR ABOVE: 0 0.10 INCH OR MORE: 0
MIN 32 OR BELOW: 15 0.50 INCH OR MORE: 0
MIN 0 OR BELOW: 0 1.00 INCH OR MORE: 0
[HDD (BASE 65) ]
TOTAL THIS MO. 496 CLEAR (SCALE 0-3) 10
DPTR FM NORMAL -74 PTCLDY (SCALE 4-7) 10
TOTAL FM JUL 1 7069 CLOUDY (SCALE 8-10) 2
DPTR FM NORMAL -539
[CDD (BASE 65) ]
TOTAL THIS MO. 0
DPTR FM NORMAL 0 [PRESSURE DATA]
TOTAL FM JAN 1 0 HIGHEST SLP M ON M
DPTR FM NORMAL 0 LOWEST SLP 29.31 ON 5
[REMARKS]