000
CXUS53 KEAX 010736
CF6DMO
PRELIMINARY LOCAL CLIMATOLOGICAL DATA (WS FORM: F-6)
STATION: SEDALIA MO
MONTH: APRIL
YEAR: 2022
LATITUDE: 38 42 N
LONGITUDE: 93 6 W
TEMPERATURE IN F: :PCPN: SNOW: WIND :SUNSHINE: SKY :PK WND
================================================================================
1 2 3 4 5 6A 6B 7 8 9 10 11 12 13 14 15 16 17 18
12Z AVG MX 2MIN
DY MAX MIN AVG DEP HDD CDD WTR SNW DPTH SPD SPD DIR MIN PSBL S-S WX SPD DR
================================================================================
1 56 26 41 -9 24 0 0.00 M M 6.0 10 130 M M 0 14 150
2 61 42 52 1 13 0 0.00 M M 13.0 26 310 M M 2 36 330
3 71 39 55 4 10 0 0.13 M M 8.9 17 170 M M 3 27 160
4 62 45 54 3 11 0 T M M 6.9 15 340 M M 3 19 340
5 72 48 60 8 5 0 0.11 M M 12.4 29 340 M M 9 13 38 330
6 62 42 52 0 13 0 0.18 M M 15.4 31 320 M M 6 1 45 320
7 50 35 43 -9 22 0 0.03 M M 17.5 33 290 M M 7 1 46 290
8 44 34 39 -13 26 0 T M M 13.3 24 310 M M 8 33 310
9 61 32 47 -6 18 0 0.00 M M 7.5 14 280 M M 0 19 290
10 82 47 65 12 0 0 0.00 M M 17.2 30 220 M M 2 8 42 240
11 65 48 57 4 8 0 T M M 6.7 15 130 M M 4 19 340
12 84 48 66 12 0 1 0.00 M M 19.7 37 180 M M 5 1 51 190
13 71 35 53 -1 12 0 0.38 M M 12.1 28 170 M M 6 13 42 160
14 61 35 48 -6 17 0 0.00 M M 11.6 23 240 M M 0 8 36 260
15 68 44 56 1 9 0 T M M 10.9 22 180 M M 2 28 190
16 56 37 47 -8 18 0 0.00 M M 10.6 20 20 M M 1 30 10
17 47 37 42 -13 23 0 0.43 M M 10.3 17 100 M M 10 13 25 100
18 55 36 46 -9 19 0 0.00 M M 11.2 24 310 M M 4 1 34 330
19 60 31 46 -10 19 0 0.17 M M 7.9 16 110 M M 3 8 22 120
20 57 46 52 -4 13 0 0.35 M M 14.5 23 180 M M 10 13 35 170
21 77 52 65 9 0 0 0.00 M M 8.1 17 100 M M 5 12 25 90
22 85 65 75 18 0 10 0.00 M M 17.9 29 180 M M 4 43 180
23 81 67 74 17 0 9 T M M 19.4 32 190 M M 3 47 170
24 74 51 63 6 2 0 0.58 M M 7.4 29 190 M M 7 1 40 190
25 58 43 51 -7 14 0 0.00 M M 11.6 22 320 M M 2 29 320
26 64 37 51 -7 14 0 0.00 M M 3.6 9 30 M M 0 13 30
27 75 44 60 2 5 0 0.00 M M 12.3 23 200 M M 1 34 210
28 71 56 64 6 1 0 0.05 M M 13.4 22 180 M M 8 30 170
29 71 57 64 5 1 0 1.91 M M 13.3 38 290 M M 9 13 56 300
30 69 53 61 2 4 0 0.70 M M 14.4 30 240 M M 8 13 42 250
================================================================================
SM 1970 1312 321 20 5.02 M 355.0 M 132
================================================================================
AV 65.7 43.7 11.8 FASTST M M 4 MAX(MPH)
MISC ----> 38 290 56 300
================================================================================
NOTES:
# LAST OF SEVERAL OCCURRENCES
COLUMN 17 PEAK WIND IN M.P.H.
PRELIMINARY LOCAL CLIMATOLOGICAL DATA (WS FORM: F-6) , PAGE 2
STATION: SEDALIA MO
MONTH: APRIL
YEAR: 2022
LATITUDE: 38 42 N
LONGITUDE: 93 6 W
[TEMPERATURE DATA] [PRECIPITATION DATA] SYMBOLS USED IN COLUMN 16
AVERAGE MONTHLY: 54.7 TOTAL FOR MONTH: 5.02 1 = FOG OR MIST
DPTR FM NORMAL: 0.0 DPTR FM NORMAL: 1.24 2 = FOG REDUCING VISIBILITY
HIGHEST: 85 ON 22 GRTST 24HR 2.58 ON 29-30 TO 1/4 MILE OR LESS
LOWEST: 26 ON 1 3 = THUNDER
SNOW, ICE PELLETS, HAIL 4 = ICE PELLETS
TOTAL MONTH: M 5 = HAIL
GRTST 24HR M ON M 6 = FREEZING RAIN OR DRIZZLE
GRTST DEPTH: M ON M 7 = DUSTSTORM OR SANDSTORM:
VSBY 1/2 MILE OR LESS
8 = SMOKE OR HAZE
[NO. OF DAYS WITH] [WEATHER - DAYS WITH] 9 = BLOWING SNOW
X = TORNADO
MAX 32 OR BELOW: 0 0.01 INCH OR MORE: 12
MAX 90 OR ABOVE: 0 0.10 INCH OR MORE: 10
MIN 32 OR BELOW: 3 0.50 INCH OR MORE: 3
MIN 0 OR BELOW: 0 1.00 INCH OR MORE: 1
[HDD (BASE 65) ]
TOTAL THIS MO. 321 CLEAR (SCALE 0-3) 12
DPTR FM NORMAL -7 PTCLDY (SCALE 4-7) 13
TOTAL FM JUL 1 4142 CLOUDY (SCALE 8-10) 5
DPTR FM NORMAL -683
[CDD (BASE 65) ]
TOTAL THIS MO. 20
DPTR FM NORMAL 1 [PRESSURE DATA]
TOTAL FM JAN 1 20 HIGHEST SLP M ON M
DPTR FM NORMAL -2 LOWEST SLP 29.41 ON 5
[REMARKS]
#FINAL-04-22#