000
CXUS53 KEAX 010836
CF6DMO
PRELIMINARY LOCAL CLIMATOLOGICAL DATA (WS FORM: F-6)
STATION: SEDALIA MO
MONTH: JANUARY
YEAR: 2022
LATITUDE: 38 42 N
LONGITUDE: 93 6 W
TEMPERATURE IN F: :PCPN: SNOW: WIND :SUNSHINE: SKY :PK WND
================================================================================
1 2 3 4 5 6A 6B 7 8 9 10 11 12 13 14 15 16 17 18
12Z AVG MX 2MIN
DY MAX MIN AVG DEP HDD CDD WTR SNW DPTH SPD SPD DIR MIN PSBL S-S WX SPD DR
================================================================================
1 38 12 25 -6 40 0 0.20 M M 15.0 23 360 M M 10 16 30 330
2 15 6 11 -19 54 0 T M M 9.1 21 330 M M 3 1 27 330
3 37 8 23 -7 42 0 0.00 M M 8.1 13 190 M M 0 17 190
4 50 28 39 9 26 0 0.00 M M 17.6 31 180 M M 0 45 170
5 40 18 29 -1 36 0 0.00 M M 15.0 29 310 M M 3 40 310
6 18 9 14 -16 51 0 T M M 12.5 21 320 M M 6 26 340
7 26 7 17 -13 48 0 0.00 M M 7.6 15 150 M M 2 20 160
8 47 23 35 5 30 0 0.05 M M 9.9 20 320 M M 9 18 28 310
9 42 16 29 -1 36 0 0.00 M M 11.5 26 10 M M 2 1 36 10
10 41 18 30 0 35 0 0.00 M M 7.6 16 230 M M 0 22 220
11 57 23 40 10 25 0 0.00 M M 14.3 28 220 M M 0 41 220
12 54 37 46 16 19 0 0.00 M M 10.6 18 220 M M 0 24 220
13 57 36 47 17 18 0 0.00 M M 6.9 15 320 M M 2 20 340
14 49 34 42 12 23 0 0.05 M M 6.9 15 120 M M 6 1 21 100
15 40 24 32 2 33 0 0.35 M M 14.4 23 40 M M 10 1 32 30
16 31 20 26 -4 39 0 0.00 M M 8.2 17 280 M M 9 1 23 280
17 40 28 34 4 31 0 0.00 M M 8.3 15 290 M M 4 21 300
18 58 36 47 17 18 0 0.00 M M 12.3 22 220 M M 0 30 220
19 45 12 29 -1 36 0 0.00 M M 16.5 25 350 M M 4 35 10
20 19 6 13 -17 52 0 0.00 M M 10.4 21 350 M M 0 29 10
21 26 2 14 -16 51 0 0.00 M M 5.5 12 150 M M 0 17 150
22 46 16 31 1 34 0 0.00 M M 10.8 21 220 M M 1 27 220
23 39 28 34 4 31 0 0.00 M M 12.1 23 340 M M 3 8 35 220
24 53 20 37 7 28 0 0.00 M M 14.6 24 220 M M 6 8 33 220
25 25 10 18 -12 47 0 0.00 M M 10.1 18 360 M M 0 25 10
26 33 7 20 -10 45 0 0.00 M M 7.3 17 220 M M 2 25 220
27 44 28 36 6 29 0 T M M 12.0 22 330 M M 6 1 33 210
28 30 13 22 -8 43 0 0.00 M M 10.4 20 320 M M 2 28 350
29 54 13 34 4 31 0 0.00 M M 10.7 23 200 M M 0 31 190
30 43 28 36 6 29 0 0.00 M M 7.8 15 360 M M 0 20 250
31 65 25 45 14 20 0 0.00 M M 11.0 18 180 M M 0 27 180
================================================================================
SM 1262 591 1080 0 0.65 M 335.0 M 90
================================================================================
AV 40.7 19.1 10.8 FASTST M M 3 MAX(MPH)
MISC ----> 31 180 45 170
================================================================================
NOTES:
# LAST OF SEVERAL OCCURRENCES
COLUMN 17 PEAK WIND IN M.P.H.
PRELIMINARY LOCAL CLIMATOLOGICAL DATA (WS FORM: F-6) , PAGE 2
STATION: SEDALIA MO
MONTH: JANUARY
YEAR: 2022
LATITUDE: 38 42 N
LONGITUDE: 93 6 W
[TEMPERATURE DATA] [PRECIPITATION DATA] SYMBOLS USED IN COLUMN 16
AVERAGE MONTHLY: 29.9 TOTAL FOR MONTH: 0.65 1 = FOG OR MIST
DPTR FM NORMAL: 0.0 DPTR FM NORMAL: -0.88 2 = FOG REDUCING VISIBILITY
HIGHEST: 65 ON 31 GRTST 24HR 2.57 ON 14-15 TO 1/4 MILE OR LESS
LOWEST: 2 ON 21 3 = THUNDER
SNOW, ICE PELLETS, HAIL 4 = ICE PELLETS
TOTAL MONTH: M 5 = HAIL
GRTST 24HR M ON M 6 = FREEZING RAIN OR DRIZZLE
GRTST DEPTH: M ON M 7 = DUSTSTORM OR SANDSTORM:
VSBY 1/2 MILE OR LESS
8 = SMOKE OR HAZE
[NO. OF DAYS WITH] [WEATHER - DAYS WITH] 9 = BLOWING SNOW
X = TORNADO
MAX 32 OR BELOW: 8 0.01 INCH OR MORE: 4
MAX 90 OR ABOVE: 0 0.10 INCH OR MORE: 2
MIN 32 OR BELOW: 27 0.50 INCH OR MORE: 0
MIN 0 OR BELOW: 0 1.00 INCH OR MORE: 0
[HDD (BASE 65) ]
TOTAL THIS MO. 1080 CLEAR (SCALE 0-3) 20
DPTR FM NORMAL -8 PTCLDY (SCALE 4-7) 7
TOTAL FM JUL 1 2362 CLOUDY (SCALE 8-10) 4
DPTR FM NORMAL -655
[CDD (BASE 65) ]
TOTAL THIS MO. 0
DPTR FM NORMAL 0 [PRESSURE DATA]
TOTAL FM JAN 1 0 HIGHEST SLP 30.75 ON 20
DPTR FM NORMAL 0 LOWEST SLP 29.64 ON 4
[REMARKS]
#FINAL-01-22#