000
CXUS52 KCAE 011613
CLMDNL
CLIMATE REPORT
NATIONAL WEATHER SERVICE COLUMBIA SC
1213 PM EDT SUN OCT 01 2023
...................................
...THE AUGUSTA DANIEL FIELD GA CLIMATE SUMMARY FOR THE MONTH OF SEPTEMBER 2023...
CLIMATE NORMAL PERIOD: 1991 TO 2020
CLIMATE RECORD PERIOD: 9999 TO 9999
WEATHER OBSERVED NORMAL DEPART LAST YEAR`S
VALUE DATE(S) VALUE FROM VALUE
NORMAL
..............................................................
TEMPERATURE (F)
HIGHEST 95 09/06 MM MM
LOWEST 59 09/28 MM MM
AVG. MAXIMUM 85.4 87.1 -1.7
AVG. MINIMUM 66.7 68.5 -1.8
MEAN 76.0 77.8 -1.8
DAYS MAX >= 90 6 10.2 -4.2
DAYS MAX <= 32 0 0.0 0.0
DAYS MIN <= 32 0 0.0 0.0
DAYS MIN <= 0 0 0.0 0.0
PRECIPITATION (INCHES)
TOTALS 1.65R 4.03 -2.38
DAYS >= .01 6 8.3 -2.3
DAYS >= .10 3 4.8 -1.8
DAYS >= .50 1 2.1 -1.1
DAYS >= 1.00 1 1.1 -0.1
GREATEST
24 HR. TOTAL 1.16 09/17 TO 09/17
DAYS >= TRACE MM
DEGREE DAYS
HEATING TOTAL 0 2 -2
SINCE 7/1 0 0 0
COOLING TOTAL 338 385 -47
SINCE 1/1 2227 2480 -253
..............................................................
WIND (MPH)
AVERAGE WIND SPEED 4.6
RESULTANT WIND SPEED/DIRECTION 2/060
HIGHEST WIND SPEED/DIRECTION 22/030 DATE 09/22
HIGHEST GUST SPEED/DIRECTION 27/040 DATE 09/22
SKY COVER
POSSIBLE SUNSHINE (PERCENT) MM
AVERAGE SKY COVER 0.22
NUMBER OF DAYS FAIR 23
NUMBER OF DAYS PC 6
NUMBER OF DAYS CLOUDY 1
AVERAGE RH (PERCENT) 65
WEATHER CONDITIONS. NUMBER OF DAYS WITH
THUNDERSTORM 7 MIXED PRECIP 0
HEAVY RAIN 3 RAIN 3
LIGHT RAIN 9 FREEZING RAIN 0
LT FREEZING RAIN 0 HAIL 0
HEAVY SNOW 0 SNOW 0
LIGHT SNOW 0 SLEET 0
FOG 6 FOG W/VIS <= 1/4 MILE 0
HAZE 2
- INDICATES NEGATIVE NUMBERS.
R INDICATES RECORD WAS SET OR TIED.
MM INDICATES DATA IS MISSING.
T INDICATES TRACE AMOUNT.
$$