000
CXUS55 KGJT 010910
CF6DRO
PRELIMINARY LOCAL CLIMATOLOGICAL DATA (WS FORM: F-6)
STATION: DURANGO AIRPORT CO
MONTH: MAY
YEAR: 2021
LATITUDE: 37 9 N
LONGITUDE: 107 45 W
TEMPERATURE IN F: :PCPN: SNOW: WIND :SUNSHINE: SKY :PK WND
================================================================================
1 2 3 4 5 6A 6B 7 8 9 10 11 12 13 14 15 16 17 18
12Z AVG MX 2MIN
DY MAX MIN AVG DEP HDD CDD WTR SNW DPTH SPD SPD DIR MIN PSBL S-S WX SPD DR
================================================================================
1 80 35 58 10 7 0 0.00 M M 6.1 26 260 M M 0 36 260
2 74 36 55 6 10 0 0.00 M M 8.3 26 250 M M 0 41 250
3 61 35 48 -1 17 0 0.02 M M 8.3 25 260 M M 5 3 34 260
4 68 30 49 0 16 0 0.00 M M 8.1 28 250 M M 2 38 300
5 75 31 53 3 12 0 0.00 M M 8.9 31 270 M M 0 42 280
6 80 26 53 3 12 0 0.00 M M 4.9 21 220 M M 0 33 220
7 80 38 59 9 6 0 0.00 M M 8.3 24 260 M M 1 32 260
8 70 35 53 3 12 0 0.00 M M 11.1 35 330 M M 1 52 300
9 68 30 49 -2 16 0 0.00 M M 10.4 36 260 M M 1 49 280
10 67 38 53 2 12 0 T M M 13.5 38 280 M M 6 59 270
11 65 32 49 -2 16 0 0.00 M M 10.8 30 270 M M 1 47 300
12 72 26 49 -3 16 0 0.00 M M 8.6 26 220 M M 0 35 250
13 78 29 54 2 11 0 0.00 M M 6.6 25 260 M M 0 34 260
14 81 32 57 5 8 0 0.00 M M 7.5 24 260 M M 0 37 260
15 78 37 58 6 7 0 0.00 M M 5.6 23 260 M M 1 34 190
16 76 39 58 5 7 0 0.00 M M 6.4 21 250 M M 1 29 250
17 67 46 57 4 8 0 T M M 8.1 25 210 M M 5 40 190
18 66 44 55 2 10 0 T M M 6.8 20 350 M M 8 27 330
19 75 34 55 1 10 0 0.08 M M 6.9 24 300 M M 3 3 33 320
20 78 42 60 6 5 0 0.07 M M 10.5 29 220 M M 1 38 220
21 63 45 54 0 11 0 1.07 M M 8.1 23 70 M M 8 13 35 200
22 72 45 59 4 6 0 0.01 M M 14.5 37 190 M M 5 3 54 190
23 62 34 48 -7 17 0 0.00 M M 5.7 20 240 M M 1 29 220
24 69 29 49 -6 16 0 0.00 M M 6.7 22 260 M M 0 30 230
25 75 32 54 -2 11 0 0.00 M M 5.1 17 210 M M 0 25 230
26 71 40 56 0 9 0 0.00 M M 5.9 20 270 M M 0 30 270
27 76 35 56 0 9 0 T M M 5.0 26 350 M M 1 36 350
28 80 37 59 2 6 0 0.00 M M 4.5 18 270 M M 0 27 210
29 81 39 60 3 5 0 0.00 M M 5.8 20 210 M M 0 26 220
30 81 39 60 3 5 0 0.00 M M 7.5 23 260 M M 0 36 280
31 69 44 57 -1 8 0 0.13 M M 8.3 39 340 M M 2 13 53 330
================================================================================
SM 2258 1114 321 0 1.38 M 242.8 M 53
================================================================================
AV 72.8 35.9 7.8 FASTST M M 2 MAX(MPH)
MISC ----> 39 340 59 270
================================================================================
NOTES:
# LAST OF SEVERAL OCCURRENCES
COLUMN 17 PEAK WIND IN M.P.H.
PRELIMINARY LOCAL CLIMATOLOGICAL DATA (WS FORM: F-6) , PAGE 2
STATION: DURANGO AIRPORT CO
MONTH: MAY
YEAR: 2021
LATITUDE: 37 9 N
LONGITUDE: 107 45 W
[TEMPERATURE DATA] [PRECIPITATION DATA] SYMBOLS USED IN COLUMN 16
AVERAGE MONTHLY: 54.4 TOTAL FOR MONTH: 1.38 1 = FOG OR MIST
DPTR FM NORMAL: 1.6 DPTR FM NORMAL: 0.64 2 = FOG REDUCING VISIBILITY
HIGHEST: 81 ON 30,29 GRTST 24HR 1.07 ON 21-21 TO 1/4 MILE OR LESS
LOWEST: 26 ON 12, 6 3 = THUNDER
SNOW, ICE PELLETS, HAIL 4 = ICE PELLETS
TOTAL MONTH: M 5 = HAIL
GRTST 24HR M ON M 6 = FREEZING RAIN OR DRIZZLE
GRTST DEPTH: M ON M 7 = DUSTSTORM OR SANDSTORM:
VSBY 1/2 MILE OR LESS
8 = SMOKE OR HAZE
[NO. OF DAYS WITH] [WEATHER - DAYS WITH] 9 = BLOWING SNOW
X = TORNADO
MAX 32 OR BELOW: 0 0.01 INCH OR MORE: 6
MAX 90 OR ABOVE: 0 0.10 INCH OR MORE: 2
MIN 32 OR BELOW: 10 0.50 INCH OR MORE: 1
MIN 0 OR BELOW: 0 1.00 INCH OR MORE: 1
[HDD (BASE 65) ]
TOTAL THIS MO. 321 CLEAR (SCALE 0-3) 25
DPTR FM NORMAL -57 PTCLDY (SCALE 4-7) 5
TOTAL FM JUL 1 6831 CLOUDY (SCALE 8-10) 1
DPTR FM NORMAL -94
[CDD (BASE 65) ]
TOTAL THIS MO. 0
DPTR FM NORMAL -1 [PRESSURE DATA]
TOTAL FM JAN 1 0 HIGHEST SLP M ON M
DPTR FM NORMAL -1 LOWEST SLP 29.40 ON 2
[REMARKS]
#FINAL-05-21#