000
CXUS55 KTWC 011252
CLMDUG
CLIMATE REPORT
NATIONAL WEATHER SERVICE TUCSON AZ
552 AM MST SAT APR 01 2023
...................................
...THE DOUGLAS AZ CLIMATE SUMMARY FOR THE MONTH OF MARCH 2023...
CLIMATE NORMAL PERIOD 1991 TO 2020
CLIMATE RECORD PERIOD 1948 TO 2023
WEATHER OBSERVED NORMAL DEPART LAST YEAR`S
VALUE DATE(S) VALUE FROM VALUE
NORMAL
..............................................................
TEMPERATURE (F)
RECORD
HIGH 92 03/12/1989
03/11/1989
LOW 13 03/04/1951
HIGHEST 81 03/10 83 -2
LOWEST 21 03/03 24 -3
AVG. MAXIMUM 70.3 72.1 -1.8
AVG. MINIMUM 36.0 36.3 -0.3
MEAN 53.2 54.2 -1.0
DAYS MAX >= 90 0 0.0 0.0
DAYS MAX >= 100 0
DAYS MIN <= 32 11 7.1 3.9
DAYS MIN >= 80 0
PRECIPITATION (INCHES)
RECORD
MAXIMUM 2.17 1992
MINIMUM 0.00 2011
TOTALS 0.05 0.50 -0.45 MM
DAILY AVG. 0.00 0.02 -0.02 T
DAYS >= .01 2 3.0 -1.0 0
DAYS >= .10 0 1.4 -1.4 0
DAYS >= .50 0 0.2 -0.2 0
DAYS >= 1.00 0 0.0 0.0 0
GREATEST
24 HR. TOTAL 0.03 03/02 TO 03/02 MM
DEGREE DAYS
HEATING TOTAL 359 335 24 MM
SINCE 7/1 2440 2493 -53 MM
COOLING TOTAL 0 1 -1 MM
SINCE 1/1 0 1 -1 MM
..............................................................
WIND (MPH)
AVERAGE WIND SPEED 10.1
HIGHEST WIND SPEED/DIRECTION 38/230 DATE 03/30
HIGHEST GUST SPEED/DIRECTION 61/230 DATE 03/01
61/230 03/30
AVERAGE RH (PERCENT) 42
- INDICATES NEGATIVE NUMBERS.
R INDICATES RECORD WAS SET OR TIED.
MM INDICATES DATA IS MISSING.
T INDICATES TRACE AMOUNT.
$$