000
CXUS53 KFGF 280815
CF6DVL
PRELIMINARY LOCAL CLIMATOLOGICAL DATA (WS FORM: F-6)
STATION: DEVILS LAKE ND
MONTH: MARCH
YEAR: 2024
LATITUDE: 48 7 N
LONGITUDE: 98 54 W
TEMPERATURE IN F: :PCPN: SNOW: WIND :SUNSHINE: SKY :PK WND
================================================================================
1 2 3 4 5 6A 6B 7 8 9 10 11 12 13 14 15 16 17 18
12Z AVG MX 2MIN
DY MAX MIN AVG DEP HDD CDD WTR SNW DPTH SPD SPD DIR MIN PSBL S-S WX SPD DR
================================================================================
1 49 21 35 20 30 0 M M M 10.8 20 320 M M 1 M M
2 26 22 24 8 41 0 T M M 15.0 28 50 M M 8 1 37 50
3 34 14 24 8 41 0 0.41 M M 23.4 43 270 M M 10 123 52 270
4 15 4 10 -6 55 0 T M M 20.2 37 270 M M 1 1 47 280
5 22 0 11 -6 54 0 T M M 6.2 14 70 M M 5 M M
6 28 9 19 2 46 0 T M M 15.4 27 270 M M 7 1 33 260
7 17 4 11 -7 54 0 M M M 15.4 20 280 M M 6 M M
8 27 7 17 -1 48 0 M M M 6.8 13 310 M M 5 M M
9 35 3 19 0 46 0 M M M 4.7 10 140 M M 0 M M
10 48 24 36 16 29 0 M M M 9.6 18 160 M M 0 M M
11 52 26 39 19 26 0 M M M 8.4 16 180 M M 0 M M
12 47 28 38 17 27 0 T M M 5.7 14 260 M M 3 M M
13 48 32 40 19 25 0 M M M 9.0 15 70 M M 8 1 M M
14 40 32 36 14 29 0 T M M 7.3 13 330 M M 10 1 M M
15 50 29 40 18 25 0 M M M 19.2 31 290 M M 4 40 250
16 36 18 27 4 38 0 T M M 21.7 28 330 M M 7 1 38 330
17 23 14 19 -5 46 0 T M M 16.3 23 350 M M 9 29 350
18 51 12 32 8 33 0 0.00 M M 12.1 23 210 M M 0 28 220
19 36 15 26 1 39 0 T M M 15.0 22 20 M M 5 30 20
20 21 8 15 -11 50 0 0.00 M M 8.2 15 350 M M 2 16 330
21 26 14 20 -6 45 0 0.01 M M 4.5 10 140 M M 8 1 M M
22 28 11 20 -7 45 0 T M M 8.1 15 330 M M 5 17 270
23 29 7 18 -9 47 0 T M M 5.9 12 170 M M 3 M M
24 27 19 23 -5 42 0 T M M 16.8 23 30 M M 10 1 32 30
25 29 14 22 -6 43 0 T M M 21.9 29 10 M M 6 39 30
26 27 7 17 -12 48 0 T M M 20.4 25 330 M M 3 35 350
27 30 9 20 -10 45 0 T M M 13.4 21 310 M M 1 29 310
================================================================================
SM 901 403 1097 0 0.42 M 341.5 M 127
================================================================================
AV 33.4 14.9 12.6 FASTST M M 5 MAX(MPH)
MISC ----> 43 270 52 270
================================================================================
NOTES:
# LAST OF SEVERAL OCCURRENCES
COLUMN 17 PEAK WIND IN M.P.H.
PRELIMINARY LOCAL CLIMATOLOGICAL DATA (WS FORM: F-6) , PAGE 2
STATION: DEVILS LAKE ND
MONTH: MARCH
YEAR: 2024
LATITUDE: 48 7 N
LONGITUDE: 98 54 W
[TEMPERATURE DATA] [PRECIPITATION DATA] SYMBOLS USED IN COLUMN 16
AVERAGE MONTHLY: 24.1 TOTAL FOR MONTH: 0.42 1 = FOG OR MIST
DPTR FM NORMAL: 2.1 DPTR FM NORMAL: 0.42 2 = FOG REDUCING VISIBILITY
HIGHEST: 52 ON 11 GRTST 24HR 0.41 ON 3- 3 TO 1/4 MILE OR LESS
LOWEST: 0 ON 5 3 = THUNDER
SNOW, ICE PELLETS, HAIL 4 = ICE PELLETS
TOTAL MONTH: M 5 = HAIL
GRTST 24HR M ON M 6 = FREEZING RAIN OR DRIZZLE
GRTST DEPTH: M ON M 7 = DUSTSTORM OR SANDSTORM:
VSBY 1/2 MILE OR LESS
8 = SMOKE OR HAZE
[NO. OF DAYS WITH] [WEATHER - DAYS WITH] 9 = BLOWING SNOW
X = TORNADO
MAX 32 OR BELOW: 15 0.01 INCH OR MORE: 2
MAX 90 OR ABOVE: 0 0.10 INCH OR MORE: 1
MIN 32 OR BELOW: 27 0.50 INCH OR MORE: 0
MIN 0 OR BELOW: 1 1.00 INCH OR MORE: 0
[HDD (BASE 65) ]
TOTAL THIS MO. 1097 CLEAR (SCALE 0-3) 9
DPTR FM NORMAL -61 PTCLDY (SCALE 4-7) 14
TOTAL FM JUL 1 7031 CLOUDY (SCALE 8-10) 4
DPTR FM NORMAL -1216
[CDD (BASE 65) ]
TOTAL THIS MO. 0
DPTR FM NORMAL 0 [PRESSURE DATA]
TOTAL FM JAN 1 0 HIGHEST SLP M ON M
DPTR FM NORMAL 0 LOWEST SLP M ON M
[REMARKS]