000
CXUS53 KDVN 011808
CLMDVN
CLIMATE REPORT
NATIONAL WEATHER SERVICE QUAD CITIES IA IL
108 PM CDT SAT APR 01 2023
...................................
...THE DAVENPORT IA CLIMATE SUMMARY FOR THE MONTH OF MARCH 2023...
CLIMATE NORMAL PERIOD 1991 TO 2020
CLIMATE RECORD PERIOD 9999 TO 9999
WEATHER OBSERVED NORMAL DEPART LAST YEAR`S
VALUE DATE(S) VALUE FROM VALUE
NORMAL
..............................................................
TEMPERATURE (F)
HIGHEST 69 03/31 56 13
LOWEST 10 03/18 23 -13
AVG. MAXIMUM 46.3 48.3 -2.0
AVG. MINIMUM 29.4 29.0 0.4
MEAN 37.8 38.6 -0.8
DAYS MAX >= 90 0
DAYS MAX <= 32 2
DAYS MIN <= 32 23
DAYS MIN <= 0 0
PRECIPITATION (INCHES)
TOTALS 2.44 2.34 0.10
DAILY AVG. 0.08 0.08 0.00
DAYS >= .01 11
DAYS >= .10 7
DAYS >= .50 1
DAYS >= 1.00 0
GREATEST
24 HR. TOTAL 0.89 03/24 TO 03/25
SNOWFALL (INCHES)
TOTALS 13.5
SINCE 7/1 32.4
SNOWDEPTH AVG. 1
DAYS >= TRACE 11
DAYS >= 1.0 3
GREATEST
SNOW DEPTH 5R 03/25
24 HR TOTAL 7.8R 03/24 TO 03/25
DEGREE DAYS
HEATING TOTAL 835 819 16
SINCE 7/1 5314 5690 -376
COOLING TOTAL 0 2 -2
SINCE 1/1 0 2 -2
..............................................................
WIND (MPH)
AVERAGE WIND SPEED 12.1
HIGHEST WIND SPEED/DIRECTION 37/270 DATE 03/31
HIGHEST GUST SPEED/DIRECTION 50/270 DATE 03/31
SKY COVER
POSSIBLE SUNSHINE (PERCENT) MM
AVERAGE SKY COVER 0.54
NUMBER OF DAYS FAIR 9
NUMBER OF DAYS PC 13
NUMBER OF DAYS CLOUDY 9
AVERAGE RH (PERCENT) 67
WEATHER CONDITIONS. NUMBER OF DAYS WITH
THUNDERSTORM 3 HAIL 0
SLEET 0 FOG 17
FOG W/VIS <= 1/4 MILE 6 HAZE 8
- INDICATES NEGATIVE NUMBERS.
R INDICATES RECORD WAS SET OR TIED.
MM INDICATES DATA IS MISSING.
T INDICATES TRACE AMOUNT.
NOTE: SUPPLEMENTAL CLIMATE DATA WAS USED FROM A NEARBY
CLIMATOLOGICALLY REPRESENTATIVE STATION.
$$