000
CXUS54 KHGX 011510
CF6DWH
PRELIMINARY LOCAL CLIMATOLOGICAL DATA (WS FORM: F-6)
STATION: HOUSTON/D.W._HOOKS
MONTH: JANUARY
YEAR: 2024
LATITUDE: 30 4 N
LONGITUDE: 95 33 W
TEMPERATURE IN F: :PCPN: SNOW: WIND :SUNSHINE: SKY :PK WND
================================================================================
1 2 3 4 5 6A 6B 7 8 9 10 11 12 13 14 15 16 17 18
12Z AVG MX 2MIN
DY MAX MIN AVG DEP HDD CDD WTR SNW DPTH SPD SPD DIR MIN PSBL S-S WX SPD DR
================================================================================
1 62 46 54 1 11 0 0.00 0.0 0 5.6 14 10 M M 7 128 19 20
2 54 40 47 -5 18 0 0.42 0.0 0 8.3 18 80 M M 8 1 27 90
3 61 42 52 0 13 0 0.07 0.0 0 6.7 17 90 M M 6 1 25 90
4 65 34 50 -2 15 0 0.00 0.0 0 8.7 21 110 M M 3 12 29 110
5 62 40 51 -1 14 0 1.30 0.0 0 8.0 24 100 M M 6 12 31 90
6 64 35 50 -2 15 0 0.00 0.0 0 2.6 10 300 M M 1 12 14 280
7 64 36 50 -2 15 0 0.00 0.0 0 6.7 18 130 M M 2 1 27 130
8 77 51 64 12 1 0 0.20 0.0 0 11.2 29 320 M M 9 13 44 330
9 57 35 46 -6 19 0 0.00 0.0 0 11.7 25 290 M M 1 43 310
10 70 30 50 -2 15 0 0.00 0.0 0 5.3 23 200 M M 0 1 33 220
11 78 46 62 10 3 0 T 0.0 0 6.3 21 180 M M 7 18 31 190
12 72 33 53 1 12 0 0.08 0.0 0 13.1 29 310 M M 2 18 50 300
13 66 29 48 -4 17 0 0.00 0.0 0 4.2 14 190 M M 0 22 280
14 49 29 39 -13 26 0 0.00 0.0 0 9.8 16 360 M M 8 25 10
15 29 24 27 -26 38 0 0.01 T 0 10.9 22 360 M M 10 16 32 360
16 33 18 26 -27 39 0 0.00 0.0 0 10.7 22 360 M M 1 34 10
17 48 17 33 -20 32 0 0.00 0.0 0 5.7 15 120 M M 3 18 20 120
18 70 41 56 3 9 0 0.00 0.0 0 4.3 14 200 M M 7 12 21 200
19 53 35 44 -9 21 0 0.00 0.0 0 10.1 17 350 M M 0 1 28 10
20 49 29 39 -14 26 0 0.00 0.0 0 7.2 13 80 M M 2 19 80
21 43 37 40 -13 25 0 T 0.0 0 10.4 16 90 M M 10 24 110
22 64 42 53 0 12 0 1.89 0.0 0 6.2 18 90 M M 10 1 26 100
23 69 63 66 13 0 1 0.87 0.0 0 6.2 14 140 M M 10 13 19 140
24 64 61 63 10 2 0 2.06 0.0 0 6.1 15 120 M M 10 13 23 120
25 68 53 61 7 4 0 0.50 0.0 0 5.7 14 330 M M 3 123 20 350
26 67 53 60 6 5 0 0.92 0.0 0 5.6 15 90 M M 10 123 23 90
27 60 43 52 -2 13 0 T 0.0 0 9.0 20 320 M M 8 1 33 300
28 64 41 53 -1 12 0 0.00 0.0 0 5.2 14 30 M M 1 21 30
29 70 37 54 0 11 0 0.00 0.0 0 2.2 9 230 M M 0 18 12 260
30 74 45 60 6 5 0 0.00 0.0 0 4.6 12 250 M M 0 17 250
31 77 43 60 6 5 0 0.00 0.0 0 2.5 7 150 M M 0 1 11 300
================================================================================
SM 1903 1208 453 1 8.32 T 220.8 M 145
================================================================================
AV 61.4 39.0 7.1 FASTST M M 5 MAX(MPH)
MISC ----> # 29 320 50 300
================================================================================
NOTES:
# LAST OF SEVERAL OCCURRENCES
COLUMN 17 PEAK WIND IN M.P.H.
PRELIMINARY LOCAL CLIMATOLOGICAL DATA (WS FORM: F-6) , PAGE 2
STATION: HOUSTON/D.W._HOOKS
MONTH: JANUARY
YEAR: 2024
LATITUDE: 30 4 N
LONGITUDE: 95 33 W
[TEMPERATURE DATA] [PRECIPITATION DATA] SYMBOLS USED IN COLUMN 16
AVERAGE MONTHLY: 50.2 TOTAL FOR MONTH: 8.32 1 = FOG OR MIST
DPTR FM NORMAL: -2.8 DPTR FM NORMAL: 4.79 2 = FOG REDUCING VISIBILITY
HIGHEST: 78 ON 11 GRTST 24HR 2.06 ON 24-24 TO 1/4 MILE OR LESS
LOWEST: 17 ON 17 3 = THUNDER
SNOW, ICE PELLETS, HAIL 4 = ICE PELLETS
TOTAL MONTH: T 5 = HAIL
GRTST 24HR T ON 15-15 6 = FREEZING RAIN OR DRIZZLE
GRTST DEPTH: 0 7 = DUSTSTORM OR SANDSTORM:
VSBY 1/2 MILE OR LESS
8 = SMOKE OR HAZE
[NO. OF DAYS WITH] [WEATHER - DAYS WITH] 9 = BLOWING SNOW
X = TORNADO
MAX 32 OR BELOW: 1 0.01 INCH OR MORE: 11
MAX 90 OR ABOVE: 0 0.10 INCH OR MORE: 8
MIN 32 OR BELOW: 7 0.50 INCH OR MORE: 6
MIN 0 OR BELOW: 0 1.00 INCH OR MORE: 3
[HDD (BASE 65) ]
TOTAL THIS MO. 453 CLEAR (SCALE 0-3) 15
DPTR FM NORMAL 64 PTCLDY (SCALE 4-7) 9
TOTAL FM JUL 1 926 CLOUDY (SCALE 8-10) 7
DPTR FM NORMAL -19
[CDD (BASE 65) ]
TOTAL THIS MO. 1
DPTR FM NORMAL -15 [PRESSURE DATA]
TOTAL FM JAN 1 1 HIGHEST SLP 30.57 ON 20
DPTR FM NORMAL -15 LOWEST SLP 29.44 ON 8
[REMARKS]
#FINAL-01-24#