183
CXUS54 KHGX 011515
CF6DWH
PRELIMINARY LOCAL CLIMATOLOGICAL DATA (WS FORM: F-6)
STATION: HOUSTON/D.W._HOOKS
MONTH: MAY
YEAR: 2020
LATITUDE: 30 4 N
LONGITUDE: 95 33 W
TEMPERATURE IN F: :PCPN: SNOW: WIND :SUNSHINE: SKY :PK WND
================================================================================
1 2 3 4 5 6A 6B 7 8 9 10 11 12 13 14 15 16 17 18
12Z AVG MX 2MIN
DY MAX MIN AVG DEP HDD CDD WTR SNW DPTH SPD SPD DIR MIN PSBL S-S WX SPD DR
================================================================================
1 85 55 70 -2 0 5 0.00 0.0 0 5.5 16 130 M M 0 1 22 110
2 87 60 74 2 0 9 0.00 0.0 0 6.4 17 190 M M 1 1 25 130
3 88 71 80 7 0 15 0.00 0.0 0 7.3 14 200 M M 4 23 200
4 89 71 80 7 0 15 0.00 0.0 0 8.0 15 190 M M 4 22 230
5 89 73 81 8 0 16 T 0.0 0 6.5 16 350 M M 8 23 350
6 85 61 73 0 0 8 0.15 0.0 0 6.7 20 70 M M 2 3 32 80
7 85 57 71 -3 0 6 0.00 0.0 0 7.7 20 140 M M 4 30 130
8 88 66 77 3 0 12 0.00 0.0 0 12.9 23 360 M M 8 39 210
9 72 61 67 -7 0 2 0.00 0.0 0 9.1 20 80 M M 2 30 90
10 80 55 68 -6 0 3 0.00 0.0 0 5.2 13 90 M M 0 21 40
11 83 58 71 -4 0 6 0.00 0.0 0 7.0 17 120 M M 0 24 130
12 83 65 74 -1 0 9 0.05 0.0 0 7.3 20 130 M M 4 26 130
13 86 71 79 4 0 14 0.16 0.0 0 7.8 20 110 M M 7 8 26 100
14 90 70 80 5 0 15 0.02 0.0 0 5.9 21 90 M M 6 13 26 80
15 91 70 81 5 0 16 0.60 0.0 0 4.9 31 100 M M 6 13 40 100
16 80 67 74 -2 0 9 0.49 0.0 0 8.2 21 270 M M 7 13 31 270
17 86 66 76 0 0 11 0.03 0.0 0 6.5 17 300 M M 2 27 320
18 91 62 77 1 0 12 0.00 0.0 0 3.9 10 220 M M 0 17 240
19 92 70 81 4 0 16 0.00 0.0 0 7.5 14 190 M M 0 20 200
20 92 73 83 6 0 18 0.00 0.0 0 5.8 14 140 M M 4 18 22 180
21 91 75 83 6 0 18 0.00 0.0 0 7.1 16 150 M M 4 22 150
22 91 72 82 5 0 17 0.00 0.0 0 6.8 17 190 M M 4 1 24 170
23 92 78 85 7 0 20 T 0.0 0 8.6 21 130 M M 5 25 140
24 88 66 77 -1 0 12 1.11 0.0 0 7.2 25 190 M M 5 138 36 190
25 82 66 74 -4 0 9 0.07 0.0 0 6.2 13 300 M M 5 3 20 210
26 86 67 77 -1 0 12 1.13 0.0 0 4.1 21 20 M M 3 13 23 30
27 87 63 75 -3 0 10 0.84 0.0 0 5.5 33 360 M M 4 13 50 350
28 89 62 76 -3 0 11 0.00 0.0 0 3.9 14 300 M M 3 1 22 220
29 87 68 78 -1 0 13 0.00 0.0 0 6.1 15 360 M M 2 12 20 360
30 88 68 78 -1 0 13 0.00 0.0 0 5.4 14 90 M M 2 21 60
31 86 73 80 1 0 15 0.11 0.0 0 5.2 13 80 M M 3 18 17 80
================================================================================
SM 2689 2060 0 367 4.76 0.0 206.2 M 109
================================================================================
AV 86.7 66.5 6.7 FASTST M M 4 MAX(MPH)
MISC ----> # 33 360 # 50 350
================================================================================
NOTES:
# LAST OF SEVERAL OCCURRENCES
COLUMN 17 PEAK WIND IN M.P.H.
PRELIMINARY LOCAL CLIMATOLOGICAL DATA (WS FORM: F-6) , PAGE 2
STATION: HOUSTON/D.W._HOOKS
MONTH: MAY
YEAR: 2020
LATITUDE: 30 4 N
LONGITUDE: 95 33 W
[TEMPERATURE DATA] [PRECIPITATION DATA] SYMBOLS USED IN COLUMN 16
AVERAGE MONTHLY: 76.6 TOTAL FOR MONTH: 4.76 1 = FOG OR MIST
DPTR FM NORMAL: 0.8 DPTR FM NORMAL: -0.01 2 = FOG REDUCING VISIBILITY
HIGHEST: 92 ON 23,20 GRTST 24HR 1.13 ON 26-26 TO 1/4 MILE OR LESS
LOWEST: 55 ON 10, 1 3 = THUNDER
SNOW, ICE PELLETS, HAIL 4 = ICE PELLETS
TOTAL MONTH: 0.0 INCH 5 = HAIL
GRTST 24HR 0.0 6 = FREEZING RAIN OR DRIZZLE
GRTST DEPTH: 0 7 = DUSTSTORM OR SANDSTORM:
VSBY 1/2 MILE OR LESS
8 = SMOKE OR HAZE
[NO. OF DAYS WITH] [WEATHER - DAYS WITH] 9 = BLOWING SNOW
X = TORNADO
MAX 32 OR BELOW: 0 0.01 INCH OR MORE: 12
MAX 90 OR ABOVE: 8 0.10 INCH OR MORE: 8
MIN 32 OR BELOW: 0 0.50 INCH OR MORE: 4
MIN 0 OR BELOW: 0 1.00 INCH OR MORE: 2
[HDD (BASE 65) ]
TOTAL THIS MO. 0 CLEAR (SCALE 0-3) 11
DPTR FM NORMAL -1 PTCLDY (SCALE 4-7) 19
TOTAL FM JUL 1 1239 CLOUDY (SCALE 8-10) 1
DPTR FM NORMAL -339
[CDD (BASE 65) ]
TOTAL THIS MO. 367
DPTR FM NORMAL 31 [PRESSURE DATA]
TOTAL FM JAN 1 762 HIGHEST SLP 30.24 ON 10
DPTR FM NORMAL 211 LOWEST SLP 29.60 ON 16
[REMARKS]
#FINAL-05-20#