000
CXUS56 KOTX 011320
CLAEAT
CLIMATE REPORT
NATIONAL WEATHER SERVICE SPOKANE WA
520 AM PST SAT JAN 01 2022
...................................
...THE WENATCHEE WA PANGBORN FIELD CLIMATE SUMMARY FOR THE YEAR OF 2021...
CLIMATE NORMAL PERIOD 1991 TO 2020
CLIMATE RECORD PERIOD 1959 TO 2021
WEATHER OBSERVED NORMAL DEPART
VALUE DATE(S) VALUE FROM
NORMAL
................................................
TEMPERATURE (F)
RECORD
HIGH 114 06/29/2021
LOW -21 12/30/1968
HIGHEST 114R 06/29
LOWEST 2 12/27
AVG. MAXIMUM 62.6 60.6 2.0
AVG. MINIMUM 42.9 41.7 1.2
MEAN 52.8 51.2 1.6
DAYS MAX >= 90 51 35.0 16.0
DAYS MAX <= 32 30 31.1 -1.1
DAYS MIN <= 32 115 111.2 3.8
DAYS MIN <= 0 0 0.7 -0.7
PRECIPITATION (INCHES)
RECORD
MAXIMUM 14.28 1983
MINIMUM 4.49 1976
TOTALS 5.74 7.83 -2.09
DAILY AVG. 0.02 0.02 -0.00
DAYS >= .01 59 70.4 -11.4
DAYS >= .10 17 25.3 -8.3
DAYS >= .50 0 1.7 -1.7
DAYS >= 1.00 0 0.0 0.0
GREATEST
24 HR. TOTAL 0.56
DEGREE DAYS
HEATING TOTAL 5567 5813 -246
COOLING TOTAL 1228 807 421
FREEZE DATES
RECORD
EARLIEST 09/29/1985
LATEST 05/27/2011
EARLIEST 10/12
LATEST 04/12
................................................
WIND (MPH)
AVERAGE WIND SPEED 7.7
HIGHEST WIND SPEED/DIRECTION 48/260 DATE 01/13
HIGHEST GUST SPEED/DIRECTION 62/260 DATE 01/13
SKY COVER
AVERAGE SKY COVER 0.28
AVERAGE RH (PERCENT) 57
WEATHER CONDITIONS. NUMBER OF DAYS WITH
THUNDERSTORM 4 MIXED PRECIP 2
HEAVY RAIN 3 RAIN 12
LIGHT RAIN 65 FREEZING RAIN 0
LT FREEZING RAIN 2 HAIL 0
SLEET 0 FOG 73
FOG W/VIS <= 1/4 MILE 26 HAZE 27
- INDICATES NEGATIVE NUMBERS.
R INDICATES RECORD WAS SET OR TIED.
MM INDICATES DATA IS MISSING.
T INDICATES TRACE AMOUNT.
$$