000
CXUS52 KAKQ 012102
CLMECG
CLIMATE REPORT
NATIONAL WEATHER SERVICE WAKEFIELD VA
502 PM EDT TUE AUG 01 2023
...................................
...THE ELIZABETH CITY NC CLIMATE SUMMARY FOR THE MONTH OF JULY 2023...
CLIMATE NORMAL PERIOD: 1991 TO 2020
CLIMATE RECORD PERIOD: 1934 TO 2023
WEATHER OBSERVED NORMAL DEPART LAST YEAR`S
VALUE DATE(S) VALUE FROM VALUE DATE(S)
NORMAL
................................................................
TEMPERATURE (F)
RECORD
HIGH 107 07/18/1942
LOW 51 07/13/1978
HIGHEST 94 07/03 96 -2 95 07/28
07/28
07/29
07/29
LOWEST 61 07/31 62 -1 66 07/12
AVG. MAXIMUM 89.9 88.2 1.7 89.3
AVG. MINIMUM 72.2 71.0 1.2 72.5
MEAN 81.0 79.6 1.4 80.9
DAYS MAX >= 90 19 12.0 7.0 18
DAYS MAX <= 32 0 0.0 0.0 0
DAYS MIN <= 32 0 0.0 0.0 0
DAYS MIN <= 0 0 0.0 0.0 0
PRECIPITATION (INCHES)
RECORD
MAXIMUM 13.99 1996
MINIMUM 0.54 1983
TOTALS 3.65 5.65 -2.00 4.80
DAILY AVG. 0.12 0.18 -0.06 0.15
DAYS >= .01 12 12.1 -0.1 14
DAYS >= .10 6 7.9 -1.9 10
DAYS >= .50 2 3.6 -1.6 4
DAYS >= 1.00 1 1.7 -0.7 1
GREATEST
24 HR. TOTAL 1.97 07/03 TO 07/03
DEGREE DAYS
HEATING TOTAL 0 0 0 0
SINCE 7/1 0 0 0 MM
COOLING TOTAL 506 452 54 502
SINCE 1/1 919 1001 -82 MM
................................................................
WIND (MPH)
AVERAGE WIND SPEED 7.3
HIGHEST WIND SPEED/DIRECTION 41/030 DATE 07/05
HIGHEST GUST SPEED/DIRECTION 48/040 DATE 07/05
SKY COVER
POSSIBLE SUNSHINE (PERCENT) MM
AVERAGE SKY COVER 0.18
AVERAGE RH (PERCENT) 75
WEATHER CONDITIONS. NUMBER OF DAYS WITH
THUNDERSTORM 16 MIXED PRECIP 0
HEAVY RAIN 4 RAIN 6
LIGHT RAIN 15 FREEZING RAIN 0
LT FREEZING RAIN 0 HAIL 0
HEAVY SNOW 0 SNOW 0
LIGHT SNOW 0 SLEET 0
FOG 19 FOG W/VIS <= 1/4 MILE 4
HAZE 6
- INDICATES NEGATIVE NUMBERS.
R INDICATES RECORD WAS SET OR TIED.
MM INDICATES DATA IS MISSING.
T INDICATES TRACE AMOUNT.
$$