000
CXUS55 KVEF 010910
CF6EED
PRELIMINARY LOCAL CLIMATOLOGICAL DATA (WS FORM: F-6)
STATION: NEEDLES CA
MONTH: JANUARY
YEAR: 2022
LATITUDE: 34 46 N
LONGITUDE: 114 37 W
TEMPERATURE IN F: :PCPN: SNOW: WIND :SUNSHINE: SKY :PK WND
================================================================================
1 2 3 4 5 6A 6B 7 8 9 10 11 12 13 14 15 16 17 18
12Z AVG MX 2MIN
DY MAX MIN AVG DEP HDD CDD WTR SNW DPTH SPD SPD DIR MIN PSBL S-S WX SPD DR
================================================================================
1 54 41 48 -6 17 0 0.00 M M 15.1 28 10 M M 1 35 20
2 54 36 45 -10 20 0 0.00 M M 8.9 16 350 M M 0 21 10
3 58 34 46 -9 19 0 0.00 M M 5.4 12 230 M M 0 13 20
4 61 35 48 -7 17 0 0.00 M M 4.8 10 230 M M 0 14 360
5 66 40 53 -2 12 0 0.00 M M 5.1 10 220 M M 0 11 220
6 69 43 56 1 9 0 0.00 M M 4.7 10 230 M M 0 15 340
7 72 42 57 2 8 0 0.00 M M 5.1 14 190 M M 0 17 190
8 72 49 61 6 4 0 0.00 M M 7.6 17 10 M M 0 21 10
9 69 52 61 6 4 0 0.00 M M 13.8 24 360 M M 0 31 340
10 67 49 58 2 7 0 0.00 M M 10.9 24 360 M M 0 29 360
11 69 48 59 3 6 0 0.00 M M 9.5 23 360 M M 0 27 10
12 72 45 59 3 6 0 0.00 M M 9.4 22 360 M M 0 27 10
13 69 45 57 1 8 0 0.00 M M 4.3 12 230 M M 0 13 240
14 73 50 62 6 3 0 0.00 M M 16.0 33 350 M M 0 42 360
15 65 50 58 2 7 0 0.00 M M 15.0 28 360 M M 0 33 360
16 70 45 58 2 7 0 0.00 M M 6.1 18 360 M M 0 21 360
17 68 46 57 1 8 0 T M M 3.0 8 240 M M 3 9 40
18 68 50 59 3 6 0 T M M 3.4 8 210 M M 7 9 340
19 71 45 58 1 7 0 0.00 M M 7.9 20 360 M M 0 23 360
20 68 49 59 2 6 0 0.00 M M 14.3 30 360 M M 0 36 10
21 66 39 53 -4 12 0 0.00 M M 12.2 32 360 M M 2 40 10
22 65 53 59 2 6 0 0.00 M M 21.4 36 360 M M 4 44 360
23 70 51 61 4 4 0 0.00 M M 15.3 29 10 M M 0 34 10
24 73 45 59 2 6 0 0.00 M M 6.7 14 10 M M 0 16 50
25 69 42 56 -1 9 0 0.00 M M 11.3 33 10 M M 0 39 10
26 66 47 57 0 8 0 0.00 M M 11.8 24 10 M M 0 29 340
27 68 41 55 -2 10 0 0.00 M M 16.0 30 350 M M 0 35 350
28 66 49 58 0 7 0 0.00 M M 15.3 25 10 M M 0 30 360
29 66 41 54 -4 11 0 0.00 M M 7.9 15 10 M M 1 20 350
30 74 45 60 2 5 0 0.00 M M 7.3 14 360 M M 0 18 340
31 63 38 51 -7 14 0 0.00 M M 2.9 10 240 M M 0 10 240
================================================================================
SM 2081 1385 273 0 T M 298.4 M 18
================================================================================
AV 67.1 44.7 9.6 FASTST M M 1 MAX(MPH)
MISC ----> 36 360 44 360
================================================================================
NOTES:
# LAST OF SEVERAL OCCURRENCES
COLUMN 17 PEAK WIND IN M.P.H.
PRELIMINARY LOCAL CLIMATOLOGICAL DATA (WS FORM: F-6) , PAGE 2
STATION: NEEDLES CA
MONTH: JANUARY
YEAR: 2022
LATITUDE: 34 46 N
LONGITUDE: 114 37 W
[TEMPERATURE DATA] [PRECIPITATION DATA] SYMBOLS USED IN COLUMN 16
AVERAGE MONTHLY: 55.9 TOTAL FOR MONTH: T 1 = FOG OR MIST
DPTR FM NORMAL: -0.3 DPTR FM NORMAL: -0.73 2 = FOG REDUCING VISIBILITY
HIGHEST: 74 ON 30 GRTST 24HR T ON 31- 1 TO 1/4 MILE OR LESS
LOWEST: 34 ON 3 3 = THUNDER
SNOW, ICE PELLETS, HAIL 4 = ICE PELLETS
TOTAL MONTH: M 5 = HAIL
GRTST 24HR M ON M 6 = FREEZING RAIN OR DRIZZLE
GRTST DEPTH: M ON M 7 = DUSTSTORM OR SANDSTORM:
VSBY 1/2 MILE OR LESS
8 = SMOKE OR HAZE
[NO. OF DAYS WITH] [WEATHER - DAYS WITH] 9 = BLOWING SNOW
X = TORNADO
MAX 32 OR BELOW: 0 0.01 INCH OR MORE: 0
MAX 90 OR ABOVE: 0 0.10 INCH OR MORE: 0
MIN 32 OR BELOW: 0 0.50 INCH OR MORE: 0
MIN 0 OR BELOW: 0 1.00 INCH OR MORE: 0
[HDD (BASE 65) ]
TOTAL THIS MO. 273 CLEAR (SCALE 0-3) 29
DPTR FM NORMAL -2 PTCLDY (SCALE 4-7) 2
TOTAL FM JUL 1 594 CLOUDY (SCALE 8-10) 0
DPTR FM NORMAL -110
[CDD (BASE 65) ]
TOTAL THIS MO. 0
DPTR FM NORMAL -2 [PRESSURE DATA]
TOTAL FM JAN 1 0 HIGHEST SLP M ON M
DPTR FM NORMAL -2 LOWEST SLP 29.74 ON 1
[REMARKS]
#FINAL-01-22#