000
CXUS55 KVEF 010910
CF6EED
PRELIMINARY LOCAL CLIMATOLOGICAL DATA (WS FORM: F-6)
STATION: NEEDLES CA
MONTH: APRIL
YEAR: 2021
LATITUDE: 34 46 N
LONGITUDE: 114 37 W
TEMPERATURE IN F: :PCPN: SNOW: WIND :SUNSHINE: SKY :PK WND
================================================================================
1 2 3 4 5 6A 6B 7 8 9 10 11 12 13 14 15 16 17 18
12Z AVG MX 2MIN
DY MAX MIN AVG DEP HDD CDD WTR SNW DPTH SPD SPD DIR MIN PSBL S-S WX SPD DR
================================================================================
1 88 61 75 7 0 10 0.00 M M 9.6 20 360 M M 0 24 350
2 96 64 80 12 0 15 0.00 M M 5.9 14 240 M M 0 17 330
3 99 63 81 13 0 16 0.00 M M 5.6 13 220 M M 0 M M
4 101 62 82 14 0 17 0.00 M M 6.9 20 250 M M 0 27 220
5 99 74 87 18 0 22 0.00 M M 16.0 43 250 M M 0 53 250
6 87 65 76 7 0 11 0.00 M M 11.5 28 20 M M 0 33 10
7 95 55 75 6 0 10 0.00 M M 6.7 20 290 M M 0 26 240
8 95 73 84 14 0 19 0.00 M M 8.7 21 260 M M 0 25 280
9 92 68 80 10 0 15 0.00 M M 11.2 26 360 M M 0 31 10
10 94 62 78 8 0 13 0.00 M M 5.0 14 240 M M 0 17 60
11 95 61 78 8 0 13 0.00 M M 5.3 14 230 M M 0 20 120
12 94 62 78 7 0 13 0.00 M M 7.7 20 190 M M 0 25 180
13 90 70 80 9 0 15 0.00 M M 13.7 26 180 M M 0 34 190
14 85 61 73 2 0 8 0.00 M M 14.5 26 260 M M 0 35 180
15 83 60 72 0 0 7 0.00 M M 7.6 21 260 M M 0 26 270
16 86 55 71 -1 0 6 0.00 M M 7.8 21 350 M M 0 26 360
17 81 63 72 0 0 7 0.00 M M 19.3 31 10 M M 0 39 20
18 85 64 75 3 0 10 0.00 M M 15.7 32 10 M M 0 38 360
19 94 54 74 1 0 9 0.00 M M 7.5 23 260 M M 0 31 80
20 95 63 79 6 0 14 0.00 M M 9.6 25 200 M M 0 33 190
21 87 68 78 4 0 13 0.00 M M 12.1 25 240 M M 0 35 230
22 85 61 73 -1 0 8 T M M 7.0 17 250 M M 1 22 110
23 91 63 77 3 0 12 0.00 M M 10.5 23 210 M M 0 36 210
24 92 68 80 5 0 15 0.00 M M 14.7 25 170 M M 0 34 160
25 91 68 80 5 0 15 0.00 M M 13.1 26 220 M M 0 35 170
26 74 60 67 -8 0 2 T M M 9.6 22 240 M M 4 26 250
27 78 55 67 -9 0 2 T M M 4.8 22 30 M M 4 27 20
28 88 57 73 -3 0 8 0.00 M M 14.4 29 10 M M 0 33 360
29 98 72 85 9 0 20 0.00 M M 9.6 22 360 M M 0 27 340
30 105 65 85 8 0 20 0.00 M M 5.8 16 220 M M 0 21 200
================================================================================
SM 2723 1897 0 365 T M 297.4 M 9
================================================================================
AV 90.8 63.2 9.9 FASTST M M 0 MAX(MPH)
MISC ----> 43 250 53 250
================================================================================
NOTES:
# LAST OF SEVERAL OCCURRENCES
COLUMN 17 PEAK WIND IN M.P.H.
PRELIMINARY LOCAL CLIMATOLOGICAL DATA (WS FORM: F-6) , PAGE 2
STATION: NEEDLES CA
MONTH: APRIL
YEAR: 2021
LATITUDE: 34 46 N
LONGITUDE: 114 37 W
[TEMPERATURE DATA] [PRECIPITATION DATA] SYMBOLS USED IN COLUMN 16
AVERAGE MONTHLY: 77.0 TOTAL FOR MONTH: T 1 = FOG OR MIST
DPTR FM NORMAL: 5.1 DPTR FM NORMAL: -0.22 2 = FOG REDUCING VISIBILITY
HIGHEST: 105 ON 30 GRTST 24HR T ON 22-22 TO 1/4 MILE OR LESS
LOWEST: 54 ON 19 3 = THUNDER
SNOW, ICE PELLETS, HAIL 4 = ICE PELLETS
TOTAL MONTH: M 5 = HAIL
GRTST 24HR M ON M 6 = FREEZING RAIN OR DRIZZLE
GRTST DEPTH: M ON M 7 = DUSTSTORM OR SANDSTORM:
VSBY 1/2 MILE OR LESS
8 = SMOKE OR HAZE
[NO. OF DAYS WITH] [WEATHER - DAYS WITH] 9 = BLOWING SNOW
X = TORNADO
MAX 32 OR BELOW: 0 0.01 INCH OR MORE: 0
MAX 90 OR ABOVE: 18 0.10 INCH OR MORE: 0
MIN 32 OR BELOW: 0 0.50 INCH OR MORE: 0
MIN 0 OR BELOW: 0 1.00 INCH OR MORE: 0
[HDD (BASE 65) ]
TOTAL THIS MO. 0 CLEAR (SCALE 0-3) 28
DPTR FM NORMAL -22 PTCLDY (SCALE 4-7) 2
TOTAL FM JUL 1 954 CLOUDY (SCALE 8-10) 0
DPTR FM NORMAL -213
[CDD (BASE 65) ]
TOTAL THIS MO. 365
DPTR FM NORMAL 136 [PRESSURE DATA]
TOTAL FM JAN 1 415 HIGHEST SLP M ON M
DPTR FM NORMAL 103 LOWEST SLP 29.48 ON 13
[REMARKS]
#FINAL-04-21#