000
CXUS55 KVEF 010910
CF6EED
PRELIMINARY LOCAL CLIMATOLOGICAL DATA (WS FORM: F-6)
STATION: NEEDLES CA
MONTH: DECEMBER
YEAR: 2020
LATITUDE: 34 46 N
LONGITUDE: 114 37 W
TEMPERATURE IN F: :PCPN: SNOW: WIND :SUNSHINE: SKY :PK WND
================================================================================
1 2 3 4 5 6A 6B 7 8 9 10 11 12 13 14 15 16 17 18
12Z AVG MX 2MIN
DY MAX MIN AVG DEP HDD CDD WTR SNW DPTH SPD SPD DIR MIN PSBL S-S WX SPD DR
================================================================================
1 69 39 54 -1 11 0 0.00 M M 11.6 29 10 M M 0 36 360
2 64 48 56 1 9 0 0.00 M M 18.6 35 10 M M 0 42 10
3 63 43 53 -2 12 0 0.00 M M 13.0 25 10 M M 0 31 10
4 66 40 53 -1 12 0 0.00 M M 9.2 22 360 M M 0 26 360
5 67 40 54 0 11 0 0.00 M M 5.6 13 20 M M 0 16 20
6 67 39 53 -1 12 0 0.00 M M 4.6 12 360 M M 0 15 20
7 74 47 61 7 4 0 0.00 M M 12.2 23 10 M M 0 27 10
8 74 50 62 9 3 0 0.00 M M 10.6 22 360 M M 0 26 360
9 72 45 59 6 6 0 0.00 M M 5.6 13 360 M M 0 17 360
10 74 52 63 10 2 0 0.00 M M 5.8 16 180 M M 2 21 190
11 63 46 55 2 10 0 0.00 M M 3.8 10 240 M M 0 12 230
12 68 44 56 3 9 0 0.00 M M 8.1 23 350 M M 1 30 360
13 60 45 53 0 12 0 0.00 M M 8.9 18 360 M M 0 24 360
14 64 40 52 0 13 0 0.00 M M 6.4 13 360 M M 1 19 220
15 61 44 53 1 12 0 0.00 M M 14.3 33 10 M M 0 39 10
16 66 39 53 1 12 0 0.00 M M 7.8 17 350 M M 0 23 100
17 61 42 52 0 13 0 0.00 M M 4.0 12 230 M M 0 14 230
18 66 39 53 1 12 0 0.00 M M 11.8 30 350 M M 0 35 10
19 66 42 54 2 11 0 0.00 M M 9.6 18 360 M M 0 22 360
20 70 40 55 3 10 0 0.00 M M 6.9 14 360 M M 0 17 10
21 74 45 60 8 5 0 0.00 M M 7.2 16 360 M M 0 20 350
22 74 44 59 7 6 0 0.00 M M 3.6 14 230 M M 0 17 10
23 60 43 52 0 13 0 0.00 M M 18.9 43 360 M M 1 49 360
24 58 46 52 0 13 0 0.00 M M 11.1 20 360 M M 0 25 330
25 65 40 53 1 12 0 0.00 M M 4.5 12 20 M M 0 18 30
26 68 37 53 1 12 0 0.00 M M 2.9 13 300 M M 0 14 300
27 64 47 56 4 9 0 0.00 M M 8.8 23 360 M M 0 26 360
28 62 42 52 0 13 0 0.00 M M 6.8 17 230 M M 3 20 240
29 61 46 54 2 11 0 0.00 M M 10.3 26 10 M M 3 32 360
30 64 44 54 2 11 0 0.00 M M 11.1 28 350 M M 0 33 10
31 62 36 49 -4 16 0 0.00 M M 10.2 22 360 M M 1 28 360
================================================================================
SM 2047 1334 317 0 0.00 M 273.8 M 12
================================================================================
AV 66.0 43.0 8.8 FASTST M M 0 MAX(MPH)
MISC ----> 43 360 49 360
================================================================================
NOTES:
# LAST OF SEVERAL OCCURRENCES
COLUMN 17 PEAK WIND IN M.P.H.
PRELIMINARY LOCAL CLIMATOLOGICAL DATA (WS FORM: F-6) , PAGE 2
STATION: NEEDLES CA
MONTH: DECEMBER
YEAR: 2020
LATITUDE: 34 46 N
LONGITUDE: 114 37 W
[TEMPERATURE DATA] [PRECIPITATION DATA] SYMBOLS USED IN COLUMN 16
AVERAGE MONTHLY: 54.5 TOTAL FOR MONTH: 0.00 1 = FOG OR MIST
DPTR FM NORMAL: 1.6 DPTR FM NORMAL: -0.51 2 = FOG REDUCING VISIBILITY
HIGHEST: 74 ON 22,21 GRTST 24HR 0.00 ON 1- 1 TO 1/4 MILE OR LESS
LOWEST: 36 ON 31 3 = THUNDER
SNOW, ICE PELLETS, HAIL 4 = ICE PELLETS
TOTAL MONTH: M 5 = HAIL
GRTST 24HR M ON M 6 = FREEZING RAIN OR DRIZZLE
GRTST DEPTH: M ON M 7 = DUSTSTORM OR SANDSTORM:
VSBY 1/2 MILE OR LESS
8 = SMOKE OR HAZE
[NO. OF DAYS WITH] [WEATHER - DAYS WITH] 9 = BLOWING SNOW
X = TORNADO
MAX 32 OR BELOW: 0 0.01 INCH OR MORE: 0
MAX 90 OR ABOVE: 0 0.10 INCH OR MORE: 0
MIN 32 OR BELOW: 0 0.50 INCH OR MORE: 0
MIN 0 OR BELOW: 0 1.00 INCH OR MORE: 0
[HDD (BASE 65) ]
TOTAL THIS MO. 317 CLEAR (SCALE 0-3) 29
DPTR FM NORMAL -58 PTCLDY (SCALE 4-7) 2
TOTAL FM JUL 1 477 CLOUDY (SCALE 8-10) 0
DPTR FM NORMAL -50
[CDD (BASE 65) ]
TOTAL THIS MO. 0
DPTR FM NORMAL 0 [PRESSURE DATA]
TOTAL FM JAN 1 5203 HIGHEST SLP M ON M
DPTR FM NORMAL 670 LOWEST SLP 29.72 ON 28
[REMARKS]
#FINAL-12-20#