000
CXUS54 KBMX 011110
CF6EET
PRELIMINARY LOCAL CLIMATOLOGICAL DATA (WS FORM: F-6)
STATION: SHELBY COUNTY AIRPORT
MONTH: JANUARY
YEAR: 2022
LATITUDE: 33 10 N
LONGITUDE: 86 47 W
TEMPERATURE IN F: :PCPN: SNOW: WIND :SUNSHINE: SKY :PK WND
================================================================================
1 2 3 4 5 6A 6B 7 8 9 10 11 12 13 14 15 16 17 18
12Z AVG MX 2MIN
DY MAX MIN AVG DEP HDD CDD WTR SNW DPTH SPD SPD DIR MIN PSBL S-S WX SPD DR
================================================================================
1 80 72 76 30 0 11 0.07 0.0 0 10.4 20 200 M M 9 30 200
2 75 35 55 9 10 0 1.98 0.1 0 8.4 22 300 M M 9 13 30 270
3 39 32 36 -10 29 0 0.01 T 0 9.6 21 310 M M 10 1 30 300
4 55 30 43 -3 22 0 0.00 0.0 0 4.3 15 160 M M 0 20 160
5 61 38 50 5 15 0 0.00 0.0 M 1.6 9 310 M M 4 18 12 280
6 63 34 49 4 16 0 0.21 0.0 M 7.3 21 320 M M 8 12 30 330
7 45 28 37 -8 28 0 0.00 0.0 0 3.5 12 310 M M 2 16 340
8 62 30 46 1 19 0 0.00 0.0 0 6.1 15 150 M M 1 21 150
9 65 47 56 11 9 0 0.66 0.0 0 6.4 15 250 M M 10 13 27 260
10 52 36 44 -1 21 0 0.00 0.0 M 7.3 15 330 M M 1 23 350
11 54 32 43 -2 22 0 0.00 0.0 M 2.4 10 320 M M 0 16 10
12 58 32 45 0 20 0 0.00 0.0 0 1.6 8 160 M M 0 10 140
13 63 38 51 6 14 0 0.00 0.0 0 3.5 15 300 M M 1 20 290
14 58 36 47 2 18 0 0.00 0.0 0 2.7 9 10 M M 0 12 360
15 53 44 49 4 16 0 0.80 0.0 0 5.1 15 90 M M 6 1 25 90
16 47 36 42 -3 23 0 0.92 0.0 0 9.4 18 100 M M 10 18 31 90
17 45 31 38 -7 27 0 0.00 0.0 0 5.8 15 300 M M 7 18 24 300
18 56 29 43 -2 22 0 0.00 0.0 0 1.4 9 140 M M 0 18 15 150
19 68 40 54 9 11 0 0.40 0.0 0 6.2 18 170 M M 3 13 24 160
20 56 29 43 -3 22 0 0.51 0.0 0 8.1 15 350 M M 10 13 22 340
21 37 29 33 -13 32 0 0.00 0.0 0 6.2 10 340 M M 8 15 310
22 47 29 38 -8 27 0 0.00 0.0 0 2.8 10 310 M M 4 13 320
23 51 23 37 -9 28 0 0.00 0.0 0 2.4 10 290 M M 0 16 240
24 62 30 46 0 19 0 0.00 0.0 0 3.1 13 210 M M 0 18 220
25 59 40 50 4 15 0 T 0.0 0 3.7 12 360 M M 7 18 10
26 51 30 41 -5 24 0 0.00 0.0 0 5.1 12 310 M M 0 17 310
27 61 32 47 1 18 0 0.00 0.0 0 1.9 8 80 M M 0 11 50
28 50 33 42 -4 23 0 0.00 0.0 M 10.2 21 310 M M 6 32 310
29 44 24 34 -12 31 0 0.00 0.0 M 6.0 22 320 M M 1 32 320
30 63 28 46 -1 19 0 0.00 0.0 0 3.5 13 240 M M 0 19 230
31 67 31 49 2 16 0 0.00 0.0 0 1.1 8 200 M M 0 12 310
================================================================================
SM 1747 1058 616 11 5.56 0.1 157.1 M 117
================================================================================
AV 56.4 34.1 5.1 FASTST M M 4 MAX(MPH)
MISC ----> # 22 300 # 32 310
================================================================================
NOTES:
# LAST OF SEVERAL OCCURRENCES
COLUMN 17 PEAK WIND IN M.P.H.
PRELIMINARY LOCAL CLIMATOLOGICAL DATA (WS FORM: F-6) , PAGE 2
STATION: SHELBY COUNTY AIRPORT
MONTH: JANUARY
YEAR: 2022
LATITUDE: 33 10 N
LONGITUDE: 86 47 W
[TEMPERATURE DATA] [PRECIPITATION DATA] SYMBOLS USED IN COLUMN 16
AVERAGE MONTHLY: 45.2 TOTAL FOR MONTH: 5.56 1 = FOG OR MIST
DPTR FM NORMAL: -0.5 DPTR FM NORMAL: 0.21 2 = FOG REDUCING VISIBILITY
HIGHEST: 80 ON 1 GRTST 24HR 1.98 ON 2- 2 TO 1/4 MILE OR LESS
LOWEST: 23 ON 23 3 = THUNDER
SNOW, ICE PELLETS, HAIL 4 = ICE PELLETS
TOTAL MONTH: 0.1 INCH 5 = HAIL
GRTST 24HR 0.1 ON 2- 2 6 = FREEZING RAIN OR DRIZZLE
GRTST DEPTH: 0 7 = DUSTSTORM OR SANDSTORM:
VSBY 1/2 MILE OR LESS
8 = SMOKE OR HAZE
[NO. OF DAYS WITH] [WEATHER - DAYS WITH] 9 = BLOWING SNOW
X = TORNADO
MAX 32 OR BELOW: 0 0.01 INCH OR MORE: 9
MAX 90 OR ABOVE: 0 0.10 INCH OR MORE: 7
MIN 32 OR BELOW: 18 0.50 INCH OR MORE: 5
MIN 0 OR BELOW: 0 1.00 INCH OR MORE: 1
[HDD (BASE 65) ]
TOTAL THIS MO. 616 CLEAR (SCALE 0-3) 17
DPTR FM NORMAL 14 PTCLDY (SCALE 4-7) 7
TOTAL FM JUL 1 1259 CLOUDY (SCALE 8-10) 7
DPTR FM NORMAL -301
[CDD (BASE 65) ]
TOTAL THIS MO. 11
DPTR FM NORMAL 9 [PRESSURE DATA]
TOTAL FM JAN 1 11 HIGHEST SLP 30.57 ON 11
DPTR FM NORMAL 9 LOWEST SLP 29.48 ON 16
[REMARKS]
#FINAL-01-22#