000
CXUS54 KBMX 011110
CF6EET
PRELIMINARY LOCAL CLIMATOLOGICAL DATA (WS FORM: F-6)
STATION: SHELBY COUNTY AIRPORT
MONTH: FEBRUARY
YEAR: 2021
LATITUDE: 33 10 N
LONGITUDE: 86 47 W
TEMPERATURE IN F: :PCPN: SNOW: WIND :SUNSHINE: SKY :PK WND
================================================================================
1 2 3 4 5 6A 6B 7 8 9 10 11 12 13 14 15 16 17 18
12Z AVG MX 2MIN
DY MAX MIN AVG DEP HDD CDD WTR SNW DPTH SPD SPD DIR MIN PSBL S-S WX SPD DR
================================================================================
1 42 36 39 -7 26 0 0.00 0.0 0 13.4 22 320 M M 10 31 330
2 48 30 39 -7 26 0 0.00 0.0 0 8.2 16 320 M M 2 24 320
3 53 28 41 -5 24 0 0.00 0.0 0 3.6 13 310 M M 0 17 320
4 59 31 45 -1 20 0 T 0.0 0 5.7 16 180 M M 4 24 190
5 59 34 47 1 18 0 0.10 0.0 0 5.9 16 320 M M 3 1 22 330
6 45 32 39 -8 26 0 0.30 0.0 0 4.1 13 80 M M 8 1 20 80
7 49 32 41 -6 24 0 0.05 0.0 0 3.8 12 350 M M 8 1 17 360
8 62 32 47 0 18 0 0.00 0.0 M 3.1 14 170 M M 1 18 160
9 68 46 57 10 8 0 T 0.0 M 1.9 10 330 M M 5 1 14 320
10 70 42 56 9 9 0 0.00 0.0 0 2.6 8 170 M M 2 1 11 160
11 62 45 54 6 11 0 0.97 0.0 0 3.4 13 310 M M 9 13 19 220
12 45 39 42 -6 23 0 T 0.0 M 6.9 15 310 M M 10 1 19 340
13 40 36 38 -10 27 0 0.15 0.0 M 6.6 12 320 M M 10 1 17 320
14 44 35 40 -8 25 0 0.00 0.0 0 5.5 13 330 M M 10 18 18 320
15 49 22 36 -12 29 0 0.40 T M 6.3 16 290 M M 10 1 26 270
16 28 16 22 -27 43 0 T T 0 6.2 14 300 M M 6 18 20 270
17 50 20 35 -14 30 0 0.31 0.0 0 4.7 13 320 M M 4 1 17 340
18 48 35 42 -7 23 0 0.75 0.0 0 8.0 14 320 M M 10 13 22 50
19 48 29 39 -10 26 0 0.00 0.0 0 7.9 15 310 M M 5 18 22 340
20 55 23 39 -11 26 0 0.00 0.0 0 1.2 9 320 M M 0 1 13 320
21 64 30 47 -3 18 0 0.00 0.0 0 4.7 18 170 M M 1 23 170
22 64 39 52 2 13 0 T 0.0 0 6.8 17 310 M M 5 23 310
23 71 34 53 3 12 0 0.00 0.0 M 2.9 13 300 M M 0 8 18 230
24 74 37 56 5 9 0 0.00 0.0 0 3.6 15 200 M M 1 8 21 160
25 75 50 63 12 2 0 0.00 0.0 0 2.5 8 120 M M 5 8 13 130
26 76 53 65 14 0 0 T 0.0 0 5.9 16 190 M M 7 8 24 210
27 77 65 71 20 0 6 T 0.0 0 5.8 14 190 M M 9 1 19 180
28 81 64 73 21 0 8 0.01 0.0 0 8.4 18 190 M M 6 1 30 190
================================================================================
SM 1606 1015 516 14 3.04 T 149.6 M 151
================================================================================
AV 57.4 36.3 5.3 FASTST M M 5 MAX(MPH)
MISC ----> 22 320 31 330
================================================================================
NOTES:
# LAST OF SEVERAL OCCURRENCES
COLUMN 17 PEAK WIND IN M.P.H.
PRELIMINARY LOCAL CLIMATOLOGICAL DATA (WS FORM: F-6) , PAGE 2
STATION: SHELBY COUNTY AIRPORT
MONTH: FEBRUARY
YEAR: 2021
LATITUDE: 33 10 N
LONGITUDE: 86 47 W
[TEMPERATURE DATA] [PRECIPITATION DATA] SYMBOLS USED IN COLUMN 16
AVERAGE MONTHLY: 46.8 TOTAL FOR MONTH: 3.04 1 = FOG OR MIST
DPTR FM NORMAL: -1.7 DPTR FM NORMAL: -2.71 2 = FOG REDUCING VISIBILITY
HIGHEST: 81 ON 28 GRTST 24HR 1.06 ON 17-18 TO 1/4 MILE OR LESS
LOWEST: 16 ON 16 3 = THUNDER
SNOW, ICE PELLETS, HAIL 4 = ICE PELLETS
TOTAL MONTH: T 5 = HAIL
GRTST 24HR T ON 15-15 6 = FREEZING RAIN OR DRIZZLE
GRTST DEPTH: 0 7 = DUSTSTORM OR SANDSTORM:
VSBY 1/2 MILE OR LESS
8 = SMOKE OR HAZE
[NO. OF DAYS WITH] [WEATHER - DAYS WITH] 9 = BLOWING SNOW
X = TORNADO
MAX 32 OR BELOW: 1 0.01 INCH OR MORE: 9
MAX 90 OR ABOVE: 0 0.10 INCH OR MORE: 7
MIN 32 OR BELOW: 12 0.50 INCH OR MORE: 2
MIN 0 OR BELOW: 0 1.00 INCH OR MORE: 0
[HDD (BASE 65) ]
TOTAL THIS MO. 516 CLEAR (SCALE 0-3) 9
DPTR FM NORMAL 51 PTCLDY (SCALE 4-7) 10
TOTAL FM JUL 1 1995 CLOUDY (SCALE 8-10) 9
DPTR FM NORMAL -134
[CDD (BASE 65) ]
TOTAL THIS MO. 14
DPTR FM NORMAL 11 [PRESSURE DATA]
TOTAL FM JAN 1 15 HIGHEST SLP 30.45 ON 20
DPTR FM NORMAL 14 LOWEST SLP 29.73 ON 15
[REMARKS]
#FINAL-02-21#