000
CXUS56 KLKN 082025
CF6EKO
PRELIMINARY LOCAL CLIMATOLOGICAL DATA (WS FORM: F-6)
STATION: ELKO AIRPORT NV
MONTH: JULY
YEAR: 2021
LATITUDE: 40 49 N
LONGITUDE: 115 47 W
TEMPERATURE IN F: :PCPN: SNOW: WIND :SUNSHINE: SKY :PK WND
================================================================================
1 2 3 4 5 6A 6B 7 8 9 10 11 12 13 14 15 16 17 18
12Z AVG MX 2MIN
DY MAX MIN AVG DEP HDD CDD WTR SNW DPTH SPD SPD DIR MIN PSBL S-S WX SPD DR
================================================================================
1 91 58 75 6 0 10 0.01 0.0 0 5.4 29 30 M M 2 3 34 30
2 94 50 72 3 0 7 0.10 0.0 0 4.8 30 310 M M 1 38 44 310
3 99 53 76 7 0 11 0.00 0.0 0 4.6 24 60 M M 0 32 60
4 89 62 76 6 0 11 T 0.0 0 6.8 40 240 M M 2 55 230
5 96 53 75 5 0 10 0.00 0.0 0 2.7 13 290 M M 0 16 170
6 100 57 79 9 0 14 T 0.0 0 4.6 41 240 M M 0 8 47 230
7 102 59 81 11 0 16 0.00 0.0 0 6.8 26 260 M M 0 34 210
8 100 58 79 8 0 14 0.00 0.0 0 7.6 25 270 M M 0 40 270
9 100 55 78 7 0 13 0.00 0.0 0 6.5 22 260 M M 0 26 280
10 103 61 82 11 0 17 0.00 0.0 0 5.4 21 290 M M 0 25 290
11 103 60 82 10 0 17 0.00 0.0 0 6.6 24 290 M M 0 29 290
12 104 67 86 14 0 21 0.00 0.0 0 8.8 28 270 M M 0 37 260
13 100 59 80 8 0 15 0.00 0.0 0 7.8 26 230 M M 0 8 33 300
14 99 58 79 7 0 14 0.00 0.0 0 6.2 21 300 M M 0 28 290
15 98 51 75 3 0 10 0.00 0.0 0 6.3 25 170 M M 0 33 250
16 96 50 73 0 0 8 0.00 0.0 0 7.5 26 270 M M 0 33 280
17 98 51 75 2 0 10 0.00 0.0 0 4.9 22 130 M M 0 34 140
18 99 56 78 5 0 13 0.00 0.0 0 7.4 33 220 M M 2 8 40 220
19 82 62 72 -1 0 7 0.07 0.0 0 5.0 24 170 M M 4 1 32 170
20 91 60 76 3 0 11 0.00 0.0 0 5.6 18 130 M M 2 27 130
21 98 54 76 3 0 11 T 0.0 0 4.7 24 290 M M 1 33 280
22 96 65 81 8 0 16 0.00 0.0 0 6.6 21 170 M M 0 28 160
23 98 58 78 5 0 13 0.00 0.0 0 6.5 18 270 M M 0 24 30
24 97 57 77 4 0 12 0.00 0.0 0 4.4 25 330 M M 0 8 38 340
25 99 55 77 4 0 12 0.00 0.0 0 4.5 18 40 M M 0 8 27 30
26 101 57 79 6 0 14 0.00 0.0 0 6.2 28 180 M M 0 8 38 180
27 96 66 81 8 0 16 0.00 0.0 0 8.1 26 260 M M 1 36 250
28 91 58 75 2 0 10 0.00 0.0 0 6.7 18 40 M M 2 8 24 230
29 95 57 76 3 0 11 0.00 0.0 0 5.1 25 150 M M 1 8 34 150
30 91 64 78 5 0 13 0.07 0.0 0 5.6 26 150 M M 4 3 35 150
31 86 64 75 2 0 10 0.10 0.0 0 4.6 31 160 M M 7 3 39 150
================================================================================
SM 2992 1795 0 387 0.35 0.0 184.3 M 29
================================================================================
AV 96.5 57.9 5.9 FASTST M M 1 MAX(MPH)
MISC ----> 41 240 55 230
================================================================================
NOTES:
# LAST OF SEVERAL OCCURRENCES
COLUMN 17 PEAK WIND IN M.P.H.
PRELIMINARY LOCAL CLIMATOLOGICAL DATA (WS FORM: F-6) , PAGE 2
STATION: ELKO AIRPORT NV
MONTH: JULY
YEAR: 2021
LATITUDE: 40 49 N
LONGITUDE: 115 47 W
[TEMPERATURE DATA] [PRECIPITATION DATA] SYMBOLS USED IN COLUMN 16
AVERAGE MONTHLY: 77.2 TOTAL FOR MONTH: 0.35 1 = FOG OR MIST
DPTR FM NORMAL: 5.3 DPTR FM NORMAL: -0.01 2 = FOG REDUCING VISIBILITY
HIGHEST: 104 ON 12 GRTST 24HR 0.14 ON 30-31 TO 1/4 MILE OR LESS
LOWEST: 50 ON 16, 2 3 = THUNDER
SNOW, ICE PELLETS, HAIL 4 = ICE PELLETS
TOTAL MONTH: 0.0 INCH 5 = HAIL
GRTST 24HR 0.0 6 = FREEZING RAIN OR DRIZZLE
GRTST DEPTH: 0 7 = DUSTSTORM OR SANDSTORM:
VSBY 1/2 MILE OR LESS
8 = SMOKE OR HAZE
[NO. OF DAYS WITH] [WEATHER - DAYS WITH] 9 = BLOWING SNOW
X = TORNADO
MAX 32 OR BELOW: 0 0.01 INCH OR MORE: 5
MAX 90 OR ABOVE: 28 0.10 INCH OR MORE: 2
MIN 32 OR BELOW: 0 0.50 INCH OR MORE: 0
MIN 0 OR BELOW: 0 1.00 INCH OR MORE: 0
[HDD (BASE 65) ]
TOTAL THIS MO. 0 CLEAR (SCALE 0-3) 28
DPTR FM NORMAL -14 PTCLDY (SCALE 4-7) 3
TOTAL FM JUL 1 0 CLOUDY (SCALE 8-10) 0
DPTR FM NORMAL -9
[CDD (BASE 65) ]
TOTAL THIS MO. 387
DPTR FM NORMAL 160 [PRESSURE DATA]
TOTAL FM JAN 1 597 HIGHEST SLP 30.15 ON 19
DPTR FM NORMAL 301 LOWEST SLP 29.72 ON 7
[REMARKS]
#FINAL-07-21#