000
CXUS56 KLKN 291210
CF6EKO
PRELIMINARY LOCAL CLIMATOLOGICAL DATA (WS FORM: F-6)
STATION: ELKO AIRPORT NV
MONTH: MARCH
YEAR: 2024
LATITUDE: 40 49 N
LONGITUDE: 115 47 W
TEMPERATURE IN F: :PCPN: SNOW: WIND :SUNSHINE: SKY :PK WND
================================================================================
1 2 3 4 5 6A 6B 7 8 9 10 11 12 13 14 15 16 17 18
12Z AVG MX 2MIN
DY MAX MIN AVG DEP HDD CDD WTR SNW DPTH SPD SPD DIR MIN PSBL S-S WX SPD DR
================================================================================
1 48 32 40 4 25 0 0.23 T 0 7.1 17 280 M M 8 1 23 280
2 40 23 32 -4 33 0 0.35 4.0 0 12.7 36 290 M M 8 12 52 300
3 31 15 23 -14 42 0 0.19 2.7 6 8.2 29 260 M M 9 18 36 270
4 33 23 28 -9 37 0 0.01 0.2 5 8.1 21 250 M M 8 1 27 250
5 47 26 37 0 28 0 0.06 0.5 4 9.2 25 260 M M 9 1 32 250
6 44 31 38 0 27 0 T T T 6.0 21 250 M M 8 28 240
7 41 22 32 -6 33 0 0.07 1.0 T 4.6 17 360 M M 4 1 22 360
8 43 17 30 -8 35 0 0.00 0.0 0 2.2 9 160 M M 0 11 240
9 56 20 38 0 27 0 0.00 0.0 0 4.6 13 300 M M 0 20 200
10 56 26 41 2 24 0 0.00 0.0 0 7.0 22 200 M M 0 29 200
11 53 36 45 6 20 0 T 0.0 0 6.9 21 280 M M 7 26 240
12 42 30 36 -3 29 0 0.11 T 0 5.7 17 230 M M 8 1 26 230
13 38 29 34 -6 31 0 T T 0 9.5 26 340 M M 7 34 330
14 49 29 39 -1 26 0 0.00 0.0 0 13.2 29 50 M M 4 47 50
15 53 32 43 3 22 0 0.00 0.0 0 14.4 26 40 M M 0 39 30
16 60 25 43 3 22 0 0.00 0.0 0 7.1 20 60 M M 0 28 70
17 61 26 44 4 21 0 0.00 0.0 0 6.6 21 60 M M 0 27 60
18 64 25 45 4 20 0 0.00 0.0 0 2.7 13 350 M M 0 18 240
19 66 27 47 6 18 0 0.00 0.0 0 3.4 14 310 M M 0 18 330
20 67 27 47 6 18 0 0.00 0.0 0 5.0 18 260 M M 0 26 270
21 62 33 48 7 17 0 0.00 0.0 0 6.3 24 250 M M 0 31 260
22 64 28 46 4 19 0 0.00 0.0 0 6.1 17 170 M M 3 24 170
23 50 26 38 -4 27 0 T 0.0 0 10.9 29 290 M M 4 35 300
24 49 23 36 -6 29 0 0.04 0.0 0 8.3 24 330 M M 6 34 240
25 47 28 38 -4 27 0 T 0.0 0 7.6 29 300 M M 8 35 300
26 46 27 37 -5 28 0 0.01 T 0 5.8 24 280 M M M 31 280
27 54 22 38 -4 27 0 T 0.0 0 6.2 28 290 M M 6 37 180
28 51 32 42 0 23 0 0.16 T 0 9.6 37 260 M M 6 13 48 230
================================================================================
SM 1415 740 735 0 1.23 8.4 205.0 M 113
================================================================================
AV 50.5 26.4 7.3 FASTST M M 4 MAX(MPH)
MISC ----> 37 260 52 300
================================================================================
NOTES:
# LAST OF SEVERAL OCCURRENCES
COLUMN 17 PEAK WIND IN M.P.H.
PRELIMINARY LOCAL CLIMATOLOGICAL DATA (WS FORM: F-6) , PAGE 2
STATION: ELKO AIRPORT NV
MONTH: MARCH
YEAR: 2024
LATITUDE: 40 49 N
LONGITUDE: 115 47 W
[TEMPERATURE DATA] [PRECIPITATION DATA] SYMBOLS USED IN COLUMN 16
AVERAGE MONTHLY: 38.5 TOTAL FOR MONTH: 1.23 1 = FOG OR MIST
DPTR FM NORMAL: -1.2 DPTR FM NORMAL: 0.36 2 = FOG REDUCING VISIBILITY
HIGHEST: 67 ON 20 GRTST 24HR 0.45 ON 1- 2 TO 1/4 MILE OR LESS
LOWEST: 15 ON 3 3 = THUNDER
SNOW, ICE PELLETS, HAIL 4 = ICE PELLETS
TOTAL MONTH: 8.4 INCHES 5 = HAIL
GRTST 24HR 4.0 ON 2- 2 6 = FREEZING RAIN OR DRIZZLE
GRTST DEPTH: 6 ON 3 7 = DUSTSTORM OR SANDSTORM:
VSBY 1/2 MILE OR LESS
8 = SMOKE OR HAZE
[NO. OF DAYS WITH] [WEATHER - DAYS WITH] 9 = BLOWING SNOW
X = TORNADO
MAX 32 OR BELOW: 1 0.01 INCH OR MORE: 10
MAX 90 OR ABOVE: 0 0.10 INCH OR MORE: 5
MIN 32 OR BELOW: 26 0.50 INCH OR MORE: 0
MIN 0 OR BELOW: 0 1.00 INCH OR MORE: 0
[HDD (BASE 65) ]
TOTAL THIS MO. 735 CLEAR (SCALE 0-3) 10
DPTR FM NORMAL 26 PTCLDY (SCALE 4-7) 14
TOTAL FM JUL 1 5011 CLOUDY (SCALE 8-10) 4
DPTR FM NORMAL -626
[CDD (BASE 65) ]
TOTAL THIS MO. 0
DPTR FM NORMAL 0 [PRESSURE DATA]
TOTAL FM JAN 1 0 HIGHEST SLP M ON M
DPTR FM NORMAL 0 LOWEST SLP 29.36 ON 2
[REMARKS]