000
CXUS55 KLKN 031805
CLMEKO
CLIMATE REPORT
NATIONAL WEATHER SERVICE ELKO, NV
1105 AM PDT MON JUL 03 2023
...................................
...THE ELKO AIRPORT NV CLIMATE SUMMARY FOR THE MONTH OF JUNE 2023...
CLIMATE NORMAL PERIOD 1991 TO 2020
CLIMATE RECORD PERIOD 1888 TO 2023
WEATHER OBSERVED NORMAL DEPART LAST YEAR`S
VALUE DATE(S) VALUE FROM VALUE DATE(S)
NORMAL
................................................................
TEMPERATURE (F)
RECORD
HIGH 104 06/30/2013
06/24/1981
01/16/2206854
LOW 12 06/06/1914
HIGHEST 88 06/30 93 -5 98 06/16
LOWEST 36 06/20 32 4 28 06/14
06/21
AVG. MAXIMUM 76.7 81.5 -4.8 84.7
AVG. MINIMUM 46.3 44.9 1.4 45.5
MEAN 61.5 63.2 -1.7 65.1
DAYS MAX >= 90 0 6.1 -6.1 10
DAYS MAX <= 32 0 0.0 0.0 0
DAYS MIN <= 32 0 1.3 -1.3 2
DAYS MIN <= 0 0 0.0 0.0 0
PRECIPITATION (INCHES)
RECORD
MAXIMUM 4.08 1913
MINIMUM 0.00 1924
TOTALS 1.27 0.57 0.70 0.03
DAILY AVG. 0.04 0.02 0.02 0.00
DAYS >= .01 8 4.3 3.7 2
DAYS >= .10 5 1.8 3.2 0
DAYS >= .50 1 0.2 0.8 0
DAYS >= 1.00 0 0.0 0.0 0
GREATEST
24 HR. TOTAL 0.52 06/01 TO 06/01 0.02
SNOWFALL (INCHES)
RECORDS
TOTAL 1.7 1914
TOTALS 0.0 0.0 0.0 0.0
SINCE 7/1 74.2 41.2 33.0 MM
SNOWDEPTH AVG. 0 0
DAYS >= TRACE 0 0.0 0.0 0
DAYS >= 1.0 0 0.0 0.0 0
DAYS >= 1.0 0 0
GREATEST
SNOW DEPTH 0 0
24 HR TOTAL MM MM
DEGREE DAYS
HEATING TOTAL 105 117 -12 93
SINCE 7/1 7482 6746 736 MM
COOLING TOTAL 8 63 -55 105
SINCE 1/1 11 69 -58 MM
................................................................
WIND (MPH)
AVERAGE WIND SPEED 6.3
HIGHEST WIND SPEED/DIRECTION 41/170 DATE 06/11
HIGHEST GUST SPEED/DIRECTION 59/180 DATE 06/11
AVERAGE RH (PERCENT) 53
WEATHER CONDITIONS. NUMBER OF DAYS WITH
THUNDERSTORM 9 MIXED PRECIP 0
HEAVY RAIN 3 RAIN 4
LIGHT RAIN 12 FREEZING RAIN 0
LT FREEZING RAIN 0 HAIL 0
HEAVY SNOW 0 SNOW 0
LIGHT SNOW 0 SLEET 0
FOG 4 FOG W/VIS <= 1/4 MILE 0
HAZE 1
- INDICATES NEGATIVE NUMBERS.
R INDICATES RECORD WAS SET OR TIED.
MM INDICATES DATA IS MISSING.
T INDICATES TRACE AMOUNT.
======================================================================
...JUNE 2023 IN ELKO WAS COLDER AND WETTER THAN NORMAL...
$$