000
CXUS54 KSHV 030353
CF6ELD
PRELIMINARY LOCAL CLIMATOLOGICAL DATA (WS FORM: F-6)
STATION: EL DORADO
MONTH: JULY
YEAR: 2023
LATITUDE: 33 13 N
LONGITUDE: 92 49 W
TEMPERATURE IN F: :PCPN: SNOW: WIND :SUNSHINE: SKY :PK WND
================================================================================
1 2 3 4 5 6A 6B 7 8 9 10 11 12 13 14 15 16 17 18
12Z AVG MX 2MIN
DY MAX MIN AVG DEP HDD CDD WTR SNW DPTH SPD SPD DIR MIN PSBL S-S WX SPD DR
================================================================================
1 93 75 84 2 0 19 0.00 0.0 0 7.4 14 230 M M 0 22 200
2 94 75 85 3 0 20 0.00 0.0 0 4.9 16 320 M M 1 3 25 320
3 94 72 83 1 0 18 0.35 0.0 0 3.5 23 140 M M 1 13 28 150
4 92 72 82 0 0 17 0.59 0.0 0 4.6 35 190 M M 1 13 48 200
5 93 72 83 1 0 18 0.01 0.0 0 5.5 18 320 M M 1 3 29 300
6 91 72 82 0 0 17 1.11 0.0 0 5.1 25 340 M M 3 13 38 320
7 90 70 80 -2 0 15 0.04 0.0 0 2.8 8 180 M M 5 13 13 230
8 91 72 82 0 0 17 0.19 0.0 0 4.9 18 330 M M 3 13 26 330
9 85 70 78 -4 0 13 0.09 0.0 0 4.3 16 310 M M 5 123 28 260
10 87 70 79 -3 0 14 0.00 0.0 0 2.6 9 40 M M 7 13 40
11 88 74 81 -1 0 16 T 0.0 0 5.3 16 250 M M 4 3 30 250
12 84 72 78 -4 0 13 4.12 0.0 0 7.3 24 340 M M 8 13 33 350
13 91 77 84 2 0 19 0.00 0.0 0 3.8 14 190 M M 3 21 200
14 90 78 84 2 0 19 0.00 0.0 0 4.8 15 210 M M 1 1 21 160
15 92 73 83 1 0 18 0.11 0.0 0 5.3 20 20 M M 3 13 33 40
16 92 70 81 -2 0 16 0.30 0.0 0 3.3 28 260 M M 5 13 47 250
17 93 68 81 -2 0 16 0.00 0.0 0 3.5 12 180 M M 1 1 17 190
18 96 74 85 2 0 20 0.00 0.0 0 7.0 14 210 M M 0 18 190
19 94 77 86 3 0 21 0.00 0.0 0 6.7 16 200 M M 0 21 190
20 92 76 84 1 0 19 0.00 0.0 0 4.8 13 220 M M 0 18 220
21 94 75 85 2 0 20 0.00 0.0 0 4.6 13 270 M M 1 18 270
22 88 70 79 -4 0 14 T 0.0 0 4.8 10 20 M M 6 3 16 360
23 91 66 79 -4 0 14 0.00 0.0 0 1.9 9 290 M M 1 1 14 300
24 92 67 80 -3 0 15 0.00 0.0 0 2.5 9 150 M M 0 14 130
25 95 69 82 -1 0 17 0.00 0.0 0 3.8 12 160 M M 1 17 180
26 94 72 83 0 0 18 0.00 0.0 0 3.9 14 200 M M 0 18 210
27 95 72 84 1 0 19 0.00 0.0 0 2.8 12 200 M M 0 17 210
28 96 73 85 2 0 20 0.00 0.0 0 2.4 9 150 M M 0 1 13 160
29 96 74 85 2 0 20 0.00 0.0 0 2.7 10 280 M M 0 16 220
30 99 73 86 3 0 21 0.00 0.0 0 2.1 10 240 M M 0 1 13 280
31 89 72 81 -2 0 16 0.33 0.0 0 3.8 25 10 M M 1 13 45 10
================================================================================
SM 2851 2242 0 539 7.24 0.0 132.7 M 62
================================================================================
AV 92.0 72.3 4.3 FASTST M M 2 MAX(MPH)
MISC ----> 35 190 48 200
================================================================================
NOTES:
# LAST OF SEVERAL OCCURRENCES
COLUMN 17 PEAK WIND IN M.P.H.
PRELIMINARY LOCAL CLIMATOLOGICAL DATA (WS FORM: F-6) , PAGE 2
STATION: EL DORADO
MONTH: JULY
YEAR: 2023
LATITUDE: 33 13 N
LONGITUDE: 92 49 W
[TEMPERATURE DATA] [PRECIPITATION DATA] SYMBOLS USED IN COLUMN 16
AVERAGE MONTHLY: 82.1 TOTAL FOR MONTH: 7.24 1 = FOG OR MIST
DPTR FM NORMAL: -0.3 DPTR FM NORMAL: 3.81 2 = FOG REDUCING VISIBILITY
HIGHEST: 99 ON 30 GRTST 24HR 4.12 ON 12-12 TO 1/4 MILE OR LESS
LOWEST: 66 ON 23 3 = THUNDER
SNOW, ICE PELLETS, HAIL 4 = ICE PELLETS
TOTAL MONTH: 0.0 INCH 5 = HAIL
GRTST 24HR 0.0 6 = FREEZING RAIN OR DRIZZLE
GRTST DEPTH: 0 7 = DUSTSTORM OR SANDSTORM:
VSBY 1/2 MILE OR LESS
8 = SMOKE OR HAZE
[NO. OF DAYS WITH] [WEATHER - DAYS WITH] 9 = BLOWING SNOW
X = TORNADO
MAX 32 OR BELOW: 0 0.01 INCH OR MORE: 11
MAX 90 OR ABOVE: 25 0.10 INCH OR MORE: 8
MIN 32 OR BELOW: 0 0.50 INCH OR MORE: 3
MIN 0 OR BELOW: 0 1.00 INCH OR MORE: 2
[HDD (BASE 65) ]
TOTAL THIS MO. 0 CLEAR (SCALE 0-3) 24
DPTR FM NORMAL 0 PTCLDY (SCALE 4-7) 7
TOTAL FM JUL 1 0 CLOUDY (SCALE 8-10) 0
DPTR FM NORMAL 0
[CDD (BASE 65) ]
TOTAL THIS MO. 539
DPTR FM NORMAL -2 [PRESSURE DATA]
TOTAL FM JAN 1 1315 HIGHEST SLP 30.15 ON 31
DPTR FM NORMAL 2 LOWEST SLP 29.82 ON 14
[REMARKS]
#FINAL-07-23#