000
CXUS53 KTOP 010810
CF6EMP
PRELIMINARY LOCAL CLIMATOLOGICAL DATA (WS FORM: F-6)
STATION: EMPORIA KS
MONTH: JULY
YEAR: 2023
LATITUDE: 38 19 N
LONGITUDE: 96 12 W
TEMPERATURE IN F: :PCPN: SNOW: WIND :SUNSHINE: SKY :PK WND
================================================================================
1 2 3 4 5 6A 6B 7 8 9 10 11 12 13 14 15 16 17 18
12Z AVG MX 2MIN
DY MAX MIN AVG DEP HDD CDD WTR SNW DPTH SPD SPD DIR MIN PSBL S-S WX SPD DR
================================================================================
1 91 65 78 0 0 13 0.02 M M 8.8 28 300 M M 3 13 42 300
2 90 64 77 -1 0 12 0.00 M M 5.8 13 300 M M 2 1 18 300
3 95 64 80 2 0 15 T M M 5.9 17 160 M M 1 24 160
4 98 61 80 2 0 15 0.81 M M 9.5 41 340 M M 1 13 58 340
5 80 67 74 -4 0 9 0.75 M M 7.6 21 40 M M 4 13 29 30
6 82 66 74 -4 0 9 0.00 M M 6.5 14 60 M M 4 18 70
7 86 65 76 -2 0 11 0.06 M M 6.5 14 260 M M 3 13 21 260
8 76 65 71 -7 0 6 0.05 M M 7.3 15 10 M M 6 3 20 30
9 83 62 73 -6 0 8 T M M 4.1 13 80 M M 2 24 60
10 89 60 75 -4 0 10 T M M 6.8 14 200 M M 0 19 180
11 93 71 82 3 0 17 0.00 M M 8.8 17 170 M M 0 24 170
12 96 70 83 4 0 18 T M M 8.9 20 40 M M 2 26 30
13 94 72 83 4 0 18 0.00 M M 7.7 16 30 M M 1 24 40
14 90 66 78 -1 0 13 1.08 M M 7.0 25 30 M M 3 13 40 340
15 91 64 78 -1 0 13 0.00 M M 4.2 12 340 M M 1 12 15 330
16 90 68 79 0 0 14 0.00 M M 6.6 23 20 M M 1 34 20
17 89 70 80 1 0 15 0.00 M M 6.5 14 160 M M 1 1 20 160
18 92 73 83 4 0 18 0.00 M M 10.7 21 70 M M 4 27 60
19 85 72 79 0 0 14 0.00 M M 6.8 15 70 M M 5 1 20 330
20 91 72 82 2 0 17 0.00 M M 8.4 21 220 M M 2 13 30 220
21 84 63 74 -6 0 9 0.01 M M 5.9 16 30 M M 3 22 30
22 91 60 76 -4 0 11 0.04 M M 5.2 18 10 M M 1 3 27 30
23 96 63 80 0 0 15 0.00 M M 6.9 16 270 M M 0 24 270
24 94 74 84 4 0 19 0.00 M M 11.7 23 140 M M 0 32 150
25 104 73 89 9 0 24 0.00 M M 13.5 24 210 M M 0 34 210
26 103 80 92 12 0 27 0.00 M M 14.7 24 230 M M 0 39 240
27 98 75 87 7 0 22 0.00 M M 13.4 23 220 M M 0 31 210
28 105 77 91 11 0 26 0.00 M M 14.1 24 210 M M 0 33 190
29 92 72 82 2 0 17 0.07 M M 8.1 24 10 M M 1 38 34 10
30 101 70 86 6 0 21 T M M 9.2 32 30 M M 2 3 46 30
31 99 71 85 5 0 20 T M M 11.4 21 80 M M 0 28 130
================================================================================
SM 2848 2115 0 476 2.89 M 258.5 M 53
================================================================================
AV 91.9 68.2 8.3 FASTST M M 2 MAX(MPH)
MISC ----> 41 340 58 340
================================================================================
NOTES:
# LAST OF SEVERAL OCCURRENCES
COLUMN 17 PEAK WIND IN M.P.H.
PRELIMINARY LOCAL CLIMATOLOGICAL DATA (WS FORM: F-6) , PAGE 2
STATION: EMPORIA KS
MONTH: JULY
YEAR: 2023
LATITUDE: 38 19 N
LONGITUDE: 96 12 W
[TEMPERATURE DATA] [PRECIPITATION DATA] SYMBOLS USED IN COLUMN 16
AVERAGE MONTHLY: 80.0 TOTAL FOR MONTH: 2.89 1 = FOG OR MIST
DPTR FM NORMAL: 1.0 DPTR FM NORMAL: -1.01 2 = FOG REDUCING VISIBILITY
HIGHEST: 105 ON 28 GRTST 24HR 1.56 ON 4- 5 TO 1/4 MILE OR LESS
LOWEST: 60 ON 22,10 3 = THUNDER
SNOW, ICE PELLETS, HAIL 4 = ICE PELLETS
TOTAL MONTH: M 5 = HAIL
GRTST 24HR M ON M 6 = FREEZING RAIN OR DRIZZLE
GRTST DEPTH: M ON M 7 = DUSTSTORM OR SANDSTORM:
VSBY 1/2 MILE OR LESS
8 = SMOKE OR HAZE
[NO. OF DAYS WITH] [WEATHER - DAYS WITH] 9 = BLOWING SNOW
X = TORNADO
MAX 32 OR BELOW: 0 0.01 INCH OR MORE: 9
MAX 90 OR ABOVE: 22 0.10 INCH OR MORE: 3
MIN 32 OR BELOW: 0 0.50 INCH OR MORE: 3
MIN 0 OR BELOW: 0 1.00 INCH OR MORE: 1
[HDD (BASE 65) ]
TOTAL THIS MO. 0 CLEAR (SCALE 0-3) 25
DPTR FM NORMAL 0 PTCLDY (SCALE 4-7) 6
TOTAL FM JUL 1 0 CLOUDY (SCALE 8-10) 0
DPTR FM NORMAL 0
[CDD (BASE 65) ]
TOTAL THIS MO. 476
DPTR FM NORMAL 42 [PRESSURE DATA]
TOTAL FM JAN 1 968 HIGHEST SLP M ON M
DPTR FM NORMAL 126 LOWEST SLP 29.71 ON 12
[REMARKS]
#FINAL-07-23#