000
CXUS53 KTOP 010910
CF6EMP
PRELIMINARY LOCAL CLIMATOLOGICAL DATA (WS FORM: F-6)
STATION: EMPORIA KS
MONTH: FEBRUARY
YEAR: 2023
LATITUDE: 38 19 N
LONGITUDE: 96 12 W
TEMPERATURE IN F: :PCPN: SNOW: WIND :SUNSHINE: SKY :PK WND
================================================================================
1 2 3 4 5 6A 6B 7 8 9 10 11 12 13 14 15 16 17 18
12Z AVG MX 2MIN
DY MAX MIN AVG DEP HDD CDD WTR SNW DPTH SPD SPD DIR MIN PSBL S-S WX SPD DR
================================================================================
1 40 10 25 -7 40 0 0.00 M M 7.7 13 220 M M 0 16 220
2 54 19 37 5 28 0 0.00 M M 9.8 21 10 M M 0 28 10
3 41 10 26 -6 39 0 0.00 M M 9.8 18 170 M M 0 26 160
4 59 31 45 12 20 0 0.00 M M 15.8 31 190 M M 0 41 190
5 63 29 46 13 19 0 0.00 M M 6.8 13 250 M M 0 17 250
6 69 36 53 20 12 0 0.00 M M 18.1 38 180 M M 0 52 190
7 56 30 43 10 22 0 0.00 M M 6.8 14 330 M M 0 23 340
8 45 21 33 0 32 0 0.68 M M 7.9 18 330 M M 6 1 25 350
9 49 31 40 6 25 0 0.26 M M 12.7 22 340 M M 7 1 33 340
10 43 22 33 -1 32 0 0.00 M M 9.2 20 340 M M 2 28 330
11 52 17 35 1 30 0 0.00 M M 5.7 12 190 M M 0 16 190
12 65 28 47 13 18 0 0.00 M M 12.3 25 200 M M 0 33 190
13 62 25 44 9 21 0 0.00 M M 8.4 16 170 M M 0 22 190
14 56 41 49 14 16 0 0.41 M M 15.6 37 200 M M 7 13 55 200
15 41 29 35 0 30 0 0.01 M M 12.1 21 20 M M 7 31 20
16 30 20 25 -11 40 0 T M M 13.7 22 330 M M 8 168 31 330
17 48 16 32 -4 33 0 0.00 M M 9.2 20 220 M M 0 25 220
18 54 31 43 7 22 0 0.00 M M 19.0 33 210 M M 1 45 200
19 60 27 44 8 21 0 0.00 M M 7.8 26 180 M M 1 34 180
20 67 27 47 10 18 0 0.00 M M 6.2 16 220 M M 0 21 240
21 64 27 46 9 19 0 0.00 M M 12.3 29 170 M M 0 37 180
22 65 25 45 8 20 0 0.06 M M 16.5 29 180 M M 5 38 190
23 30 12 21 -17 44 0 0.00 M M 13.6 25 300 M M 2 37 320
24 29 12 21 -17 44 0 0.01 M M 8.9 18 20 M M 5 48 26 20
25 50 19 35 -3 30 0 0.00 M M 6.0 17 200 M M 2 18 22 190
26 61 30 46 7 19 0 0.69 M M 13.9 28 160 M M 9 1238 39 130
27 67 43 55 16 10 0 0.00 M M 15.3 30 290 M M 2 1 43 260
28 68 33 51 11 14 0 0.00 M M 9.2 22 240 M M 2 31 230
================================================================================
SM 1488 701 718 0 2.12 M 310.3 M 66
================================================================================
AV 53.1 25.0 11.1 FASTST M M 2 MAX(MPH)
MISC ----> 38 180 55 200
================================================================================
NOTES:
# LAST OF SEVERAL OCCURRENCES
COLUMN 17 PEAK WIND IN M.P.H.
PRELIMINARY LOCAL CLIMATOLOGICAL DATA (WS FORM: F-6) , PAGE 2
STATION: EMPORIA KS
MONTH: FEBRUARY
YEAR: 2023
LATITUDE: 38 19 N
LONGITUDE: 96 12 W
[TEMPERATURE DATA] [PRECIPITATION DATA] SYMBOLS USED IN COLUMN 16
AVERAGE MONTHLY: 39.1 TOTAL FOR MONTH: 2.12 1 = FOG OR MIST
DPTR FM NORMAL: 3.7 DPTR FM NORMAL: 0.81 2 = FOG REDUCING VISIBILITY
HIGHEST: 69 ON 6 GRTST 24HR 0.94 ON 8- 9 TO 1/4 MILE OR LESS
LOWEST: 10 ON 3, 1 3 = THUNDER
SNOW, ICE PELLETS, HAIL 4 = ICE PELLETS
TOTAL MONTH: M 5 = HAIL
GRTST 24HR M ON M 6 = FREEZING RAIN OR DRIZZLE
GRTST DEPTH: M ON M 7 = DUSTSTORM OR SANDSTORM:
VSBY 1/2 MILE OR LESS
8 = SMOKE OR HAZE
[NO. OF DAYS WITH] [WEATHER - DAYS WITH] 9 = BLOWING SNOW
X = TORNADO
MAX 32 OR BELOW: 3 0.01 INCH OR MORE: 7
MAX 90 OR ABOVE: 0 0.10 INCH OR MORE: 4
MIN 32 OR BELOW: 24 0.50 INCH OR MORE: 2
MIN 0 OR BELOW: 0 1.00 INCH OR MORE: 0
[HDD (BASE 65) ]
TOTAL THIS MO. 718 CLEAR (SCALE 0-3) 20
DPTR FM NORMAL -112 PTCLDY (SCALE 4-7) 6
TOTAL FM JUL 1 3496 CLOUDY (SCALE 8-10) 2
DPTR FM NORMAL -279
[CDD (BASE 65) ]
TOTAL THIS MO. 0
DPTR FM NORMAL 0 [PRESSURE DATA]
TOTAL FM JAN 1 0 HIGHEST SLP 30.64 ON 24
DPTR FM NORMAL 0 LOWEST SLP 29.04 ON 27
[REMARKS]
#FINAL-02-23#