000
CXUS53 KMKX 010911
CF6ENW
PRELIMINARY LOCAL CLIMATOLOGICAL DATA (WS FORM: F-6)
STATION: KENOSHA WI
MONTH: FEBRUARY
YEAR: 2022
LATITUDE: 42 35 N
LONGITUDE: 87 56 W
TEMPERATURE IN F: :PCPN: SNOW: WIND :SUNSHINE: SKY :PK WND
================================================================================
1 2 3 4 5 6A 6B 7 8 9 10 11 12 13 14 15 16 17 18
12Z AVG MX 2MIN
DY MAX MIN AVG DEP HDD CDD WTR SNW DPTH SPD SPD DIR MIN PSBL S-S WX SPD DR
================================================================================
1 44 31 38 14 27 0 0.00 M M 12.3 20 200 M M 5 8 26 200
2 31 16 24 0 41 0 T M M 12.4 18 350 M M 10 25 360
3 21 13 17 -7 48 0 T M M 13.8 21 10 M M 10 8 30 350
4 26 5 16 -8 49 0 T M M 8.5 17 310 M M 6 8 25 300
5 24 2 13 -11 52 0 0.00 M M 11.5 24 190 M M 1 35 200
6 38 21 30 6 35 0 0.00 M M 11.6 20 230 M M 4 27 240
7 31 17 24 -1 41 0 T M M 8.9 16 300 M M 6 18 24 330
8 44 20 32 7 33 0 0.00 M M 9.8 16 270 M M 4 8 24 270
9 44 31 38 13 27 0 T M M 13.8 23 260 M M 7 33 260
10 35 26 31 6 34 0 T M M 13.4 23 210 M M 8 1 33 210
11 45 24 35 9 30 0 0.07 M M 16.4 26 220 M M 9 168 40 200
12 24 11 18 -8 47 0 T M M 9.1 22 340 M M 6 8 30 350
13 18 10 14 -12 51 0 T M M 7.9 15 330 M M 5 8 20 330
14 27 11 19 -7 46 0 T M M 5.8 13 260 M M 6 8 17 250
15 36 16 26 -1 39 0 0.00 M M 10.2 24 150 M M 4 8 35 140
16 55 34 45 18 20 0 0.23 M M 17.4 26 210 M M 6 18 42 210
17 36 15 26 -1 39 0 0.03 M M 13.5 21 20 M M 9 18 34 30
18 32 6 19 -9 46 0 T M M 17.4 35 250 M M 3 18 52 250
19 21 6 14 -14 51 0 0.00 M M 14.6 31 300 M M 0 45 290
20 51 18 35 7 30 0 0.00 M M 16.7 31 240 M M 0 50 220
21 43 33 38 9 27 0 0.00 M M 13.7 21 60 M M 7 18 29 40
22 37 21 29 0 36 0 0.34 M M 13.0 23 60 M M 10 168 32 300
23 22 12 17 -12 48 0 T M M 10.4 18 310 M M 8 29 310
24 28 21 25 -5 40 0 T M M 13.1 20 70 M M 10 18 26 70
25 29 10 20 -10 45 0 M M M 6.9 14 340 M M 4 128 22 340
26 30 6 18 -12 47 0 0.00 M M 13.5 23 240 M M 0 33 240
27 39 25 32 1 33 0 0.00 M M 9.8 23 250 M M 0 33 250
28 50 23 37 6 28 0 0.00 M M 10.4 23 270 M M 3 8 32 270
================================================================================
SM 961 484 1090 0 0.67 M 335.8 M 151
================================================================================
AV 34.3 17.3 12.0 FASTST M M 5 MAX(MPH)
MISC ----> 35 250 52 250
================================================================================
NOTES:
# LAST OF SEVERAL OCCURRENCES
COLUMN 17 PEAK WIND IN M.P.H.
PRELIMINARY LOCAL CLIMATOLOGICAL DATA (WS FORM: F-6) , PAGE 2
STATION: KENOSHA WI
MONTH: FEBRUARY
YEAR: 2022
LATITUDE: 42 35 N
LONGITUDE: 87 56 W
[TEMPERATURE DATA] [PRECIPITATION DATA] SYMBOLS USED IN COLUMN 16
AVERAGE MONTHLY: 25.8 TOTAL FOR MONTH: 0.67 1 = FOG OR MIST
DPTR FM NORMAL: -1.0 DPTR FM NORMAL: -0.40 2 = FOG REDUCING VISIBILITY
HIGHEST: 55 ON 16 GRTST 24HR 0.34 ON 22-22 TO 1/4 MILE OR LESS
LOWEST: 2 ON 5 3 = THUNDER
SNOW, ICE PELLETS, HAIL 4 = ICE PELLETS
TOTAL MONTH: M 5 = HAIL
GRTST 24HR M ON M 6 = FREEZING RAIN OR DRIZZLE
GRTST DEPTH: M ON M 7 = DUSTSTORM OR SANDSTORM:
VSBY 1/2 MILE OR LESS
8 = SMOKE OR HAZE
[NO. OF DAYS WITH] [WEATHER - DAYS WITH] 9 = BLOWING SNOW
X = TORNADO
MAX 32 OR BELOW: 14 0.01 INCH OR MORE: 4
MAX 90 OR ABOVE: 0 0.10 INCH OR MORE: 2
MIN 32 OR BELOW: 26 0.50 INCH OR MORE: 0
MIN 0 OR BELOW: 0 1.00 INCH OR MORE: 0
[HDD (BASE 65) ]
TOTAL THIS MO. 1090 CLEAR (SCALE 0-3) 5
DPTR FM NORMAL 22 PTCLDY (SCALE 4-7) 16
TOTAL FM JUL 1 4460 CLOUDY (SCALE 8-10) 7
DPTR FM NORMAL -255
[CDD (BASE 65) ]
TOTAL THIS MO. 0
DPTR FM NORMAL 0 [PRESSURE DATA]
TOTAL FM JAN 1 0 HIGHEST SLP 30.57 ON 23
DPTR FM NORMAL 0 LOWEST SLP 29.42 ON 11
[REMARKS]
#FINAL-02-22#