000
CXUS56 KOTX 010910
CF6EPH
PRELIMINARY LOCAL CLIMATOLOGICAL DATA (WS FORM: F-6)
STATION: EPHRATA WA AIRPORT
MONTH: OCTOBER
YEAR: 2022
LATITUDE: 47 18 N
LONGITUDE: 119 31 W
TEMPERATURE IN F: :PCPN: SNOW: WIND :SUNSHINE: SKY :PK WND
================================================================================
1 2 3 4 5 6A 6B 7 8 9 10 11 12 13 14 15 16 17 18
12Z AVG MX 2MIN
DY MAX MIN AVG DEP HDD CDD WTR SNW DPTH SPD SPD DIR MIN PSBL S-S WX SPD DR
================================================================================
1 83 50 67 9 0 2 0.00 M M 4.9 14 40 M M 0 18 30
2 83 50 67 9 0 2 0.00 M M 6.5 14 220 M M 0 19 220
3 83 49 66 8 0 1 0.00 M M 5.4 10 220 M M 0 15 350
4 84 53 69 12 0 4 0.00 M M 5.0 12 20 M M 0 14 20
5 83 50 67 11 0 2 0.00 M M 5.8 12 310 M M 0 16 20
6 85 52 69 13 0 4 0.00 M M 5.9 10 320 M M 0 8 16 50
7 84 59 72 16 0 7 0.00 M M 5.6 13 320 M M 0 15 320
8 81 48 65 10 0 0 0.00 M M 5.0 12 320 M M 0 13 320
9 80 45 63 9 2 0 0.00 M M 4.6 10 210 M M 0 13 230
10 78 44 61 7 4 0 0.00 M M 10.8 28 310 M M 0 8 35 310
11 75 50 63 10 2 0 0.00 M M 7.3 21 310 M M 0 33 300
12 80 43 62 9 3 0 0.00 M M 5.8 10 240 M M 0 13 20
13 77 45 61 9 4 0 0.00 M M 5.3 13 330 M M 0 8 15 330
14 74 44 59 7 6 0 0.00 M M 5.1 13 310 M M 0 15 310
15 80 47 64 13 1 0 0.00 M M 8.3 16 20 M M 0 21 40
16 80 50 65 14 0 0 0.00 M M 7.5 13 320 M M 0 8 15 310
17 79 46 63 13 2 0 0.00 M M 6.1 10 60 M M 0 13 70
18 76 43 60 10 5 0 0.00 M M 5.3 9 70 M M 0 12 20
19 72 40 56 7 9 0 0.00 M M 4.6 9 10 M M 0 8 11 210
20 62 39 51 2 14 0 T M M 4.3 9 200 M M 1 18 12 360
21 59 41 50 2 15 0 0.07 M M 5.2 18 300 M M 4 18 22 310
22 59 40 50 2 15 0 0.02 M M 5.5 28 10 M M 5 1 33 10
23 58 34 46 -1 19 0 0.00 M M 8.3 17 340 M M 0 21 340
24 57 37 47 0 18 0 0.01 M M 8.7 23 280 M M 5 1 31 290
25 56 31 44 -2 21 0 0.03 M M 10.3 25 230 M M 4 33 230
26 59 33 46 0 19 0 T M M 8.2 24 320 M M 2 31 330
27 59 34 47 2 18 0 T M M 6.2 23 200 M M 1 28 190
28 60 38 49 4 16 0 0.00 M M 5.9 17 200 M M 1 20 210
29 58 29 44 0 21 0 0.00 M M 3.4 10 170 M M 0 1 17 180
30 62 41 52 8 13 0 0.00 M M 8.7 25 230 M M 3 30 230
31 59 45 52 8 13 0 T M M 9.5 21 210 M M 7 25 210
================================================================================
SM 2225 1350 240 22 0.13 M 199.0 M 33
================================================================================
AV 71.8 43.5 6.4 FASTST M M 1 MAX(MPH)
MISC ----> # 28 310 35 310
================================================================================
NOTES:
# LAST OF SEVERAL OCCURRENCES
COLUMN 17 PEAK WIND IN M.P.H.
PRELIMINARY LOCAL CLIMATOLOGICAL DATA (WS FORM: F-6) , PAGE 2
STATION: EPHRATA WA AIRPORT
MONTH: OCTOBER
YEAR: 2022
LATITUDE: 47 18 N
LONGITUDE: 119 31 W
[TEMPERATURE DATA] [PRECIPITATION DATA] SYMBOLS USED IN COLUMN 16
AVERAGE MONTHLY: 57.7 TOTAL FOR MONTH: 0.13 1 = FOG OR MIST
DPTR FM NORMAL: 6.8 DPTR FM NORMAL: -0.53 2 = FOG REDUCING VISIBILITY
HIGHEST: 85 ON 6 GRTST 24HR 0.09 ON 21-22 TO 1/4 MILE OR LESS
LOWEST: 29 ON 29 3 = THUNDER
SNOW, ICE PELLETS, HAIL 4 = ICE PELLETS
TOTAL MONTH: M 5 = HAIL
GRTST 24HR M ON M 6 = FREEZING RAIN OR DRIZZLE
GRTST DEPTH: M ON M 7 = DUSTSTORM OR SANDSTORM:
VSBY 1/2 MILE OR LESS
8 = SMOKE OR HAZE
[NO. OF DAYS WITH] [WEATHER - DAYS WITH] 9 = BLOWING SNOW
X = TORNADO
MAX 32 OR BELOW: 0 0.01 INCH OR MORE: 4
MAX 90 OR ABOVE: 0 0.10 INCH OR MORE: 0
MIN 32 OR BELOW: 2 0.50 INCH OR MORE: 0
MIN 0 OR BELOW: 0 1.00 INCH OR MORE: 0
[HDD (BASE 65) ]
TOTAL THIS MO. 240 CLEAR (SCALE 0-3) 25
DPTR FM NORMAL -201 PTCLDY (SCALE 4-7) 6
TOTAL FM JUL 1 264 CLOUDY (SCALE 8-10) 0
DPTR FM NORMAL -285
[CDD (BASE 65) ]
TOTAL THIS MO. 22
DPTR FM NORMAL 20 [PRESSURE DATA]
TOTAL FM JAN 1 1118 HIGHEST SLP M ON M
DPTR FM NORMAL 275 LOWEST SLP 29.53 ON 21
[REMARKS]
#FINAL-10-22#