000
CXUS56 KOTX 011010
CF6EPH
PRELIMINARY LOCAL CLIMATOLOGICAL DATA (WS FORM: F-6)
STATION: EPHRATA WA AIRPORT
MONTH: NOVEMBER
YEAR: 2020
LATITUDE: 47 18 N
LONGITUDE: 119 31 W
TEMPERATURE IN F: :PCPN: SNOW: WIND :SUNSHINE: SKY :PK WND
================================================================================
1 2 3 4 5 6A 6B 7 8 9 10 11 12 13 14 15 16 17 18
12Z AVG MX 2MIN
DY MAX MIN AVG DEP HDD CDD WTR SNW DPTH SPD SPD DIR MIN PSBL S-S WX SPD DR
================================================================================
1 60 31 46 3 19 0 0.00 M M 5.8 9 20 M M 0 8 13 20
2 57 30 44 1 21 0 0.00 M M 4.3 9 30 M M 0 8 12 20
3 50 26 38 -4 27 0 0.05 M M 4.1 10 10 M M 2 18 12 40
4 68 33 51 9 14 0 0.00 M M 5.2 17 190 M M 4 128 22 200
5 62 41 52 11 13 0 T M M 9.7 21 260 M M 6 28 250
6 53 40 47 6 18 0 0.00 M M 16.0 32 10 M M 8 8 38 10
7 49 31 40 -1 25 0 0.00 M M 16.6 28 350 M M 3 8 34 340
8 45 27 36 -4 29 0 0.00 M M 19.1 38 10 M M 8 8 46 10
9 41 13 27 -13 38 0 T M M 6.1 15 170 M M 4 1 17 160
10 44 24 34 -5 31 0 0.00 M M 5.6 12 310 M M 6 12 15 160
11 46 20 33 -6 32 0 0.00 M M 5.0 14 310 M M 2 15 350
12 40 20 30 -8 35 0 0.02 M M 4.3 10 20 M M 7 1 11 20
13 52 32 42 4 23 0 0.04 M M 14.9 30 270 M M 6 1 37 220
14 48 30 39 1 26 0 0.26 M M 6.8 18 170 M M 4 1 23 160
15 53 33 43 6 22 0 T M M 9.3 18 230 M M 3 12 26 230
16 43 35 39 2 26 0 0.19 M M 8.3 15 310 M M 8 1 18 300
17 49 39 44 8 21 0 0.00 M M 9.5 17 220 M M 0 24 210
18 48 32 40 4 25 0 0.02 M M 9.7 21 230 M M 3 24 210
19 52 28 40 4 25 0 0.00 M M 6.2 17 280 M M 1 21 270
20 45 25 35 0 30 0 0.00 M M 4.5 9 340 M M 0 12 10
21 45 24 35 0 30 0 0.00 M M 8.4 14 320 M M 0 1 16 320
22 40 30 35 1 30 0 0.06 M M 6.2 13 350 M M 3 1 14 350
23 37 32 35 1 30 0 0.06 M M 1.9 7 210 M M 10 12 8 210
24 36 34 35 1 30 0 T M M 3.9 12 150 M M 10 1 14 160
25 43 25 34 1 31 0 0.00 M M 5.0 13 200 M M 2 128 16 210
26 37 22 30 -3 35 0 0.00 M M 4.9 10 10 M M 4 12 13 20
27 35 26 31 -1 34 0 0.00 M M 4.9 9 10 M M 9 12 10 20
28 45 26 36 4 29 0 0.00 M M 4.1 13 30 M M 5 1 16 320
29 42 26 34 2 31 0 0.00 M M 7.9 12 10 M M 3 13 10
30 49 26 38 7 27 0 0.02 M M 7.9 21 280 M M 3 12 25 280
================================================================================
SM 1414 861 807 0 0.72 M 226.1 M 124
================================================================================
AV 47.1 28.7 7.5 FASTST M M 4 MAX(MPH)
MISC ----> 38 10 46 10
================================================================================
NOTES:
# LAST OF SEVERAL OCCURRENCES
COLUMN 17 PEAK WIND IN M.P.H.
PRELIMINARY LOCAL CLIMATOLOGICAL DATA (WS FORM: F-6) , PAGE 2
STATION: EPHRATA WA AIRPORT
MONTH: NOVEMBER
YEAR: 2020
LATITUDE: 47 18 N
LONGITUDE: 119 31 W
[TEMPERATURE DATA] [PRECIPITATION DATA] SYMBOLS USED IN COLUMN 16
AVERAGE MONTHLY: 37.9 TOTAL FOR MONTH: 0.72 1 = FOG OR MIST
DPTR FM NORMAL: 0.9 DPTR FM NORMAL: -0.34 2 = FOG REDUCING VISIBILITY
HIGHEST: 68 ON 4 GRTST 24HR 0.26 ON 14-14 TO 1/4 MILE OR LESS
LOWEST: 13 ON 9 3 = THUNDER
SNOW, ICE PELLETS, HAIL 4 = ICE PELLETS
TOTAL MONTH: M 5 = HAIL
GRTST 24HR M ON M 6 = FREEZING RAIN OR DRIZZLE
GRTST DEPTH: M ON M 7 = DUSTSTORM OR SANDSTORM:
VSBY 1/2 MILE OR LESS
8 = SMOKE OR HAZE
[NO. OF DAYS WITH] [WEATHER - DAYS WITH] 9 = BLOWING SNOW
X = TORNADO
MAX 32 OR BELOW: 0 0.01 INCH OR MORE: 9
MAX 90 OR ABOVE: 0 0.10 INCH OR MORE: 2
MIN 32 OR BELOW: 23 0.50 INCH OR MORE: 0
MIN 0 OR BELOW: 0 1.00 INCH OR MORE: 0
[HDD (BASE 65) ]
TOTAL THIS MO. 807 CLEAR (SCALE 0-3) 12
DPTR FM NORMAL -31 PTCLDY (SCALE 4-7) 15
TOTAL FM JUL 1 1290 CLOUDY (SCALE 8-10) 3
DPTR FM NORMAL -129
[CDD (BASE 65) ]
TOTAL THIS MO. 0
DPTR FM NORMAL 0 [PRESSURE DATA]
TOTAL FM JAN 1 846 HIGHEST SLP M ON M
DPTR FM NORMAL 74 LOWEST SLP 29.24 ON 13
[REMARKS]
#FINAL-11-20#