000
CXUS53 KDMX 081641
CF6EST
PRELIMINARY LOCAL CLIMATOLOGICAL DATA (WS FORM: F-6)
STATION: ESTHERVILLE IA
MONTH: APRIL
YEAR: 2023
LATITUDE: 43 24 N
LONGITUDE: 94 45 W
TEMPERATURE IN F: :PCPN: SNOW: WIND :SUNSHINE: SKY :PK WND
================================================================================
1 2 3 4 5 6A 6B 7 8 9 10 11 12 13 14 15 16 17 18
12Z AVG MX 2MIN
DY MAX MIN AVG DEP HDD CDD WTR SNW DPTH SPD SPD DIR MIN PSBL S-S WX SPD DR
================================================================================
1 42 26 34 -5 31 0 M M M 15.1 38 340 M M 3 1 51 350
2 58 33 46 6 19 0 0.00 0.0 M 16.6 30 290 M M 3 40 170
3 48 32 40 0 25 0 T M M 10.2 17 30 M M 7 8 23 20
4 44 32 38 -3 27 0 0.02 0.0 M 15.8 25 50 M M 10 12 37 50
5 36 26 31 -10 34 0 0.00 0.0 M 24.6 37 290 M M 8 1 47 280
6 50 22 36 -5 29 0 0.00 0.0 M 11.2 20 250 M M 2 27 280
7 63 27 45 3 20 0 0.00 0.0 M 9.3 20 30 M M 0 24 20
8 72 30 51 9 14 0 0.00 0.0 M 14.3 29 180 M M 0 37 200
9 74 44 59 16 6 0 T 0.0 M 13.9 23 190 M M 2 35 20
10 76 40 58 15 7 0 0.00 0.0 M 7.4 14 190 M M 1 19 270
11 83 48 66 23 0 1 0.00 0.0 M 15.9 26 200 M M 0 39 200
12 90 57 74 30 0 9 0.00 0.0 M 18.9 30 230 M M 0 39 210
13 89 52 71 27 0 6 0.00 0.0 M 22.2 41 180 M M 0 52 180
14 83 44 64 20 1 0 T 0.0 M 17.1 32 190 M M 3 3 45 220
15 44 33 39 -6 26 0 0.16 M M 20.5 32 330 M M 10 1 41 340
16 40 31 36 -9 29 0 0.02 M M 27.9 39 330 M M 8 18 54 330
17 55 31 43 -3 22 0 0.00 0.0 M 17.9 29 320 M M 0 38 310
18 64 26 45 -1 20 0 0.11 0.0 M 13.9 26 120 M M 0 13 36 120
19 57 41 49 3 16 0 0.59 0.0 M 20.4 40 130 M M 7 13 51 130
20 45 36 41 -6 24 0 0.15 0.0 M 16.2 31 280 M M 8 13 40 290
21 43 31 37 -10 28 0 T M M 18.4 29 270 M M 7 18 39 280
22 40 30 35 -13 30 0 T M M 20.3 32 330 M M 9 18 44 340
23 48 26 37 -11 28 0 0.00 0.0 M 10.4 22 330 M M 4 30 330
24 56 28 42 -6 23 0 0.00 0.0 M 7.1 20 30 M M 2 23 30
25 54 25 40 -9 25 0 0.00 0.0 M 10.0 18 60 M M 0 26 80
26 64 25 45 -4 20 0 0.00 0.0 M 9.8 21 190 M M 4 28 190
27 71 46 59 9 6 0 0.00 0.0 M 14.9 30 240 M M 4 41 200
28 55 36 46 -4 19 0 0.04 0.0 M 12.1 24 360 M M 8 1 32 360
29 56 31 44 -6 21 0 0.06 0.0 M 15.4 37 320 M M 5 47 320
30 56 37 47 -4 18 0 0.00 0.0 M 27.9 41 340 M M 6 58 340
================================================================================
SM 1756 1026 568 16 1.15 0.0 475.6 M 121
================================================================================
AV 58.5 34.2 15.9 FASTST M M 4 MAX(MPH)
MISC ----> # 41 180 58 340
================================================================================
NOTES:
# LAST OF SEVERAL OCCURRENCES
COLUMN 17 PEAK WIND IN M.P.H.
PRELIMINARY LOCAL CLIMATOLOGICAL DATA (WS FORM: F-6) , PAGE 2
STATION: ESTHERVILLE IA
MONTH: APRIL
YEAR: 2023
LATITUDE: 43 24 N
LONGITUDE: 94 45 W
[TEMPERATURE DATA] [PRECIPITATION DATA] SYMBOLS USED IN COLUMN 16
AVERAGE MONTHLY: 46.4 TOTAL FOR MONTH: 1.15 1 = FOG OR MIST
DPTR FM NORMAL: 1.3 DPTR FM NORMAL: -1.98 2 = FOG REDUCING VISIBILITY
HIGHEST: 90 ON 12 GRTST 24HR 0.59 ON 19-19 TO 1/4 MILE OR LESS
LOWEST: 22 ON 6 3 = THUNDER
SNOW, ICE PELLETS, HAIL 4 = ICE PELLETS
TOTAL MONTH: 0.0 INCH 5 = HAIL
GRTST 24HR 0.0 6 = FREEZING RAIN OR DRIZZLE
GRTST DEPTH: M ON M 7 = DUSTSTORM OR SANDSTORM:
VSBY 1/2 MILE OR LESS
8 = SMOKE OR HAZE
[NO. OF DAYS WITH] [WEATHER - DAYS WITH] 9 = BLOWING SNOW
X = TORNADO
MAX 32 OR BELOW: 0 0.01 INCH OR MORE: 8
MAX 90 OR ABOVE: 1 0.10 INCH OR MORE: 4
MIN 32 OR BELOW: 17 0.50 INCH OR MORE: 1
MIN 0 OR BELOW: 0 1.00 INCH OR MORE: 0
[HDD (BASE 65) ]
TOTAL THIS MO. 568 CLEAR (SCALE 0-3) 15
DPTR FM NORMAL -31 PTCLDY (SCALE 4-7) 12
TOTAL FM JUL 1 7435 CLOUDY (SCALE 8-10) 3
DPTR FM NORMAL -166
[CDD (BASE 65) ]
TOTAL THIS MO. 16
DPTR FM NORMAL 14 [PRESSURE DATA]
TOTAL FM JAN 1 16 HIGHEST SLP 30.43 ON 7
DPTR FM NORMAL 14 LOWEST SLP 29.40 ON 4
[REMARKS]
#FINAL-04-23#